95.24.125.58 - - [14/Aug/2026:13:33:14 +0300] "GET /wp-includes/js/jquery/jquery.masonry.min.js?ver=3.1.2b HTTP/1.1" 200 759 "https://pr11.ru/" "Mozilla/5.0 (iPhone; CPU iPhone OS 18_7 like Mac OS X) AppleWebKit/605.1.15 (KHTML, like Gecko) Version/26.5.2 Mobile/15E148 Safari/604.1"
95.24.125.58 - - [14/Aug/2026:13:33:14 +0300] "GET /wp-includes/js/underscore.min.js?ver=1.13.8 HTTP/1.1" 200 8154 "https://pr11.ru/" "Mozilla/5.0 (iPhone; CPU iPhone OS 18_7 like Mac OS X) AppleWebKit/605.1.15 (KHTML, like Gecko) Version/26.5.2 Mobile/15E148 Safari/604.1"
95.24.125.58 - - [14/Aug/2026:13:33:14 +0300] "GET /wp-content/plugins/revslider/public/assets/js/libs/three.min.js?ver=6.6.14 HTTP/1.1" 200 192092 "https://pr11.ru/" "Mozilla/5.0 (iPhone; CPU iPhone OS 18_7 like Mac OS X) AppleWebKit/605.1.15 (KHTML, like Gecko) Version/26.5.2 Mobile/15E148 Safari/604.1"
95.24.125.58 - - [14/Aug/2026:13:33:14 +0300] "GET /wp-content/themes/norebro/assets/js/libs/aos.js?ver=7.0.2 HTTP/1.1" 200 4611 "https://pr11.ru/" "Mozilla/5.0 (iPhone; CPU iPhone OS 18_7 like Mac OS X) AppleWebKit/605.1.15 (KHTML, like Gecko) Version/26.5.2 Mobile/15E148 Safari/604.1"
95.24.125.58 - - [14/Aug/2026:13:33:14 +0300] "GET /wp-content/plugins/js_composer/assets/lib/bower/isotope/dist/isotope.pkgd.min.js?ver=7.0 HTTP/1.1" 200 11991 "https://pr11.ru/" "Mozilla/5.0 (iPhone; CPU iPhone OS 18_7 like Mac OS X) AppleWebKit/605.1.15 (KHTML, like Gecko) Version/26.5.2 Mobile/15E148 Safari/604.1"
95.24.125.58 - - [14/Aug/2026:13:33:14 +0300] "GET /wp-content/themes/norebro/assets/js/libs/jquery.mega-menu.min.js?ver=7.0.2 HTTP/1.1" 200 4518 "https://pr11.ru/" "Mozilla/5.0 (iPhone; CPU iPhone OS 18_7 like Mac OS X) AppleWebKit/605.1.15 (KHTML, like Gecko) Version/26.5.2 Mobile/15E148 Safari/604.1"
95.24.125.58 - - [14/Aug/2026:13:33:14 +0300] "GET /wp-content/themes/norebro/assets/js/navigation.js?ver=1.0.0 HTTP/1.1" 200 1269 "https://pr11.ru/" "Mozilla/5.0 (iPhone; CPU iPhone OS 18_7 like Mac OS X) AppleWebKit/605.1.15 (KHTML, like Gecko) Version/26.5.2 Mobile/15E148 Safari/604.1"
95.24.125.58 - - [14/Aug/2026:13:33:14 +0300] "GET /wp-content/themes/norebro/assets/js/skip-link-focus-fix.js?ver=1.0.0 HTTP/1.1" 200 510 "https://pr11.ru/" "Mozilla/5.0 (iPhone; CPU iPhone OS 18_7 like Mac OS X) AppleWebKit/605.1.15 (KHTML, like Gecko) Version/26.5.2 Mobile/15E148 Safari/604.1"
95.24.125.58 - - [14/Aug/2026:13:33:14 +0300] "GET /wp-content/themes/norebro/assets/js/libs/owl.carousel.min.js?ver=7.0.2 HTTP/1.1" 200 13188 "https://pr11.ru/" "Mozilla/5.0 (iPhone; CPU iPhone OS 18_7 like Mac OS X) AppleWebKit/605.1.15 (KHTML, like Gecko) Version/26.5.2 Mobile/15E148 Safari/604.1"
95.24.125.58 - - [14/Aug/2026:13:33:14 +0300] "GET /wp-content/themes/norebro/assets/js/main.js?ver=7.0.2 HTTP/1.1" 200 25302 "https://pr11.ru/" "Mozilla/5.0 (iPhone; CPU iPhone OS 18_7 like Mac OS X) AppleWebKit/605.1.15 (KHTML, like Gecko) Version/26.5.2 Mobile/15E148 Safari/604.1"
95.24.125.58 - - [14/Aug/2026:13:33:14 +0300] "GET /wp-content/plugins/revslider/public/assets/assets/dummy.png HTTP/1.1" 200 68 "https://pr11.ru/" "Mozilla/5.0 (iPhone; CPU iPhone OS 18_7 like Mac OS X) AppleWebKit/605.1.15 (KHTML, like Gecko) Version/26.5.2 Mobile/15E148 Safari/604.1"
95.24.125.58 - - [14/Aug/2026:13:33:14 +0300] "GET /wp-content/uploads/2023/08/champagne-3.png HTTP/1.1" 200 2824 "https://pr11.ru/" "Mozilla/5.0 (iPhone; CPU iPhone OS 18_7 like Mac OS X) AppleWebKit/605.1.15 (KHTML, like Gecko) Version/26.5.2 Mobile/15E148 Safari/604.1"
95.24.125.58 - - [14/Aug/2026:13:33:15 +0300] "GET /wp-includes/js/wp-emoji-release.min.js?ver=7.0.2 HTTP/1.1" 200 6320 "https://pr11.ru/" "Mozilla/5.0 (iPhone; CPU iPhone OS 18_7 like Mac OS X) AppleWebKit/605.1.15 (KHTML, like Gecko) Version/26.5.2 Mobile/15E148 Safari/604.1"
95.24.125.58 - - [14/Aug/2026:13:33:15 +0300] "GET /wp-content/uploads/revslider/glavnaya-1/logo-22.35.49.png HTTP/1.1" 200 489662 "https://pr11.ru/" "Mozilla/5.0 (iPhone; CPU iPhone OS 18_7 like Mac OS X) AppleWebKit/605.1.15 (KHTML, like Gecko) Version/26.5.2 Mobile/15E148 Safari/604.1"
95.24.125.58 - - [14/Aug/2026:13:33:15 +0300] "GET /wp-content/uploads/2023/08/%D0%9A%D0%BE%D0%BF%D0%B8%D1%8F-IMG_1437-scaled.jpg HTTP/1.1" 200 459668 "https://pr11.ru/" "Mozilla/5.0 (iPhone; CPU iPhone OS 18_7 like Mac OS X) AppleWebKit/605.1.15 (KHTML, like Gecko) Version/26.5.2 Mobile/15E148 Safari/604.1"
95.24.125.58 - - [14/Aug/2026:13:33:15 +0300] "GET /wp-content/plugins/revslider/public/assets/assets/transparent.png HTTP/1.1" 200 122 "https://pr11.ru/" "Mozilla/5.0 (iPhone; CPU iPhone OS 18_7 like Mac OS X) AppleWebKit/605.1.15 (KHTML, like Gecko) Version/26.5.2 Mobile/15E148 Safari/604.1"
95.24.125.58 - - [14/Aug/2026:13:33:15 +0300] "GET /wp-content/uploads/revslider/slider-1/h1-slide-1-text-1.png HTTP/1.1" 200 24059 "https://pr11.ru/" "Mozilla/5.0 (iPhone; CPU iPhone OS 18_7 like Mac OS X) AppleWebKit/605.1.15 (KHTML, like Gecko) Version/26.5.2 Mobile/15E148 Safari/604.1"
95.24.125.58 - - [14/Aug/2026:13:33:21 +0300] "GET /gruzinskaya-76/coming-soon/ HTTP/1.1" 200 23579 "https://pr11.ru/" "Mozilla/5.0 (iPhone; CPU iPhone OS 18_7 like Mac OS X) AppleWebKit/605.1.15 (KHTML, like Gecko) Version/26.5.2 Mobile/15E148 Safari/604.1"
95.24.125.58 - - [14/Aug/2026:13:33:21 +0300] "GET /wp-content/uploads/useanyfont/8496pr11.woff2 HTTP/1.1" 200 142328 "https://pr11.ru/" "Mozilla/5.0 (iPhone; CPU iPhone OS 18_7 like Mac OS X) AppleWebKit/605.1.15 (KHTML, like Gecko) Version/26.5.2 Mobile/15E148 Safari/604.1"
95.24.125.58 - - [14/Aug/2026:13:33:21 +0300] "GET /wp-content/themes/norebro/assets/fonts/ionicons/ionicons.ttf?v=2.0.0 HTTP/1.1" 200 188508 "https://pr11.ru/" "Mozilla/5.0 (iPhone; CPU iPhone OS 18_7 like Mac OS X) AppleWebKit/605.1.15 (KHTML, like Gecko) Version/26.5.2 Mobile/15E148 Safari/604.1"
95.24.125.58 - - [14/Aug/2026:13:33:21 +0300] "GET /wp-content/uploads/2023/08/kopiya-img_2024-scaled.jpg HTTP/1.1" 200 311290 "https://pr11.ru/gruzinskaya-76/coming-soon/" "Mozilla/5.0 (iPhone; CPU iPhone OS 18_7 like Mac OS X) AppleWebKit/605.1.15 (KHTML, like Gecko) Version/26.5.2 Mobile/15E148 Safari/604.1"
95.24.125.58 - - [14/Aug/2026:13:33:21 +0300] "GET /wp-content/plugins/revslider-transitionpack-addon/public/assets/textures/displacement/zigzag.jpg HTTP/1.1" 200 65293 "https://pr11.ru/gruzinskaya-76/coming-soon/" "Mozilla/5.0 (iPhone; CPU iPhone OS 18_7 like Mac OS X) AppleWebKit/605.1.15 (KHTML, like Gecko) Version/26.5.2 Mobile/15E148 Safari/604.1"
95.24.125.58 - - [14/Aug/2026:13:33:21 +0300] "GET /wp-content/uploads/2023/08/kopiya-img_1440-scaled.jpg HTTP/1.1" 200 527921 "https://pr11.ru/gruzinskaya-76/coming-soon/" "Mozilla/5.0 (iPhone; CPU iPhone OS 18_7 like Mac OS X) AppleWebKit/605.1.15 (KHTML, like Gecko) Version/26.5.2 Mobile/15E148 Safari/604.1"
95.24.125.58 - - [14/Aug/2026:13:33:21 +0300] "GET /wp-content/uploads/2023/08/kopiya-img_1513-scaled.jpg HTTP/1.1" 200 533916 "https://pr11.ru/gruzinskaya-76/coming-soon/" "Mozilla/5.0 (iPhone; CPU iPhone OS 18_7 like Mac OS X) AppleWebKit/605.1.15 (KHTML, like Gecko) Version/26.5.2 Mobile/15E148 Safari/604.1"
185.12.124.78 - - [14/Aug/2026:13:33:35 +0300] "GET / HTTP/1.1" 301 169 "PR11.RU" "Mozilla/5.0 (compatible; BackupLand/1.0; https://go.backupland.com/; Domain check for viruses;)"
185.12.124.78 - - [14/Aug/2026:13:33:36 +0300] "GET / HTTP/1.1" 200 20319 "PR11.RU" "Mozilla/5.0 (compatible; BackupLand/1.0; https://go.backupland.com/; Domain check for viruses;)"
66.249.69.160 - - [14/Aug/2026:13:34:06 +0300] "GET /saiga.php?w=8215612549 HTTP/1.1" 404 47 "-" "Mozilla/5.0 (Linux; Android 6.0.1; Nexus 5X Build/MMB29P) AppleWebKit/537.36 (KHTML, like Gecko) Chrome/150.0.7871.186 Mobile Safari/537.36 (compatible; Googlebot/2.1; +http://www.google.com/bot.html)"
66.249.72.2 - - [14/Aug/2026:13:34:06 +0300] "GET /club/proceeds/fhvyswjb81n91l4.phtml HTTP/1.1" 301 5 "-" "Mozilla/5.0 (Linux; Android 6.0.1; Nexus 5X Build/MMB29P) AppleWebKit/537.36 (KHTML, like Gecko) Chrome/150.0.7871.186 Mobile Safari/537.36 (compatible; Googlebot/2.1; +http://www.google.com/bot.html)"
66.249.72.2 - - [14/Aug/2026:13:34:07 +0300] "GET /table/derivative/fytz2ihbi7977vq.phtml HTTP/1.1" 301 5 "-" "Mozilla/5.0 (Linux; Android 6.0.1; Nexus 5X Build/MMB29P) AppleWebKit/537.36 (KHTML, like Gecko) Chrome/150.0.7871.186 Mobile Safari/537.36 (compatible; Googlebot/2.1; +http://www.google.com/bot.html)"
66.249.69.173 - - [14/Aug/2026:13:34:08 +0300] "GET /club/proceeds/fhvyswjb81n91l4.phtml HTTP/1.1" 404 12444 "-" "Mozilla/5.0 (Linux; Android 6.0.1; Nexus 5X Build/MMB29P) AppleWebKit/537.36 (KHTML, like Gecko) Chrome/150.0.7871.186 Mobile Safari/537.36 (compatible; Googlebot/2.1; +http://www.google.com/bot.html)"
66.249.69.174 - - [14/Aug/2026:13:34:09 +0300] "GET /table/derivative/fytz2ihbi7977vq.phtml HTTP/1.1" 404 12444 "-" "Mozilla/5.0 (Linux; Android 6.0.1; Nexus 5X Build/MMB29P) AppleWebKit/537.36 (KHTML, like Gecko) Chrome/150.0.7871.186 Mobile Safari/537.36 (compatible; Googlebot/2.1; +http://www.google.com/bot.html)"
66.249.72.2 - - [14/Aug/2026:13:34:10 +0300] "GET /schema/thing/fhbqk0zb09rp5d8.phtml HTTP/1.1" 301 5 "-" "Mozilla/5.0 (Linux; Android 6.0.1; Nexus 5X Build/MMB29P) AppleWebKit/537.36 (KHTML, like Gecko) Chrome/150.0.7871.186 Mobile Safari/537.36 (compatible; Googlebot/2.1; +http://www.google.com/bot.html)"
66.249.69.174 - - [14/Aug/2026:13:34:11 +0300] "GET /schema/thing/fhbqk0zb09rp5d8.phtml HTTP/1.1" 404 12444 "-" "Mozilla/5.0 (Linux; Android 6.0.1; Nexus 5X Build/MMB29P) AppleWebKit/537.36 (KHTML, like Gecko) Chrome/150.0.7871.186 Mobile Safari/537.36 (compatible; Googlebot/2.1; +http://www.google.com/bot.html)"
66.249.72.1 - - [14/Aug/2026:13:36:25 +0300] "GET /herd/example/fbrjc4fbs6v5u5c.phtml HTTP/1.1" 301 5 "-" "Mozilla/5.0 (Linux; Android 6.0.1; Nexus 5X Build/MMB29P) AppleWebKit/537.36 (KHTML, like Gecko) Chrome/150.0.7871.186 Mobile Safari/537.36 (compatible; Googlebot/2.1; +http://www.google.com/bot.html)"
66.249.69.174 - - [14/Aug/2026:13:36:26 +0300] "GET /herd/example/fbrjc4fbs6v5u5c.phtml HTTP/1.1" 404 12444 "-" "Mozilla/5.0 (Linux; Android 6.0.1; Nexus 5X Build/MMB29P) AppleWebKit/537.36 (KHTML, like Gecko) Chrome/150.0.7871.186 Mobile Safari/537.36 (compatible; Googlebot/2.1; +http://www.google.com/bot.html)"
213.180.203.247 - - [14/Aug/2026:13:37:37 +0300] "GET /?yclid=7710547526903176844 HTTP/1.1" 200 20298 "-" "Mozilla/5.0 (compatible; YandexMetrika/2.0; +http://yandex.com/bots yabs01)"
91.79.16.212 - - [14/Aug/2026:13:38:14 +0300] "GET /gruzinskaya-76/coming-soon/?yclid=4710443373563740159 HTTP/1.1" 200 23582 "-" "ru.yandex.mobile.navigator/27.5.1/278814(iPhone 14 Pro iOS; iOS 26.6; ru)"
94.154.35.236 - - [14/Aug/2026:13:39:54 +0300] "HEAD /bitrix.zip HTTP/1.1" 301 0 "-" "Mozilla/5.0 (Windows NT 10.0; Win64; x64) AppleWebKit/537.36 (KHTML, like Gecko) Chrome/101.0.4951.67 Safari/537.36"
94.154.35.236 - - [14/Aug/2026:13:39:55 +0300] "HEAD /bitrix.zip HTTP/1.1" 404 0 "-" "Mozilla/5.0 (Windows NT 10.0; Win64; x64) AppleWebKit/537.36 (KHTML, like Gecko) Chrome/101.0.4951.67 Safari/537.36"
95.108.213.80 - - [14/Aug/2026:13:40:32 +0300] "GET /?yclid=7710547526903176844 HTTP/1.1" 200 20295 "-" "Mozilla/5.0 (compatible; YandexMetrika/2.0; +http://yandex.com/bots yabs01)"
66.249.69.173 - - [14/Aug/2026:13:40:35 +0300] "GET /saiga.php?m=9012832493 HTTP/1.1" 404 47 "-" "Mozilla/5.0 (Linux; Android 6.0.1; Nexus 5X Build/MMB29P) AppleWebKit/537.36 (KHTML, like Gecko) Chrome/151.0.7922.137 Mobile Safari/537.36 (compatible; Googlebot/2.1; +http://www.google.com/bot.html)"
66.249.69.173 - - [14/Aug/2026:13:40:35 +0300] "GET /saiga.php?t=83349112004 HTTP/1.1" 404 47 "-" "Mozilla/5.0 (Linux; Android 6.0.1; Nexus 5X Build/MMB29P) AppleWebKit/537.36 (KHTML, like Gecko) Chrome/151.0.7922.137 Mobile Safari/537.36 (compatible; Googlebot/2.1; +http://www.google.com/bot.html)"
54.38.147.58 - - [14/Aug/2026:13:41:55 +0300] "GET /?sitemap83.xml HTTP/1.1" 301 5 "-" "Mozilla/5.0 (compatible; AhrefsBot/7.0; +http://ahrefs.com/robot/)"
54.38.147.58 - - [14/Aug/2026:13:41:56 +0300] "GET /?sitemap83_xml HTTP/1.1" 200 20298 "-" "Mozilla/5.0 (compatible; AhrefsBot/7.0; +http://ahrefs.com/robot/)"
159.253.20.91 - - [14/Aug/2026:13:42:28 +0300] "GET / HTTP/1.1" 200 20303 "-" "Mozilla/5.0 (X11; Linux x86_64) AppleWebKit/537.36 (KHTML, like Gecko) Chrome/44.0.2403.157 Safari/537.36"
95.108.213.90 - - [14/Aug/2026:13:44:49 +0300] "GET /?yclid=7710547526903176844 HTTP/1.1" 200 20295 "-" "Mozilla/5.0 (compatible; YandexMetrika/2.0; +http://yandex.com/bots yabs01)"
66.249.69.174 - - [14/Aug/2026:13:45:47 +0300] "GET /saiga.php?sitemap925.xml HTTP/1.1" 404 47 "-" "Mozilla/5.0 (compatible; Googlebot/2.1; +http://www.google.com/bot.html)"
87.250.224.108 - - [14/Aug/2026:13:47:25 +0300] "GET /robots.txt HTTP/1.1" 301 169 "-" "Mozilla/5.0 (compatible; YandexBot/3.0; +http://yandex.com/bots)"
87.250.224.108 - - [14/Aug/2026:13:47:25 +0300] "GET /robots.txt HTTP/1.1" 200 108 "-" "Mozilla/5.0 (compatible; YandexBot/3.0; +http://yandex.com/bots)"
5.255.231.118 - - [14/Aug/2026:13:47:25 +0300] "GET / HTTP/1.1" 301 169 "-" "Mozilla/5.0 (compatible; YandexMetrika/3.0; +http://yandex.com/bots)"
2a03:f480:2:7::5c - - [14/Aug/2026:13:47:28 +0300] "POST /wp-cron.php?doing_wp_cron=1786704448.5498700141906738281250 HTTP/1.1" 200 31 "-" "WordPress/7.0.2; https://pr11.ru"
95.108.213.198 - - [14/Aug/2026:13:47:28 +0300] "GET / HTTP/1.1" 200 20295 "-" "Mozilla/5.0 (compatible; YandexMetrika/3.0; +http://yandex.com/bots)"
95.108.213.252 - - [14/Aug/2026:13:48:24 +0300] "GET /?yclid=7710547526903176844 HTTP/1.1" 200 20295 "-" "Mozilla/5.0 (compatible; YandexMetrika/2.0; +http://yandex.com/bots yabs01)"
107.150.37.82 - - [14/Aug/2026:13:49:45 +0300] "GET /wp-content/js8149d7/index.php HTTP/1.1" 404 47 "https://pr11.ru/wp-content/js8149d7/index.php" "Mozilla/5.0 (Windows NT 10.0; Win64; x64) AppleWebKit/537.36 (KHTML, like Gecko) Chrome/58.0.3029.110 Safari/537.3"
107.150.61.58 - - [14/Aug/2026:13:50:31 +0300] "GET /wp-content/js8149d7/index.php HTTP/1.1" 404 47 "https://pr11.ru/wp-content/js8149d7/index.php" "Mozilla/5.0 (Windows NT 10.0; Win64; x64) AppleWebKit/537.36 (KHTML, like Gecko) Chrome/58.0.3029.110 Safari/537.3"
5.255.231.118 - - [14/Aug/2026:13:53:06 +0300] "GET /?yclid=7710547526903176844 HTTP/1.1" 200 20298 "-" "Mozilla/5.0 (compatible; YandexMetrika/2.0; +http://yandex.com/bots yabs01)"
66.249.72.1 - - [14/Aug/2026:13:55:34 +0300] "GET /module/example/fkfl0s3bgmjtot0.phtml HTTP/1.1" 301 5 "-" "Mozilla/5.0 (Linux; Android 6.0.1; Nexus 5X Build/MMB29P) AppleWebKit/537.36 (KHTML, like Gecko) Chrome/150.0.7871.186 Mobile Safari/537.36 (compatible; Googlebot/2.1; +http://www.google.com/bot.html)"
66.249.69.174 - - [14/Aug/2026:13:55:34 +0300] "GET /module/example/fkfl0s3bgmjtot0.phtml HTTP/1.1" 404 12444 "-" "Mozilla/5.0 (Linux; Android 6.0.1; Nexus 5X Build/MMB29P) AppleWebKit/537.36 (KHTML, like Gecko) Chrome/150.0.7871.186 Mobile Safari/537.36 (compatible; Googlebot/2.1; +http://www.google.com/bot.html)"
159.253.20.91 - - [14/Aug/2026:13:56:29 +0300] "GET / HTTP/1.1" 200 20303 "-" "Mozilla/5.0 (X11; Linux x86_64) AppleWebKit/537.36 (KHTML, like Gecko) Chrome/44.0.2403.157 Safari/537.36"
213.180.203.247 - - [14/Aug/2026:13:56:59 +0300] "GET /?yclid=7710547526903176844 HTTP/1.1" 200 20298 "-" "Mozilla/5.0 (compatible; YandexMetrika/2.0; +http://yandex.com/bots yabs01)"
95.108.213.239 - - [14/Aug/2026:14:00:13 +0300] "GET /?yclid=7710547526903176844 HTTP/1.1" 200 20295 "-" "Mozilla/5.0 (compatible; YandexMetrika/2.0; +http://yandex.com/bots yabs01)"
66.249.69.160 - - [14/Aug/2026:14:00:17 +0300] "GET /saiga.php?t=97207139360 HTTP/1.1" 404 47 "-" "Mozilla/5.0 (Linux; Android 6.0.1; Nexus 5X Build/MMB29P) AppleWebKit/537.36 (KHTML, like Gecko) Chrome/150.0.7871.186 Mobile Safari/537.36 (compatible; Googlebot/2.1; +http://www.google.com/bot.html)"
20.113.225.113 - - [14/Aug/2026:14:00:24 +0300] "GET /gruzinskaya-76/coming-soon/ HTTP/1.1" 200 23583 "-" "Mozilla/5.0 AppleWebKit/537.36 (KHTML, like Gecko); compatible; ChatGPT-User/1.0; +https://openai.com/bot"
159.253.20.91 - - [14/Aug/2026:14:00:29 +0300] "GET / HTTP/1.1" 200 20303 "-" "Mozilla/5.0 (X11; Linux x86_64) AppleWebKit/537.36 (KHTML, like Gecko) Chrome/44.0.2403.157 Safari/537.36"
20.113.225.123 - - [14/Aug/2026:14:00:33 +0300] "GET /gruzinskaya-76/menyu/ HTTP/1.1" 404 12399 "-" "Mozilla/5.0 AppleWebKit/537.36 (KHTML, like Gecko); compatible; ChatGPT-User/1.0; +https://openai.com/bot"
20.113.225.113 - - [14/Aug/2026:14:00:41 +0300] "GET / HTTP/1.1" 200 20299 "-" "Mozilla/5.0 AppleWebKit/537.36 (KHTML, like Gecko); compatible; ChatGPT-User/1.0; +https://openai.com/bot"
95.108.213.90 - - [14/Aug/2026:14:04:27 +0300] "GET /?yclid=7710547526903176844 HTTP/1.1" 200 20295 "-" "Mozilla/5.0 (compatible; YandexMetrika/2.0; +http://yandex.com/bots yabs01)"
94.154.35.236 - - [14/Aug/2026:14:04:32 +0300] "HEAD /modx.zip HTTP/1.1" 301 0 "-" "Mozilla/5.0 (Windows NT 10.0; Win64; x64) AppleWebKit/537.36 (KHTML, like Gecko) Chrome/101.0.4951.67 Safari/537.36"
94.154.35.236 - - [14/Aug/2026:14:04:32 +0300] "HEAD /modx.zip HTTP/1.1" 404 0 "-" "Mozilla/5.0 (Windows NT 10.0; Win64; x64) AppleWebKit/537.36 (KHTML, like Gecko) Chrome/101.0.4951.67 Safari/537.36"
2a00:1370:817e:1e20:c447:1923:fb5c:6f7d - - [14/Aug/2026:14:06:00 +0300] "GET /gruzinskaya-76/coming-soon/?yclid=4661616927537627135 HTTP/1.1" 200 23583 "-" "ru.yandex.yandexmaps/30.3.0/73956464(Xiaomi 2502FRA65G; Android 16; ru_RU) 4.12.0"
2a00:1370:817e:1e20:c447:1923:fb5c:6f7d - - [14/Aug/2026:14:06:00 +0300] "GET /gruzinskaya-76/coming-soon/?yclid=4661616927537627135 HTTP/1.1" 200 23583 "-" "ru.yandex.yandexmaps/30.3.0/73956464(Xiaomi 2502FRA65G; Android 16; ru_RU) 4.12.0"
178.178.196.36 - - [14/Aug/2026:14:07:49 +0300] "GET /gruzinskaya-76/coming-soon/?yclid=15275924288925597695 HTTP/1.1" 200 23581 "https://mail.ru/" "Mozilla/5.0 (iPhone; CPU iPhone OS 26_6_0 like Mac OS X) AppleWebKit/605.1.15 (KHTML, like Gecko) Version/26.0 YaBrowser/26.6.7.382.10 SA/3 Mobile/15E148 Safari/604.1"
178.178.196.36 - - [14/Aug/2026:14:07:49 +0300] "GET /wp-content/uploads/useanyfont/uaf.css?ver=1697518490 HTTP/1.1" 200 201 "https://pr11.ru/gruzinskaya-76/coming-soon/?yclid=15275924288925597695" "Mozilla/5.0 (iPhone; CPU iPhone OS 26_6_0 like Mac OS X) AppleWebKit/605.1.15 (KHTML, like Gecko) Version/26.0 YaBrowser/26.6.7.382.10 SA/3 Mobile/15E148 Safari/604.1"
178.178.196.36 - - [14/Aug/2026:14:07:49 +0300] "GET /wp-includes/js/jquery/jquery-migrate.min.js?ver=3.4.1 HTTP/1.1" 200 5355 "https://pr11.ru/gruzinskaya-76/coming-soon/?yclid=15275924288925597695" "Mozilla/5.0 (iPhone; CPU iPhone OS 26_6_0 like Mac OS X) AppleWebKit/605.1.15 (KHTML, like Gecko) Version/26.0 YaBrowser/26.6.7.382.10 SA/3 Mobile/15E148 Safari/604.1"
178.178.196.36 - - [14/Aug/2026:14:07:49 +0300] "GET /wp-content/plugins/wp-yandex-metrika/assets/frontend.min.js?ver=1.2.4 HTTP/1.1" 200 240 "https://pr11.ru/gruzinskaya-76/coming-soon/?yclid=15275924288925597695" "Mozilla/5.0 (iPhone; CPU iPhone OS 26_6_0 like Mac OS X) AppleWebKit/605.1.15 (KHTML, like Gecko) Version/26.0 YaBrowser/26.6.7.382.10 SA/3 Mobile/15E148 Safari/604.1"
178.178.196.36 - - [14/Aug/2026:14:07:49 +0300] "GET /favicon.ico HTTP/1.1" 302 5 "-" "Mozilla/5.0 (iPhone; CPU iPhone OS 26_6_0 like Mac OS X) AppleWebKit/605.1.15 (KHTML, like Gecko) Version/26.0 CriOS/148.0.7778.382 YaBrowser/26.6.7.382.10 SA/3 Mobile/15E148 Safari/604.1"
178.178.196.36 - - [14/Aug/2026:14:07:49 +0300] "GET /wp-content/themes/norebro/assets/css/grid.min.css?ver=7.0.2 HTTP/1.1" 200 2133 "https://pr11.ru/gruzinskaya-76/coming-soon/?yclid=15275924288925597695" "Mozilla/5.0 (iPhone; CPU iPhone OS 26_6_0 like Mac OS X) AppleWebKit/605.1.15 (KHTML, like Gecko) Version/26.0 YaBrowser/26.6.7.382.10 SA/3 Mobile/15E148 Safari/604.1"
178.178.196.36 - - [14/Aug/2026:14:07:49 +0300] "GET /wp-includes/js/jquery/jquery.min.js?ver=3.7.1 HTTP/1.1" 200 35451 "https://pr11.ru/gruzinskaya-76/coming-soon/?yclid=15275924288925597695" "Mozilla/5.0 (iPhone; CPU iPhone OS 26_6_0 like Mac OS X) AppleWebKit/605.1.15 (KHTML, like Gecko) Version/26.0 YaBrowser/26.6.7.382.10 SA/3 Mobile/15E148 Safari/604.1"
178.178.196.36 - - [14/Aug/2026:14:07:49 +0300] "GET /wp-content/plugins/wp-yandex-metrika/assets/YmEc.min.js?ver=1.2.4 HTTP/1.1" 200 1311 "https://pr11.ru/gruzinskaya-76/coming-soon/?yclid=15275924288925597695" "Mozilla/5.0 (iPhone; CPU iPhone OS 26_6_0 like Mac OS X) AppleWebKit/605.1.15 (KHTML, like Gecko) Version/26.0 YaBrowser/26.6.7.382.10 SA/3 Mobile/15E148 Safari/604.1"
178.178.196.36 - - [14/Aug/2026:14:07:49 +0300] "GET /wp-content/plugins/revslider-transitionpack-addon/public/assets/css/revolution.addon.transitionpack.css?ver=1.0.6 HTTP/1.1" 200 205 "https://pr11.ru/gruzinskaya-76/coming-soon/?yclid=15275924288925597695" "Mozilla/5.0 (iPhone; CPU iPhone OS 26_6_0 like Mac OS X) AppleWebKit/605.1.15 (KHTML, like Gecko) Version/26.0 YaBrowser/26.6.7.382.10 SA/3 Mobile/15E148 Safari/604.1"
178.178.196.36 - - [14/Aug/2026:14:07:49 +0300] "GET /wp-content/themes/norebro/assets/css/aos.css?ver=7.0.2 HTTP/1.1" 200 2934 "https://pr11.ru/gruzinskaya-76/coming-soon/?yclid=15275924288925597695" "Mozilla/5.0 (iPhone; CPU iPhone OS 26_6_0 like Mac OS X) AppleWebKit/605.1.15 (KHTML, like Gecko) Version/26.0 YaBrowser/26.6.7.382.10 SA/3 Mobile/15E148 Safari/604.1"
178.178.196.36 - - [14/Aug/2026:14:07:49 +0300] "GET /wp-content/uploads/revslider/glavnaya-1/cropped-logo-22.35.49-32x32.png HTTP/1.1" 200 2092 "-" "Mozilla/5.0 (iPhone; CPU iPhone OS 26_6_0 like Mac OS X) AppleWebKit/605.1.15 (KHTML, like Gecko) Version/26.0 CriOS/148.0.7778.382 YaBrowser/26.6.7.382.10 SA/3 Mobile/15E148 Safari/604.1"
178.178.196.36 - - [14/Aug/2026:14:07:49 +0300] "GET /wp-content/themes/norebro/assets/css/ionicons.min.css?ver=7.0.2 HTTP/1.1" 200 10164 "https://pr11.ru/gruzinskaya-76/coming-soon/?yclid=15275924288925597695" "Mozilla/5.0 (iPhone; CPU iPhone OS 26_6_0 like Mac OS X) AppleWebKit/605.1.15 (KHTML, like Gecko) Version/26.0 YaBrowser/26.6.7.382.10 SA/3 Mobile/15E148 Safari/604.1"
178.178.196.36 - - [14/Aug/2026:14:07:49 +0300] "GET /wp-content/themes/norebro/assets/fonts/fa/css/fontawesome.min.css?ver=7.0.2 HTTP/1.1" 200 14512 "https://pr11.ru/gruzinskaya-76/coming-soon/?yclid=15275924288925597695" "Mozilla/5.0 (iPhone; CPU iPhone OS 26_6_0 like Mac OS X) AppleWebKit/605.1.15 (KHTML, like Gecko) Version/26.0 YaBrowser/26.6.7.382.10 SA/3 Mobile/15E148 Safari/604.1"
178.178.196.36 - - [14/Aug/2026:14:07:49 +0300] "GET /wp-content/plugins/revslider/public/assets/css/rs6.css?ver=6.6.14 HTTP/1.1" 200 15360 "https://pr11.ru/gruzinskaya-76/coming-soon/?yclid=15275924288925597695" "Mozilla/5.0 (iPhone; CPU iPhone OS 26_6_0 like Mac OS X) AppleWebKit/605.1.15 (KHTML, like Gecko) Version/26.0 YaBrowser/26.6.7.382.10 SA/3 Mobile/15E148 Safari/604.1"
178.178.196.36 - - [14/Aug/2026:14:07:49 +0300] "GET /wp-content/plugins/revslider/public/assets/fonts/font-awesome/fonts/fontawesome-webfont.woff2?v=4.7.0 HTTP/1.1" 200 77160 "https://pr11.ru/gruzinskaya-76/coming-soon/?yclid=15275924288925597695" "Mozilla/5.0 (iPhone; CPU iPhone OS 26_6_0 like Mac OS X) AppleWebKit/605.1.15 (KHTML, like Gecko) Version/26.0 YaBrowser/26.6.7.382.10 SA/3 Mobile/15E148 Safari/604.1"
178.178.196.36 - - [14/Aug/2026:14:07:49 +0300] "GET /wp-content/themes/norebro/style.css?ver=1.2.0 HTTP/1.1" 200 105676 "https://pr11.ru/gruzinskaya-76/coming-soon/?yclid=15275924288925597695" "Mozilla/5.0 (iPhone; CPU iPhone OS 26_6_0 like Mac OS X) AppleWebKit/605.1.15 (KHTML, like Gecko) Version/26.0 YaBrowser/26.6.7.382.10 SA/3 Mobile/15E148 Safari/604.1"
178.178.196.36 - - [14/Aug/2026:14:07:49 +0300] "GET /wp-content/plugins/revslider/public/assets/fonts/font-awesome/css/font-awesome.css HTTP/1.1" 200 8273 "https://pr11.ru/gruzinskaya-76/coming-soon/?yclid=15275924288925597695" "Mozilla/5.0 (iPhone; CPU iPhone OS 26_6_0 like Mac OS X) AppleWebKit/605.1.15 (KHTML, like Gecko) Version/26.0 YaBrowser/26.6.7.382.10 SA/3 Mobile/15E148 Safari/604.1"
178.178.196.36 - - [14/Aug/2026:14:07:49 +0300] "GET /wp-content/plugins/js_composer/assets/css/js_composer.min.css?ver=7.0 HTTP/1.1" 200 57480 "https://pr11.ru/gruzinskaya-76/coming-soon/?yclid=15275924288925597695" "Mozilla/5.0 (iPhone; CPU iPhone OS 26_6_0 like Mac OS X) AppleWebKit/605.1.15 (KHTML, like Gecko) Version/26.0 YaBrowser/26.6.7.382.10 SA/3 Mobile/15E148 Safari/604.1"
178.178.196.36 - - [14/Aug/2026:14:07:50 +0300] "GET /wp-content/plugins/revslider/public/assets/js/rbtools.min.js?ver=6.6.14 HTTP/1.1" 200 70599 "https://pr11.ru/gruzinskaya-76/coming-soon/?yclid=15275924288925597695" "Mozilla/5.0 (iPhone; CPU iPhone OS 26_6_0 like Mac OS X) AppleWebKit/605.1.15 (KHTML, like Gecko) Version/26.0 YaBrowser/26.6.7.382.10 SA/3 Mobile/15E148 Safari/604.1"
178.178.196.36 - - [14/Aug/2026:14:07:50 +0300] "GET /wp-content/themes/norebro/assets/js/woocommerce-hack.js?ver=7.0.2 HTTP/1.1" 200 2891 "https://pr11.ru/gruzinskaya-76/coming-soon/?yclid=15275924288925597695" "Mozilla/5.0 (iPhone; CPU iPhone OS 26_6_0 like Mac OS X) AppleWebKit/605.1.15 (KHTML, like Gecko) Version/26.0 YaBrowser/26.6.7.382.10 SA/3 Mobile/15E148 Safari/604.1"
178.178.196.36 - - [14/Aug/2026:14:07:50 +0300] "GET /wp-content/plugins/revslider-transitionpack-addon/public/assets/js/revolution.addon.transitionpack.min.js?ver=1.0.6 HTTP/1.1" 200 10714 "https://pr11.ru/gruzinskaya-76/coming-soon/?yclid=15275924288925597695" "Mozilla/5.0 (iPhone; CPU iPhone OS 26_6_0 like Mac OS X) AppleWebKit/605.1.15 (KHTML, like Gecko) Version/26.0 YaBrowser/26.6.7.382.10 SA/3 Mobile/15E148 Safari/604.1"
178.178.196.36 - - [14/Aug/2026:14:07:50 +0300] "GET /wp-content/plugins/js_composer/assets/js/dist/js_composer_front.min.js?ver=7.0 HTTP/1.1" 200 6617 "https://pr11.ru/gruzinskaya-76/coming-soon/?yclid=15275924288925597695" "Mozilla/5.0 (iPhone; CPU iPhone OS 26_6_0 like Mac OS X) AppleWebKit/605.1.15 (KHTML, like Gecko) Version/26.0 YaBrowser/26.6.7.382.10 SA/3 Mobile/15E148 Safari/604.1"
178.178.196.36 - - [14/Aug/2026:14:07:50 +0300] "GET /wp-content/plugins/revslider/public/assets/js/rs6.min.js?ver=6.6.14 HTTP/1.1" 200 130741 "https://pr11.ru/gruzinskaya-76/coming-soon/?yclid=15275924288925597695" "Mozilla/5.0 (iPhone; CPU iPhone OS 26_6_0 like Mac OS X) AppleWebKit/605.1.15 (KHTML, like Gecko) Version/26.0 YaBrowser/26.6.7.382.10 SA/3 Mobile/15E148 Safari/604.1"
178.178.196.36 - - [14/Aug/2026:14:07:50 +0300] "GET /wp-includes/js/imagesloaded.min.js?ver=5.0.0 HTTP/1.1" 200 1987 "https://pr11.ru/gruzinskaya-76/coming-soon/?yclid=15275924288925597695" "Mozilla/5.0 (iPhone; CPU iPhone OS 26_6_0 like Mac OS X) AppleWebKit/605.1.15 (KHTML, like Gecko) Version/26.0 YaBrowser/26.6.7.382.10 SA/3 Mobile/15E148 Safari/604.1"
178.178.196.36 - - [14/Aug/2026:14:07:50 +0300] "GET /wp-includes/js/masonry.min.js?ver=4.2.2 HTTP/1.1" 200 8558 "https://pr11.ru/gruzinskaya-76/coming-soon/?yclid=15275924288925597695" "Mozilla/5.0 (iPhone; CPU iPhone OS 26_6_0 like Mac OS X) AppleWebKit/605.1.15 (KHTML, like Gecko) Version/26.0 YaBrowser/26.6.7.382.10 SA/3 Mobile/15E148 Safari/604.1"
178.178.196.36 - - [14/Aug/2026:14:07:50 +0300] "GET /wp-includes/js/jquery/jquery.masonry.min.js?ver=3.1.2b HTTP/1.1" 200 759 "https://pr11.ru/gruzinskaya-76/coming-soon/?yclid=15275924288925597695" "Mozilla/5.0 (iPhone; CPU iPhone OS 26_6_0 like Mac OS X) AppleWebKit/605.1.15 (KHTML, like Gecko) Version/26.0 YaBrowser/26.6.7.382.10 SA/3 Mobile/15E148 Safari/604.1"
178.178.196.36 - - [14/Aug/2026:14:07:50 +0300] "GET /wp-includes/js/underscore.min.js?ver=1.13.8 HTTP/1.1" 200 8154 "https://pr11.ru/gruzinskaya-76/coming-soon/?yclid=15275924288925597695" "Mozilla/5.0 (iPhone; CPU iPhone OS 26_6_0 like Mac OS X) AppleWebKit/605.1.15 (KHTML, like Gecko) Version/26.0 YaBrowser/26.6.7.382.10 SA/3 Mobile/15E148 Safari/604.1"
178.178.196.36 - - [14/Aug/2026:14:07:50 +0300] "GET /wp-content/plugins/revslider/public/assets/js/libs/three.min.js?ver=6.6.14 HTTP/1.1" 200 192092 "https://pr11.ru/gruzinskaya-76/coming-soon/?yclid=15275924288925597695" "Mozilla/5.0 (iPhone; CPU iPhone OS 26_6_0 like Mac OS X) AppleWebKit/605.1.15 (KHTML, like Gecko) Version/26.0 YaBrowser/26.6.7.382.10 SA/3 Mobile/15E148 Safari/604.1"
178.178.196.36 - - [14/Aug/2026:14:07:50 +0300] "GET /wp-content/themes/norebro/assets/js/libs/aos.js?ver=7.0.2 HTTP/1.1" 200 4611 "https://pr11.ru/gruzinskaya-76/coming-soon/?yclid=15275924288925597695" "Mozilla/5.0 (iPhone; CPU iPhone OS 26_6_0 like Mac OS X) AppleWebKit/605.1.15 (KHTML, like Gecko) Version/26.0 YaBrowser/26.6.7.382.10 SA/3 Mobile/15E148 Safari/604.1"
178.178.196.36 - - [14/Aug/2026:14:07:50 +0300] "GET /wp-content/themes/norebro/assets/js/navigation.js?ver=1.0.0 HTTP/1.1" 200 1269 "https://pr11.ru/gruzinskaya-76/coming-soon/?yclid=15275924288925597695" "Mozilla/5.0 (iPhone; CPU iPhone OS 26_6_0 like Mac OS X) AppleWebKit/605.1.15 (KHTML, like Gecko) Version/26.0 YaBrowser/26.6.7.382.10 SA/3 Mobile/15E148 Safari/604.1"
178.178.196.36 - - [14/Aug/2026:14:07:50 +0300] "GET /wp-content/plugins/js_composer/assets/lib/bower/isotope/dist/isotope.pkgd.min.js?ver=7.0 HTTP/1.1" 200 11991 "https://pr11.ru/gruzinskaya-76/coming-soon/?yclid=15275924288925597695" "Mozilla/5.0 (iPhone; CPU iPhone OS 26_6_0 like Mac OS X) AppleWebKit/605.1.15 (KHTML, like Gecko) Version/26.0 YaBrowser/26.6.7.382.10 SA/3 Mobile/15E148 Safari/604.1"
178.178.196.36 - - [14/Aug/2026:14:07:50 +0300] "GET /wp-content/themes/norebro/assets/js/libs/jquery.mega-menu.min.js?ver=7.0.2 HTTP/1.1" 200 4518 "https://pr11.ru/gruzinskaya-76/coming-soon/?yclid=15275924288925597695" "Mozilla/5.0 (iPhone; CPU iPhone OS 26_6_0 like Mac OS X) AppleWebKit/605.1.15 (KHTML, like Gecko) Version/26.0 YaBrowser/26.6.7.382.10 SA/3 Mobile/15E148 Safari/604.1"
178.178.196.36 - - [14/Aug/2026:14:07:50 +0300] "GET /wp-content/themes/norebro/assets/js/skip-link-focus-fix.js?ver=1.0.0 HTTP/1.1" 200 510 "https://pr11.ru/gruzinskaya-76/coming-soon/?yclid=15275924288925597695" "Mozilla/5.0 (iPhone; CPU iPhone OS 26_6_0 like Mac OS X) AppleWebKit/605.1.15 (KHTML, like Gecko) Version/26.0 YaBrowser/26.6.7.382.10 SA/3 Mobile/15E148 Safari/604.1"
178.178.196.36 - - [14/Aug/2026:14:07:50 +0300] "GET /wp-content/themes/norebro/assets/js/libs/owl.carousel.min.js?ver=7.0.2 HTTP/1.1" 200 13188 "https://pr11.ru/gruzinskaya-76/coming-soon/?yclid=15275924288925597695" "Mozilla/5.0 (iPhone; CPU iPhone OS 26_6_0 like Mac OS X) AppleWebKit/605.1.15 (KHTML, like Gecko) Version/26.0 YaBrowser/26.6.7.382.10 SA/3 Mobile/15E148 Safari/604.1"
178.178.196.36 - - [14/Aug/2026:14:07:50 +0300] "GET /wp-content/themes/norebro/assets/js/main.js?ver=7.0.2 HTTP/1.1" 200 25302 "https://pr11.ru/gruzinskaya-76/coming-soon/?yclid=15275924288925597695" "Mozilla/5.0 (iPhone; CPU iPhone OS 26_6_0 like Mac OS X) AppleWebKit/605.1.15 (KHTML, like Gecko) Version/26.0 YaBrowser/26.6.7.382.10 SA/3 Mobile/15E148 Safari/604.1"
178.178.196.36 - - [14/Aug/2026:14:07:50 +0300] "GET /wp-content/themes/norebro/assets/fonts/ionicons/ionicons.ttf?v=2.0.0 HTTP/1.1" 200 188508 "https://pr11.ru/gruzinskaya-76/coming-soon/?yclid=15275924288925597695" "Mozilla/5.0 (iPhone; CPU iPhone OS 26_6_0 like Mac OS X) AppleWebKit/605.1.15 (KHTML, like Gecko) Version/26.0 YaBrowser/26.6.7.382.10 SA/3 Mobile/15E148 Safari/604.1"
178.178.196.36 - - [14/Aug/2026:14:07:50 +0300] "GET /wp-content/uploads/useanyfont/8496pr11.woff2 HTTP/1.1" 200 142328 "https://pr11.ru/gruzinskaya-76/coming-soon/?yclid=15275924288925597695" "Mozilla/5.0 (iPhone; CPU iPhone OS 26_6_0 like Mac OS X) AppleWebKit/605.1.15 (KHTML, like Gecko) Version/26.0 YaBrowser/26.6.7.382.10 SA/3 Mobile/15E148 Safari/604.1"
178.178.196.36 - - [14/Aug/2026:14:07:50 +0300] "GET /wp-content/uploads/revslider/glavnaya-1/cropped-logo-22.35.49-192x192.png HTTP/1.1" 200 49377 "-" "Mozilla/5.0 (iPhone; CPU iPhone OS 26_6_0 like Mac OS X) AppleWebKit/605.1.15 (KHTML, like Gecko) Version/26.0 CriOS/148.0.7778.382 YaBrowser/26.6.7.382.10 SA/3 Mobile/15E148 Safari/604.1"
178.178.196.36 - - [14/Aug/2026:14:07:50 +0300] "GET /wp-content/plugins/revslider/public/assets/assets/dummy.png HTTP/1.1" 200 68 "https://pr11.ru/gruzinskaya-76/coming-soon/?yclid=15275924288925597695" "Mozilla/5.0 (iPhone; CPU iPhone OS 26_6_0 like Mac OS X) AppleWebKit/605.1.15 (KHTML, like Gecko) Version/26.0 YaBrowser/26.6.7.382.10 SA/3 Mobile/15E148 Safari/604.1"
178.178.196.36 - - [14/Aug/2026:14:07:50 +0300] "GET /wp-includes/js/wp-emoji-release.min.js?ver=7.0.2 HTTP/1.1" 200 6320 "https://pr11.ru/gruzinskaya-76/coming-soon/?yclid=15275924288925597695" "Mozilla/5.0 (iPhone; CPU iPhone OS 26_6_0 like Mac OS X) AppleWebKit/605.1.15 (KHTML, like Gecko) Version/26.0 YaBrowser/26.6.7.382.10 SA/3 Mobile/15E148 Safari/604.1"
178.178.196.36 - - [14/Aug/2026:14:07:50 +0300] "GET /wp-content/uploads/2023/08/champagne-3.png HTTP/1.1" 200 2824 "https://pr11.ru/gruzinskaya-76/coming-soon/?yclid=15275924288925597695" "Mozilla/5.0 (iPhone; CPU iPhone OS 26_6_0 like Mac OS X) AppleWebKit/605.1.15 (KHTML, like Gecko) Version/26.0 YaBrowser/26.6.7.382.10 SA/3 Mobile/15E148 Safari/604.1"
178.178.196.36 - - [14/Aug/2026:14:07:51 +0300] "GET /wp-content/plugins/revslider/public/assets/assets/transparent.png HTTP/1.1" 200 122 "https://pr11.ru/gruzinskaya-76/coming-soon/?yclid=15275924288925597695" "Mozilla/5.0 (iPhone; CPU iPhone OS 26_6_0 like Mac OS X) AppleWebKit/605.1.15 (KHTML, like Gecko) Version/26.0 YaBrowser/26.6.7.382.10 SA/3 Mobile/15E148 Safari/604.1"
178.178.196.36 - - [14/Aug/2026:14:07:51 +0300] "GET /wp-content/uploads/2023/08/kopiya-img_2024-scaled.jpg HTTP/1.1" 200 311290 "https://pr11.ru/gruzinskaya-76/coming-soon/?yclid=15275924288925597695" "Mozilla/5.0 (iPhone; CPU iPhone OS 26_6_0 like Mac OS X) AppleWebKit/605.1.15 (KHTML, like Gecko) Version/26.0 YaBrowser/26.6.7.382.10 SA/3 Mobile/15E148 Safari/604.1"
178.178.196.36 - - [14/Aug/2026:14:07:51 +0300] "GET /wp-content/uploads/revslider/glavnaya-1/logo-22.35.49.png HTTP/1.1" 200 489662 "https://pr11.ru/gruzinskaya-76/coming-soon/?yclid=15275924288925597695" "Mozilla/5.0 (iPhone; CPU iPhone OS 26_6_0 like Mac OS X) AppleWebKit/605.1.15 (KHTML, like Gecko) Version/26.0 YaBrowser/26.6.7.382.10 SA/3 Mobile/15E148 Safari/604.1"
178.178.196.36 - - [14/Aug/2026:14:07:51 +0300] "GET /wp-content/plugins/revslider-transitionpack-addon/public/assets/textures/displacement/zigzag.jpg HTTP/1.1" 200 65293 "https://pr11.ru/gruzinskaya-76/coming-soon/?yclid=15275924288925597695" "Mozilla/5.0 (iPhone; CPU iPhone OS 26_6_0 like Mac OS X) AppleWebKit/605.1.15 (KHTML, like Gecko) Version/26.0 YaBrowser/26.6.7.382.10 SA/3 Mobile/15E148 Safari/604.1"
178.178.196.36 - - [14/Aug/2026:14:07:52 +0300] "GET /wp-content/uploads/2023/08/kopiya-img_1440-scaled.jpg HTTP/1.1" 200 527921 "https://pr11.ru/gruzinskaya-76/coming-soon/?yclid=15275924288925597695" "Mozilla/5.0 (iPhone; CPU iPhone OS 26_6_0 like Mac OS X) AppleWebKit/605.1.15 (KHTML, like Gecko) Version/26.0 YaBrowser/26.6.7.382.10 SA/3 Mobile/15E148 Safari/604.1"
178.178.196.36 - - [14/Aug/2026:14:07:52 +0300] "GET /wp-content/uploads/2023/08/kopiya-img_1513-scaled.jpg HTTP/1.1" 200 533916 "https://pr11.ru/gruzinskaya-76/coming-soon/?yclid=15275924288925597695" "Mozilla/5.0 (iPhone; CPU iPhone OS 26_6_0 like Mac OS X) AppleWebKit/605.1.15 (KHTML, like Gecko) Version/26.0 YaBrowser/26.6.7.382.10 SA/3 Mobile/15E148 Safari/604.1"
178.178.196.36 - - [14/Aug/2026:14:08:22 +0300] "GET /gruzinskaya-76/coming-soon/ HTTP/1.1" 200 23581 "https://pr11.ru/gruzinskaya-76/coming-soon/?yclid=15275924288925597695" "Mozilla/5.0 (iPhone; CPU iPhone OS 26_6_0 like Mac OS X) AppleWebKit/605.1.15 (KHTML, like Gecko) Version/26.0 YaBrowser/26.6.7.382.10 SA/3 Mobile/15E148 Safari/604.1"
95.108.213.198 - - [14/Aug/2026:14:09:00 +0300] "GET /?yclid=7710547526903176844 HTTP/1.1" 200 20295 "-" "Mozilla/5.0 (compatible; YandexMetrika/2.0; +http://yandex.com/bots yabs01)"
95.108.213.130 - - [14/Aug/2026:14:11:41 +0300] "GET /?yclid=7710547526903176844 HTTP/1.1" 200 20295 "-" "Mozilla/5.0 (compatible; YandexMetrika/2.0; +http://yandex.com/bots yabs01)"
159.253.20.91 - - [14/Aug/2026:14:14:28 +0300] "GET / HTTP/1.1" 200 20303 "-" "Mozilla/5.0 (X11; Linux x86_64) AppleWebKit/537.36 (KHTML, like Gecko) Chrome/44.0.2403.157 Safari/537.36"
95.108.213.140 - - [14/Aug/2026:14:16:35 +0300] "GET /?yclid=7710547526903176844 HTTP/1.1" 200 20295 "-" "Mozilla/5.0 (compatible; YandexMetrika/2.0; +http://yandex.com/bots yabs01)"
216.73.216.251 - - [14/Aug/2026:14:17:38 +0300] "GET /robots.txt HTTP/1.1" 200 116 "-" "Mozilla/5.0 AppleWebKit/537.36 (KHTML, like Gecko; compatible; ClaudeBot/1.0; +claudebot@anthropic.com)"
216.73.216.251 - - [14/Aug/2026:14:17:38 +0300] "GET /wp-sitemap.xml HTTP/1.1" 200 509 "-" "Mozilla/5.0 AppleWebKit/537.36 (KHTML, like Gecko; compatible; ClaudeBot/1.0; +claudebot@anthropic.com)"
5.255.231.186 - - [14/Aug/2026:14:19:04 +0300] "GET /?yclid=7710547526903176844 HTTP/1.1" 200 20298 "-" "Mozilla/5.0 (compatible; YandexMetrika/2.0; +http://yandex.com/bots yabs01)"
185.198.240.189 - - [14/Aug/2026:14:21:04 +0300] "GET /wp-login.php HTTP/1.1" 200 3794 "-" "Mozilla/5.0 (Windows NT 10.0; Win64; x64) AppleWebKit/537.36 Chrome/129.0.0.0 Safari/537.36"
185.198.240.189 - - [14/Aug/2026:14:21:10 +0300] "GET /?author=1 HTTP/1.1" 301 5 "-" "Mozilla/5.0 (Macintosh; Intel Mac OS X 10_15_7) AppleWebKit/605.1.15 Version/17.0 Safari/605.1.15"
185.198.240.189 - - [14/Aug/2026:14:21:10 +0300] "GET /?rest_route=/wp/v2/users HTTP/1.1" 200 416 "-" "Mozilla/5.0 (Windows NT 10.0; Win64; rv:143.0) Gecko/20100101 Firefox/143.0"
213.180.203.254 - - [14/Aug/2026:14:23:38 +0300] "GET /?yclid=7710547526903176844 HTTP/1.1" 200 20298 "-" "Mozilla/5.0 (compatible; YandexMetrika/2.0; +http://yandex.com/bots yabs01)"
95.108.213.136 - - [14/Aug/2026:14:27:43 +0300] "GET /?yclid=7710547526903176844 HTTP/1.1" 200 20295 "-" "Mozilla/5.0 (compatible; YandexMetrika/2.0; +http://yandex.com/bots yabs01)"
159.253.20.91 - - [14/Aug/2026:14:28:26 +0300] "GET / HTTP/1.1" 200 20303 "-" "Mozilla/5.0 (X11; Linux x86_64) AppleWebKit/537.36 (KHTML, like Gecko) Chrome/44.0.2403.157 Safari/537.36"
94.154.35.236 - - [14/Aug/2026:14:29:15 +0300] "HEAD /joomla.zip HTTP/1.1" 301 0 "-" "Mozilla/5.0 (Windows NT 10.0; Win64; x64) AppleWebKit/537.36 (KHTML, like Gecko) Chrome/101.0.4951.67 Safari/537.36"
94.154.35.236 - - [14/Aug/2026:14:29:16 +0300] "HEAD /joomla.zip HTTP/1.1" 404 0 "-" "Mozilla/5.0 (Windows NT 10.0; Win64; x64) AppleWebKit/537.36 (KHTML, like Gecko) Chrome/101.0.4951.67 Safari/537.36"
87.250.224.96 - - [14/Aug/2026:14:31:46 +0300] "GET /?yclid=7710547526903176844 HTTP/1.1" 200 20298 "-" "Mozilla/5.0 (compatible; YandexMetrika/2.0; +http://yandex.com/bots yabs01)"
66.249.72.1 - - [14/Aug/2026:14:33:12 +0300] "GET /pride/example/frly6y9bm2pzsz6.phtml HTTP/1.1" 301 5 "-" "Mozilla/5.0 (Linux; Android 6.0.1; Nexus 5X Build/MMB29P) AppleWebKit/537.36 (KHTML, like Gecko) Chrome/150.0.7871.186 Mobile Safari/537.36 (compatible; Googlebot/2.1; +http://www.google.com/bot.html)"
66.249.69.173 - - [14/Aug/2026:14:33:14 +0300] "GET /pride/example/frly6y9bm2pzsz6.phtml HTTP/1.1" 404 12444 "-" "Mozilla/5.0 (Linux; Android 6.0.1; Nexus 5X Build/MMB29P) AppleWebKit/537.36 (KHTML, like Gecko) Chrome/150.0.7871.186 Mobile Safari/537.36 (compatible; Googlebot/2.1; +http://www.google.com/bot.html)"
107.150.61.58 - - [14/Aug/2026:14:35:05 +0300] "GET /wp-content/js8149d7/index.php HTTP/1.1" 404 47 "https://pr11.ru/wp-content/js8149d7/index.php" "Mozilla/5.0 (Windows NT 10.0; Win64; x64) AppleWebKit/537.36 (KHTML, like Gecko) Chrome/58.0.3029.110 Safari/537.3"
94.25.173.61 - - [14/Aug/2026:14:35:06 +0300] "GET /gruzinskaya-76/coming-soon/?yclid=16961715307148214271 HTTP/1.1" 200 23581 "-" "ru.yandex.yandexmaps/30.3.0/73956464(Xiaomi 2306EPN60G; Android 15; ru_RU) 4.12.0"
94.25.173.61 - - [14/Aug/2026:14:35:06 +0300] "GET /gruzinskaya-76/coming-soon/?yclid=16961715307148214271 HTTP/1.1" 200 23581 "-" "ru.yandex.yandexmaps/30.3.0/73956464(Xiaomi 2306EPN60G; Android 15; ru_RU) 4.12.0"
95.108.213.90 - - [14/Aug/2026:14:36:20 +0300] "GET /?yclid=7710547526903176844 HTTP/1.1" 200 20295 "-" "Mozilla/5.0 (compatible; YandexMetrika/2.0; +http://yandex.com/bots yabs01)"
5.255.231.186 - - [14/Aug/2026:14:39:12 +0300] "GET /?yclid=7710547526903176844 HTTP/1.1" 200 20298 "-" "Mozilla/5.0 (compatible; YandexMetrika/2.0; +http://yandex.com/bots yabs01)"
51.89.129.133 - - [14/Aug/2026:14:41:54 +0300] "GET /?sitemap181.xml HTTP/1.1" 301 5 "-" "Mozilla/5.0 (compatible; AhrefsBot/7.0; +http://ahrefs.com/robot/)"
51.89.129.133 - - [14/Aug/2026:14:41:55 +0300] "GET /?sitemap181_xml HTTP/1.1" 200 20298 "-" "Mozilla/5.0 (compatible; AhrefsBot/7.0; +http://ahrefs.com/robot/)"
159.253.20.91 - - [14/Aug/2026:14:42:38 +0300] "GET / HTTP/1.1" 200 20303 "-" "Mozilla/5.0 (X11; Linux x86_64) AppleWebKit/537.36 (KHTML, like Gecko) Chrome/44.0.2403.157 Safari/537.36"
95.108.213.239 - - [14/Aug/2026:14:44:37 +0300] "GET /?yclid=7710547526903176844 HTTP/1.1" 200 20295 "-" "Mozilla/5.0 (compatible; YandexMetrika/2.0; +http://yandex.com/bots yabs01)"
95.108.213.140 - - [14/Aug/2026:14:46:27 +0300] "GET /?yclid=7710547526903176844 HTTP/1.1" 200 20295 "-" "Mozilla/5.0 (compatible; YandexMetrika/2.0; +http://yandex.com/bots yabs01)"
20.222.36.194 - - [14/Aug/2026:14:47:50 +0300] "GET /saiga.php?t=7053164771 HTTP/1.1" 404 47 "-" "Mozilla/5.0 AppleWebKit/537.36 (KHTML, like Gecko); compatible; ChatGPT-User/1.0; +https://openai.com/bot"
74.7.244.51 - - [14/Aug/2026:14:47:50 +0300] "GET /robots.txt HTTP/1.1" 200 116 "-" "Mozilla/5.0 (Macintosh; Intel Mac OS X 10_15_7) AppleWebKit/537.36 (KHTML, like Gecko) Chrome/131.0.0.0 Safari/537.36; compatible; OAI-SearchBot/1.4; robots.txt; +https://openai.com/searchbot"
74.7.229.162 - - [14/Aug/2026:14:47:50 +0300] "GET /saiga.php?t=7053164771 HTTP/1.1" 404 47 "-" "Mozilla/5.0 (Macintosh; Intel Mac OS X 10_15_7) AppleWebKit/537.36 (KHTML, like Gecko) Chrome/131.0.0.0 Safari/537.36; compatible; OAI-SearchBot/1.4; +https://openai.com/searchbot"
2a03:f480:2:7::5c - - [14/Aug/2026:14:53:07 +0300] "POST /wp-cron.php?doing_wp_cron=1786708387.1715040206909179687500 HTTP/1.1" 200 31 "-" "WordPress/7.0.2; https://pr11.ru"
95.108.213.92 - - [14/Aug/2026:14:53:07 +0300] "GET /gruzinskaya-76/coming-soon/ HTTP/1.1" 200 23579 "-" "Mozilla/5.0 (compatible; YandexBot/3.0; +http://yandex.com/bots)"
213.180.203.99 - - [14/Aug/2026:14:53:41 +0300] "GET /?yclid=7710547526903176844 HTTP/1.1" 200 20299 "-" "Mozilla/5.0 (compatible; YandexMetrika/2.0; +http://yandex.com/bots yabs01)"
94.154.35.236 - - [14/Aug/2026:14:53:43 +0300] "HEAD /administrator.zip HTTP/1.1" 301 0 "-" "Mozilla/5.0 (Windows NT 10.0; Win64; x64) AppleWebKit/537.36 (KHTML, like Gecko) Chrome/101.0.4951.67 Safari/537.36"
94.154.35.236 - - [14/Aug/2026:14:53:43 +0300] "HEAD /administrator.zip HTTP/1.1" 404 0 "-" "Mozilla/5.0 (Windows NT 10.0; Win64; x64) AppleWebKit/537.36 (KHTML, like Gecko) Chrome/101.0.4951.67 Safari/537.36"
95.108.213.92 - - [14/Aug/2026:14:53:56 +0300] "GET /?yclid=7710547526903176844 HTTP/1.1" 200 20295 "-" "Mozilla/5.0 (compatible; YandexMetrika/2.0; +http://yandex.com/bots yabs01)"
66.249.69.173 - - [14/Aug/2026:14:54:04 +0300] "GET /saiga.php?t=8334915747 HTTP/1.1" 404 47 "-" "Mozilla/5.0 (Linux; Android 6.0.1; Nexus 5X Build/MMB29P) AppleWebKit/537.36 (KHTML, like Gecko) Chrome/150.0.7871.186 Mobile Safari/537.36 (compatible; Googlebot/2.1; +http://www.google.com/bot.html)"
66.249.69.160 - - [14/Aug/2026:14:54:05 +0300] "GET /saiga.php?t=22769149378 HTTP/1.1" 404 47 "-" "Mozilla/5.0 (Linux; Android 6.0.1; Nexus 5X Build/MMB29P) AppleWebKit/537.36 (KHTML, like Gecko) Chrome/150.0.7871.186 Mobile Safari/537.36 (compatible; Googlebot/2.1; +http://www.google.com/bot.html)"
159.253.20.91 - - [14/Aug/2026:14:56:29 +0300] "GET / HTTP/1.1" 200 20303 "-" "Mozilla/5.0 (X11; Linux x86_64) AppleWebKit/537.36 (KHTML, like Gecko) Chrome/44.0.2403.157 Safari/537.36"
159.253.20.91 - - [14/Aug/2026:15:00:29 +0300] "GET / HTTP/1.1" 200 20303 "-" "Mozilla/5.0 (X11; Linux x86_64) AppleWebKit/537.36 (KHTML, like Gecko) Chrome/44.0.2403.157 Safari/537.36"
95.108.213.80 - - [14/Aug/2026:15:00:52 +0300] "GET /?yclid=7710547526903176844 HTTP/1.1" 200 20295 "-" "Mozilla/5.0 (compatible; YandexMetrika/2.0; +http://yandex.com/bots yabs01)"
92.51.45.205 - - [14/Aug/2026:15:01:41 +0300] "GET /gruzinskaya-76/coming-soon/?yclid=4969100383088279551 HTTP/1.1" 200 23581 "-" "ru.yandex.traffic/30.2.1/337327(iPhone 15 Pro iOS; iOS 26.5; ru)"
92.51.45.205 - - [14/Aug/2026:15:01:41 +0300] "GET /gruzinskaya-76/coming-soon/?yclid=4969100383088279551 HTTP/1.1" 200 23581 "-" "ru.yandex.traffic/30.2.1/337327(iPhone 15 Pro iOS; iOS 26.5; ru)"
213.180.203.24 - - [14/Aug/2026:15:03:09 +0300] "GET /?yclid=7710547526903176844 HTTP/1.1" 200 20299 "-" "Mozilla/5.0 (compatible; YandexMetrika/2.0; +http://yandex.com/bots yabs01)"
197.237.201.34 - - [14/Aug/2026:15:03:31 +0300] "GET / HTTP/1.1" 200 20298 "-" "Python/3.12 aiohttp/3.13.5"
222.255.182.222 - - [14/Aug/2026:15:05:02 +0300] "GET /wp-login.php HTTP/1.1" 200 3793 "-" "Mozilla/5.0 (Macintosh; Intel Mac OS X 10_15_7) AppleWebKit/605.1.15 (KHTML, like Gecko) Version/17.0 Safari/605.1.15"
222.255.182.222 - - [14/Aug/2026:15:05:03 +0300] "GET /?author=1 HTTP/1.1" 301 5 "-" "Mozilla/5.0 (X11; Ubuntu; Linux x86_64) AppleWebKit/537.36 (KHTML, like Gecko) Chrome/120.0.0.0 Safari/537.36"
222.255.182.222 - - [14/Aug/2026:15:05:04 +0300] "GET /author/admin/ HTTP/1.1" 200 16956 "-" "Mozilla/5.0 (X11; Ubuntu; Linux x86_64) AppleWebKit/537.36 (KHTML, like Gecko) Chrome/120.0.0.0 Safari/537.36"
222.255.182.222 - - [14/Aug/2026:15:05:06 +0300] "GET /?author=2 HTTP/1.1" 301 5 "https://duckduckgo.com/" "Mozilla/5.0 (X11; Ubuntu; Linux x86_64) AppleWebKit/537.36 (KHTML, like Gecko) Chrome/120.0.0.0 Safari/537.36"
222.255.182.222 - - [14/Aug/2026:15:05:06 +0300] "GET /author/root/ HTTP/1.1" 200 12414 "https://duckduckgo.com/" "Mozilla/5.0 (X11; Ubuntu; Linux x86_64) AppleWebKit/537.36 (KHTML, like Gecko) Chrome/120.0.0.0 Safari/537.36"
222.255.182.222 - - [14/Aug/2026:15:05:07 +0300] "GET /?author=3 HTTP/1.1" 200 12440 "https://www.google.com/search?q=wordpress" "Mozilla/5.0 (Macintosh; Intel Mac OS X 13_6_1; rv:121.0) Gecko/20100101 Firefox/121.0"
222.255.182.222 - - [14/Aug/2026:15:05:08 +0300] "GET /?author=4 HTTP/1.1" 200 12440 "-" "Mozilla/5.0 (Macintosh; Intel Mac OS X 10_15_7) AppleWebKit/605.1.15 (KHTML, like Gecko) Version/17.2 Safari/605.1.15"
222.255.182.222 - - [14/Aug/2026:15:05:12 +0300] "GET /wp-json/wp/v2/users HTTP/1.1" 200 416 "https://www.google.com/" "Mozilla/5.0 (Macintosh; Intel Mac OS X 13_6_1) AppleWebKit/605.1.15 (KHTML, like Gecko) Version/17.0 Safari/605.1.15"
222.255.182.222 - - [14/Aug/2026:15:05:19 +0300] "POST /wp-login.php HTTP/1.1" 200 4006 "https://pr11.ru/wp-login.php" "Mozilla/5.0 (Windows NT 11.0; Win64; x64; rv:121.0) Gecko/20100101 Firefox/121.0"
222.255.182.222 - - [14/Aug/2026:15:05:19 +0300] "GET /wp-admin/index.php HTTP/1.1" 302 5 "https://pr11.ru/wp-login.php" "Mozilla/5.0 (Macintosh; Intel Mac OS X 10_15_7) AppleWebKit/537.36 (KHTML, like Gecko) Chrome/118.0.0.0 Safari/537.36"
222.255.182.222 - - [14/Aug/2026:15:05:24 +0300] "GET /wp-login.php?redirect_to=https%3A%2F%2Fpr11.ru%2Fwp-admin%2Findex.php&reauth=1 HTTP/1.1" 200 3809 "https://pr11.ru/wp-login.php" "Mozilla/5.0 (Macintosh; Intel Mac OS X 10_15_7) AppleWebKit/537.36 (KHTML, like Gecko) Chrome/118.0.0.0 Safari/537.36"
46.175.248.208 - - [14/Aug/2026:15:05:24 +0300] "GET /ammika.php?k=72238183285 HTTP/1.1" 404 47 "https://pr11.ru" "Mozilla/5.0 (Windows NT 10.0; Win64; x64) AppleWebKit/537.36 (KHTML, like Gecko) Chrome/145.0.0.0 Safari/537.36"
222.255.182.222 - - [14/Aug/2026:15:05:26 +0300] "GET /wp-admin/profile.php HTTP/1.1" 302 5 "https://pr11.ru/wp-login.php" "Mozilla/5.0 (Macintosh; Intel Mac OS X 10_15_7) AppleWebKit/537.36 (KHTML, like Gecko) Chrome/118.0.0.0 Safari/537.36"
222.255.182.222 - - [14/Aug/2026:15:05:28 +0300] "GET /wp-login.php?redirect_to=https%3A%2F%2Fpr11.ru%2Fwp-admin%2Fprofile.php&reauth=1 HTTP/1.1" 200 3811 "https://pr11.ru/wp-login.php" "Mozilla/5.0 (Macintosh; Intel Mac OS X 10_15_7) AppleWebKit/537.36 (KHTML, like Gecko) Chrome/118.0.0.0 Safari/537.36"
222.255.182.222 - - [14/Aug/2026:15:05:31 +0300] "POST /wp-login.php HTTP/1.1" 200 4004 "https://pr11.ru/wp-login.php" "Mozilla/5.0 (Macintosh; Intel Mac OS X 10_15_7) AppleWebKit/537.36 (KHTML, like Gecko) Chrome/120.0.0.0 Safari/537.36"
222.255.182.222 - - [14/Aug/2026:15:05:32 +0300] "GET /wp-admin/index.php HTTP/1.1" 302 5 "https://pr11.ru/wp-login.php" "Mozilla/5.0 (Windows NT 11.0; Win64; x64) AppleWebKit/537.36 (KHTML, like Gecko) Chrome/118.0.0.0 Safari/537.36"
