213.180.203.90 - - [15/Aug/2026:03:21:40 +0300] "GET /?yclid=7710547526903176844 HTTP/1.1" 200 20298 "-" "Mozilla/5.0 (compatible; YandexMetrika/2.0; +http://yandex.com/bots yabs01)"
95.108.213.149 - - [15/Aug/2026:03:24:08 +0300] "GET /?yclid=7710547526903176844 HTTP/1.1" 200 20294 "-" "Mozilla/5.0 (compatible; YandexMetrika/2.0; +http://yandex.com/bots yabs01)"
159.253.20.91 - - [15/Aug/2026:03:28:25 +0300] "GET / HTTP/1.1" 200 20303 "-" "Mozilla/5.0 (X11; Linux x86_64) AppleWebKit/537.36 (KHTML, like Gecko) Chrome/44.0.2403.157 Safari/537.36"
87.250.224.98 - - [15/Aug/2026:03:28:57 +0300] "GET /?yclid=7710547526903176844 HTTP/1.1" 200 20298 "-" "Mozilla/5.0 (compatible; YandexMetrika/2.0; +http://yandex.com/bots yabs01)"
5.255.231.108 - - [15/Aug/2026:03:31:53 +0300] "GET /?yclid=7710547526903176844 HTTP/1.1" 200 20298 "-" "Mozilla/5.0 (compatible; YandexMetrika/2.0; +http://yandex.com/bots yabs01)"
87.250.224.231 - - [15/Aug/2026:03:36:24 +0300] "GET /?yclid=7710547526903176844 HTTP/1.1" 200 20300 "-" "Mozilla/5.0 (compatible; YandexMetrika/2.0; +http://yandex.com/bots yabs01)"
2a03:2880:f814:40:: - - [15/Aug/2026:03:36:34 +0300] "GET /wp-json/oembed/1.0/embed?url=https%3A%2F%2Fpr11.ru%2Fx%2F HTTP/1.1" 200 1085 "-" "Mozilla/5.0 (Windows NT 10.0; Win64; x64) AppleWebKit/537.36 (KHTML, like Gecko) Chrome/145.0.0.0 Safari/537.36 (compatible; meta-externalagent/1.1 (+https://developers.facebook.com/docs/sharing/webmasters/crawler))"
66.249.69.174 - - [15/Aug/2026:03:38:38 +0300] "GET /saiga.php?t=7053195781 HTTP/1.1" 404 47 "-" "Mozilla/5.0 (Linux; Android 6.0.1; Nexus 5X Build/MMB29P) AppleWebKit/537.36 (KHTML, like Gecko) Chrome/150.0.7871.186 Mobile Safari/537.36 (compatible; Googlebot/2.1; +http://www.google.com/bot.html)"
95.108.213.181 - - [15/Aug/2026:03:41:30 +0300] "GET /robots.txt HTTP/1.1" 200 108 "-" "Mozilla/5.0 (compatible; YandexBot/3.0; +http://yandex.com/bots)"
5.255.231.123 - - [15/Aug/2026:03:41:41 +0300] "GET /?yclid=7710547526903176844 HTTP/1.1" 200 20298 "-" "Mozilla/5.0 (compatible; YandexMetrika/2.0; +http://yandex.com/bots yabs01)"
159.253.20.91 - - [15/Aug/2026:03:42:25 +0300] "GET / HTTP/1.1" 200 20303 "-" "Mozilla/5.0 (X11; Linux x86_64) AppleWebKit/537.36 (KHTML, like Gecko) Chrome/44.0.2403.157 Safari/537.36"
213.180.203.17 - - [15/Aug/2026:03:43:31 +0300] "GET /?yclid=7710547526903176844 HTTP/1.1" 200 20298 "-" "Mozilla/5.0 (compatible; YandexMetrika/2.0; +http://yandex.com/bots yabs01)"
94.154.35.236 - - [15/Aug/2026:03:45:01 +0300] "HEAD /msk.zip HTTP/1.1" 301 0 "-" "Mozilla/5.0 (Windows NT 10.0; Win64; x64) AppleWebKit/537.36 (KHTML, like Gecko) Chrome/101.0.4951.67 Safari/537.36"
94.154.35.236 - - [15/Aug/2026:03:45:01 +0300] "HEAD /msk.zip HTTP/1.1" 404 0 "-" "Mozilla/5.0 (Windows NT 10.0; Win64; x64) AppleWebKit/537.36 (KHTML, like Gecko) Chrome/101.0.4951.67 Safari/537.36"
66.249.69.160 - - [15/Aug/2026:03:48:19 +0300] "GET /ammika.php?m=8524087023 HTTP/1.1" 404 47 "-" "Mozilla/5.0 (Linux; Android 6.0.1; Nexus 5X Build/MMB29P) AppleWebKit/537.36 (KHTML, like Gecko) Chrome/151.0.7922.137 Mobile Safari/537.36 (compatible; Googlebot/2.1; +http://www.google.com/bot.html)"
2a03:f480:2:7::5c - - [15/Aug/2026:03:48:42 +0300] "POST /wp-cron.php?doing_wp_cron=1786754922.0551269054412841796875 HTTP/1.1" 200 31 "-" "WordPress/7.0.2; https://pr11.ru"
5.255.231.114 - - [15/Aug/2026:03:48:42 +0300] "GET /?yclid=7710547526903176844 HTTP/1.1" 200 20298 "-" "Mozilla/5.0 (compatible; YandexMetrika/2.0; +http://yandex.com/bots yabs01)"
43.130.16.212 - - [15/Aug/2026:03:50:38 +0300] "GET / HTTP/1.1" 301 169 "-" "Mozilla/5.0 (iPhone; CPU iPhone OS 13_2_3 like Mac OS X) AppleWebKit/605.1.15 (KHTML, like Gecko) Version/13.0.3 Mobile/15E148 Safari/604.1"
43.130.16.212 - - [15/Aug/2026:03:50:41 +0300] "GET / HTTP/1.1" 200 20298 "http://pr11.ru" "Mozilla/5.0 (iPhone; CPU iPhone OS 13_2_3 like Mac OS X) AppleWebKit/605.1.15 (KHTML, like Gecko) Version/13.0.3 Mobile/15E148 Safari/604.1"
95.108.213.189 - - [15/Aug/2026:03:50:51 +0300] "GET /?yclid=7710547526903176844 HTTP/1.1" 200 20295 "-" "Mozilla/5.0 (compatible; YandexMetrika/2.0; +http://yandex.com/bots yabs01)"
66.249.72.8 - - [15/Aug/2026:03:54:17 +0300] "GET /design/resource/f3av7bybne2o50j.phtml HTTP/1.1" 301 5 "-" "Mozilla/5.0 (Linux; Android 6.0.1; Nexus 5X Build/MMB29P) AppleWebKit/537.36 (KHTML, like Gecko) Chrome/150.0.7871.186 Mobile Safari/537.36 (compatible; Googlebot/2.1; +http://www.google.com/bot.html)"
66.249.69.160 - - [15/Aug/2026:03:54:18 +0300] "GET /design/resource/f3av7bybne2o50j.phtml HTTP/1.1" 404 12443 "-" "Mozilla/5.0 (Linux; Android 6.0.1; Nexus 5X Build/MMB29P) AppleWebKit/537.36 (KHTML, like Gecko) Chrome/150.0.7871.186 Mobile Safari/537.36 (compatible; Googlebot/2.1; +http://www.google.com/bot.html)"
159.253.20.91 - - [15/Aug/2026:03:56:24 +0300] "GET / HTTP/1.1" 200 20303 "-" "Mozilla/5.0 (X11; Linux x86_64) AppleWebKit/537.36 (KHTML, like Gecko) Chrome/44.0.2403.157 Safari/537.36"
5.255.231.31 - - [15/Aug/2026:03:56:41 +0300] "GET /?yclid=7710547526903176844 HTTP/1.1" 200 20298 "-" "Mozilla/5.0 (compatible; YandexMetrika/2.0; +http://yandex.com/bots yabs01)"
47.128.42.217 - - [15/Aug/2026:03:57:14 +0300] "GET / HTTP/1.1" 200 20298 "-" "Mozilla/5.0 (Linux; Android 5.0) AppleWebKit/537.36 (KHTML, like Gecko) Mobile Safari/537.36 (compatible; Bytespider; https://bytedance.sg.larkoffice.com/docx/K5bxdypulop3IIxrJb0lOjLVgFe)"
95.108.213.160 - - [15/Aug/2026:03:58:13 +0300] "GET /?yclid=7710547526903176844 HTTP/1.1" 200 20295 "-" "Mozilla/5.0 (compatible; YandexMetrika/2.0; +http://yandex.com/bots yabs01)"
159.253.20.91 - - [15/Aug/2026:04:00:26 +0300] "GET / HTTP/1.1" 200 20303 "-" "Mozilla/5.0 (X11; Linux x86_64) AppleWebKit/537.36 (KHTML, like Gecko) Chrome/44.0.2403.157 Safari/537.36"
95.108.213.80 - - [15/Aug/2026:04:04:00 +0300] "GET /?yclid=7710547526903176844 HTTP/1.1" 200 20295 "-" "Mozilla/5.0 (compatible; YandexMetrika/2.0; +http://yandex.com/bots yabs01)"
5.255.231.23 - - [15/Aug/2026:04:05:31 +0300] "GET /?yclid=7710547526903176844 HTTP/1.1" 200 20298 "-" "Mozilla/5.0 (compatible; YandexMetrika/2.0; +http://yandex.com/bots yabs01)"
87.250.224.131 - - [15/Aug/2026:04:08:42 +0300] "GET /?yclid=7710547526903176844 HTTP/1.1" 200 20304 "-" "Mozilla/5.0 (compatible; YandexMetrika/2.0; +http://yandex.com/bots yabs01)"
94.154.35.236 - - [15/Aug/2026:04:10:29 +0300] "HEAD /spb.zip HTTP/1.1" 301 0 "-" "Mozilla/5.0 (Windows NT 10.0; Win64; x64) AppleWebKit/537.36 (KHTML, like Gecko) Chrome/101.0.4951.67 Safari/537.36"
94.154.35.236 - - [15/Aug/2026:04:10:29 +0300] "HEAD /spb.zip HTTP/1.1" 404 0 "-" "Mozilla/5.0 (Windows NT 10.0; Win64; x64) AppleWebKit/537.36 (KHTML, like Gecko) Chrome/101.0.4951.67 Safari/537.36"
95.108.213.160 - - [15/Aug/2026:04:13:39 +0300] "GET /?yclid=7710547526903176844 HTTP/1.1" 200 20295 "-" "Mozilla/5.0 (compatible; YandexMetrika/2.0; +http://yandex.com/bots yabs01)"
159.253.20.91 - - [15/Aug/2026:04:14:27 +0300] "GET / HTTP/1.1" 200 20303 "-" "Mozilla/5.0 (X11; Linux x86_64) AppleWebKit/537.36 (KHTML, like Gecko) Chrome/44.0.2403.157 Safari/537.36"
87.250.224.246 - - [15/Aug/2026:04:17:39 +0300] "GET /.well-known/assetlinks.json HTTP/1.1" 404 12397 "-" "Mozilla/5.0 (compatible; YaDirectFetcher/1.0; +http://yandex.com/bots)"
5.255.231.81 - - [15/Aug/2026:04:21:46 +0300] "GET /?yclid=7710547526903176844 HTTP/1.1" 200 20298 "-" "Mozilla/5.0 (compatible; YandexMetrika/2.0; +http://yandex.com/bots yabs01)"
95.108.213.80 - - [15/Aug/2026:04:23:38 +0300] "GET /?yclid=7710547526903176844 HTTP/1.1" 200 20295 "-" "Mozilla/5.0 (compatible; YandexMetrika/2.0; +http://yandex.com/bots yabs01)"
166.88.149.206 - - [15/Aug/2026:04:23:48 +0300] "GET /wp-login.php HTTP/1.1" 200 3792 "-" "Mozilla/5.0 (Windows NT 10.0; Win64; x64) AppleWebKit/537.36 (KHTML, like Gecko) Chrome/145.0.0.0 Safari/537.36"
166.88.149.206 - - [15/Aug/2026:04:23:49 +0300] "POST /wp-login.php HTTP/1.1" 302 5 "https://pr11.ru/wp-login.php" "Mozilla/5.0 (Windows NT 10.0; Win64; x64) AppleWebKit/537.36 (KHTML, like Gecko) Chrome/145.0.0.0 Safari/537.36"
166.88.149.206 - - [15/Aug/2026:04:23:54 +0300] "GET /wp-admin/ HTTP/1.1" 200 114371 "https://pr11.ru/wp-login.php" "Mozilla/5.0 (Windows NT 10.0; Win64; x64) AppleWebKit/537.36 (KHTML, like Gecko) Chrome/145.0.0.0 Safari/537.36"
166.88.149.206 - - [15/Aug/2026:04:24:03 +0300] "GET /wp-admin/user-new.php HTTP/1.1" 200 102783 "https://pr11.ru/wp-login.php" "Mozilla/5.0 (Windows NT 10.0; Win64; x64) AppleWebKit/537.36 (KHTML, like Gecko) Chrome/145.0.0.0 Safari/537.36"
166.88.149.206 - - [15/Aug/2026:04:24:07 +0300] "POST /wp-admin/user-new.php HTTP/1.1" 302 5 "https://pr11.ru/wp-login.php" "Mozilla/5.0 (Windows NT 10.0; Win64; x64) AppleWebKit/537.36 (KHTML, like Gecko) Chrome/145.0.0.0 Safari/537.36"
166.88.149.206 - - [15/Aug/2026:04:24:08 +0300] "GET /wp-admin/users.php?update=add&id=101 HTTP/1.1" 200 101441 "https://pr11.ru/wp-login.php" "Mozilla/5.0 (Windows NT 10.0; Win64; x64) AppleWebKit/537.36 (KHTML, like Gecko) Chrome/145.0.0.0 Safari/537.36"
166.88.149.206 - - [15/Aug/2026:04:24:12 +0300] "GET /wp-admin/plugins.php?plugin_status=all&paged=1&s HTTP/1.1" 200 115843 "https://pr11.ru/wp-login.php" "Mozilla/5.0 (Windows NT 10.0; Win64; x64) AppleWebKit/537.36 (KHTML, like Gecko) Chrome/145.0.0.0 Safari/537.36"
166.88.149.206 - - [15/Aug/2026:04:24:24 +0300] "GET /wp-admin/plugins.php HTTP/1.1" 200 115722 "https://pr11.ru/wp-login.php" "Mozilla/5.0 (Windows NT 10.0; Win64; x64) AppleWebKit/537.36 (KHTML, like Gecko) Chrome/145.0.0.0 Safari/537.36"
166.88.149.206 - - [15/Aug/2026:04:24:40 +0300] "GET /wp-admin/plugin-install.php HTTP/1.1" 200 99118 "https://pr11.ru/wp-login.php" "Mozilla/5.0 (Windows NT 10.0; Win64; x64) AppleWebKit/537.36 (KHTML, like Gecko) Chrome/145.0.0.0 Safari/537.36"
168.199.166.198 - - [15/Aug/2026:04:24:59 +0300] "GET /wp-admin/plugin-install.php HTTP/1.1" 200 99118 "https://pr11.ru/wp-login.php" "Mozilla/5.0 (Windows NT 10.0; Win64; x64) AppleWebKit/537.36 (KHTML, like Gecko) Chrome/145.0.0.0 Safari/537.36"
168.199.166.198 - - [15/Aug/2026:04:25:07 +0300] "POST /wp-admin/admin-ajax.php HTTP/1.1" 200 402 "https://pr11.ru/wp-login.php" "Mozilla/5.0 (Windows NT 10.0; Win64; x64) AppleWebKit/537.36 (KHTML, like Gecko) Chrome/145.0.0.0 Safari/537.36"
168.199.166.198 - - [15/Aug/2026:04:25:14 +0300] "POST /wp-admin/admin-ajax.php HTTP/1.1" 200 403 "https://pr11.ru/wp-login.php" "Mozilla/5.0 (Windows NT 10.0; Win64; x64) AppleWebKit/537.36 (KHTML, like Gecko) Chrome/145.0.0.0 Safari/537.36"
168.199.166.198 - - [15/Aug/2026:04:25:20 +0300] "GET /wp-admin/plugins.php?plugin_status=all&paged=1&s HTTP/1.1" 200 115841 "https://pr11.ru/wp-login.php" "Mozilla/5.0 (Windows NT 10.0; Win64; x64) AppleWebKit/537.36 (KHTML, like Gecko) Chrome/145.0.0.0 Safari/537.36"
5.255.231.31 - - [15/Aug/2026:04:26:28 +0300] "GET /vecherinki-kazhdye-vyhodnye/ HTTP/1.1" 200 17701 "-" "Mozilla/5.0 (compatible; YandexBot/3.0; +http://yandex.com/bots)"
159.253.20.91 - - [15/Aug/2026:04:28:27 +0300] "GET / HTTP/1.1" 200 20303 "-" "Mozilla/5.0 (X11; Linux x86_64) AppleWebKit/537.36 (KHTML, like Gecko) Chrome/44.0.2403.157 Safari/537.36"
2a02:598:96:8a00::b00:1c9 - - [15/Aug/2026:04:29:25 +0300] "GET /gruzinskaya-76/ HTTP/1.1" 200 12456 "-" "Mozilla/5.0 (compatible; SeznamBot/4.0; +https://o-seznam.cz/napoveda/vyhledavani/en/seznambot-crawler/)"
216.73.216.111 - - [15/Aug/2026:04:30:38 +0300] "GET /robots.txt HTTP/1.1" 200 116 "-" "Mozilla/5.0 AppleWebKit/537.36 (KHTML, like Gecko; compatible; ClaudeBot/1.0; +claudebot@anthropic.com)"
216.73.216.111 - - [15/Aug/2026:04:30:38 +0300] "GET /wp-sitemap.xml HTTP/1.1" 200 509 "-" "Mozilla/5.0 AppleWebKit/537.36 (KHTML, like Gecko; compatible; ClaudeBot/1.0; +claudebot@anthropic.com)"
95.108.213.160 - - [15/Aug/2026:04:30:54 +0300] "GET /?yclid=7710547526903176844 HTTP/1.1" 200 20295 "-" "Mozilla/5.0 (compatible; YandexMetrika/2.0; +http://yandex.com/bots yabs01)"
5.255.231.175 - - [15/Aug/2026:04:31:08 +0300] "GET /?yclid=7710547526903176844 HTTP/1.1" 200 20300 "-" "Mozilla/5.0 (compatible; YandexMetrika/2.0; +http://yandex.com/bots yabs01)"
94.154.35.236 - - [15/Aug/2026:04:36:19 +0300] "HEAD /med.zip HTTP/1.1" 301 0 "-" "Mozilla/5.0 (Windows NT 10.0; Win64; x64) AppleWebKit/537.36 (KHTML, like Gecko) Chrome/101.0.4951.67 Safari/537.36"
94.154.35.236 - - [15/Aug/2026:04:36:20 +0300] "HEAD /med.zip HTTP/1.1" 404 0 "-" "Mozilla/5.0 (Windows NT 10.0; Win64; x64) AppleWebKit/537.36 (KHTML, like Gecko) Chrome/101.0.4951.67 Safari/537.36"
95.108.213.79 - - [15/Aug/2026:04:38:21 +0300] "GET /?yclid=7710547526903176844 HTTP/1.1" 200 20296 "-" "Mozilla/5.0 (compatible; YandexMetrika/2.0; +http://yandex.com/bots yabs01)"
95.108.213.125 - - [15/Aug/2026:04:38:29 +0300] "GET /?yclid=7710547526903176844 HTTP/1.1" 200 20295 "-" "Mozilla/5.0 (compatible; YandexMetrika/2.0; +http://yandex.com/bots yabs01)"
159.253.20.91 - - [15/Aug/2026:04:42:24 +0300] "GET / HTTP/1.1" 200 20303 "-" "Mozilla/5.0 (X11; Linux x86_64) AppleWebKit/537.36 (KHTML, like Gecko) Chrome/44.0.2403.157 Safari/537.36"
204.12.208.18 - - [15/Aug/2026:04:44:10 +0300] "GET /wp-includes/js4e6486/edit.php HTTP/1.1" 404 47 "https://pr11.ru/wp-includes/js4e6486/edit.php" "Mozilla/5.0 (Macintosh; U; Intel Mac OS X; ja-jp) AppleWebKit/523.10.3 (KHTML, like Gecko) Version/3.0.4 Safari/523.10"
213.180.203.251 - - [15/Aug/2026:04:46:03 +0300] "GET /?yclid=7710547526903176844 HTTP/1.1" 200 20298 "-" "Mozilla/5.0 (compatible; YandexMetrika/2.0; +http://yandex.com/bots yabs01)"
5.255.231.108 - - [15/Aug/2026:04:46:30 +0300] "GET /?yclid=7710547526903176844 HTTP/1.1" 200 20298 "-" "Mozilla/5.0 (compatible; YandexMetrika/2.0; +http://yandex.com/bots yabs01)"
2a03:f480:2:7::5c - - [15/Aug/2026:04:52:26 +0300] "POST /wp-cron.php?doing_wp_cron=1786758746.6263790130615234375000 HTTP/1.1" 200 31 "-" "WordPress/7.0.2; https://pr11.ru"
5.255.231.108 - - [15/Aug/2026:04:52:26 +0300] "GET /?yclid=7710547526903176844 HTTP/1.1" 200 20298 "-" "Mozilla/5.0 (compatible; YandexMetrika/2.0; +http://yandex.com/bots yabs01)"
87.250.224.7 - - [15/Aug/2026:04:56:12 +0300] "GET /?yclid=7710547526903176844 HTTP/1.1" 200 20298 "-" "Mozilla/5.0 (compatible; YandexMetrika/2.0; +http://yandex.com/bots yabs01)"
159.253.20.91 - - [15/Aug/2026:04:56:28 +0300] "GET / HTTP/1.1" 200 20303 "-" "Mozilla/5.0 (X11; Linux x86_64) AppleWebKit/537.36 (KHTML, like Gecko) Chrome/44.0.2403.157 Safari/537.36"
107.150.61.58 - - [15/Aug/2026:04:59:39 +0300] "GET /wp-content/js8149d7/index.php HTTP/1.1" 404 47 "https://pr11.ru/wp-content/js8149d7/index.php" "Mozilla/5.0 (Windows NT 10.0; Win64; x64) AppleWebKit/537.36 (KHTML, like Gecko) Chrome/58.0.3029.110 Safari/537.3"
213.180.203.251 - - [15/Aug/2026:05:00:06 +0300] "GET /?yclid=7710547526903176844 HTTP/1.1" 200 20298 "-" "Mozilla/5.0 (compatible; YandexMetrika/2.0; +http://yandex.com/bots yabs01)"
159.253.20.91 - - [15/Aug/2026:05:00:23 +0300] "GET / HTTP/1.1" 200 20303 "-" "Mozilla/5.0 (X11; Linux x86_64) AppleWebKit/537.36 (KHTML, like Gecko) Chrome/44.0.2403.157 Safari/537.36"
94.154.35.236 - - [15/Aug/2026:05:00:59 +0300] "HEAD /clinic.zip HTTP/1.1" 301 0 "-" "Mozilla/5.0 (Windows NT 10.0; Win64; x64) AppleWebKit/537.36 (KHTML, like Gecko) Chrome/101.0.4951.67 Safari/537.36"
94.154.35.236 - - [15/Aug/2026:05:01:00 +0300] "HEAD /clinic.zip HTTP/1.1" 404 0 "-" "Mozilla/5.0 (Windows NT 10.0; Win64; x64) AppleWebKit/537.36 (KHTML, like Gecko) Chrome/101.0.4951.67 Safari/537.36"
43.164.0.96 - - [15/Aug/2026:05:01:56 +0300] "GET / HTTP/1.1" 301 169 "-" "Mozilla/5.0 (iPhone; CPU iPhone OS 13_2_3 like Mac OS X) AppleWebKit/605.1.15 (KHTML, like Gecko) Version/13.0.3 Mobile/15E148 Safari/604.1"
43.164.0.96 - - [15/Aug/2026:05:01:58 +0300] "GET / HTTP/1.1" 301 5 "http://www.pr11.ru" "Mozilla/5.0 (iPhone; CPU iPhone OS 13_2_3 like Mac OS X) AppleWebKit/605.1.15 (KHTML, like Gecko) Version/13.0.3 Mobile/15E148 Safari/604.1"
43.164.0.96 - - [15/Aug/2026:05:02:00 +0300] "GET / HTTP/1.1" 200 20298 "https://www.pr11.ru/" "Mozilla/5.0 (iPhone; CPU iPhone OS 13_2_3 like Mac OS X) AppleWebKit/605.1.15 (KHTML, like Gecko) Version/13.0.3 Mobile/15E148 Safari/604.1"
95.108.213.203 - - [15/Aug/2026:05:05:19 +0300] "GET /?yclid=7710547526903176844 HTTP/1.1" 200 20295 "-" "Mozilla/5.0 (compatible; YandexMetrika/2.0; +http://yandex.com/bots yabs01)"
94.154.190.222 - - [15/Aug/2026:05:06:32 +0300] "GET /wp-login.php HTTP/1.1" 200 3792 "-" "Mozilla/5.0 (Windows NT 6.1; Win64; x64; rv:87.0) Gecko/20100101 Firefox/87.0"
94.154.190.222 - - [15/Aug/2026:05:06:33 +0300] "GET /wp-includes/css/dashicons.min.css?ver=7.0.2 HTTP/1.1" 200 36714 "https://pr11.ru/wp-login.php" "Mozilla/5.0 (Windows NT 6.1; Win64; x64; rv:87.0) Gecko/20100101 Firefox/87.0"
94.154.190.222 - - [15/Aug/2026:05:06:33 +0300] "GET /wp-includes/css/buttons.min.css?ver=7.0.2 HTTP/1.1" 200 1929 "https://pr11.ru/wp-login.php" "Mozilla/5.0 (Windows NT 6.1; Win64; x64; rv:87.0) Gecko/20100101 Firefox/87.0"
94.154.190.222 - - [15/Aug/2026:05:06:33 +0300] "GET /wp-admin/css/forms.min.css?ver=7.0.2 HTTP/1.1" 200 8446 "https://pr11.ru/wp-login.php" "Mozilla/5.0 (Windows NT 6.1; Win64; x64; rv:87.0) Gecko/20100101 Firefox/87.0"
94.154.190.222 - - [15/Aug/2026:05:06:33 +0300] "GET /wp-admin/css/l10n.min.css?ver=7.0.2 HTTP/1.1" 200 874 "https://pr11.ru/wp-login.php" "Mozilla/5.0 (Windows NT 6.1; Win64; x64; rv:87.0) Gecko/20100101 Firefox/87.0"
94.154.190.222 - - [15/Aug/2026:05:06:33 +0300] "GET /wp-includes/js/clipboard.min.js?ver=2.0.11 HTTP/1.1" 200 3478 "https://pr11.ru/wp-login.php" "Mozilla/5.0 (Windows NT 6.1; Win64; x64; rv:87.0) Gecko/20100101 Firefox/87.0"
94.154.190.222 - - [15/Aug/2026:05:06:33 +0300] "GET /wp-includes/css/dist/base-styles/admin-schemes.min.css?ver=7.0.2 HTTP/1.1" 200 937 "https://pr11.ru/wp-login.php" "Mozilla/5.0 (Windows NT 6.1; Win64; x64; rv:87.0) Gecko/20100101 Firefox/87.0"
94.154.190.222 - - [15/Aug/2026:05:06:33 +0300] "GET /wp-admin/css/login.min.css?ver=7.0.2 HTTP/1.1" 200 2482 "https://pr11.ru/wp-login.php" "Mozilla/5.0 (Windows NT 6.1; Win64; x64; rv:87.0) Gecko/20100101 Firefox/87.0"
94.154.190.222 - - [15/Aug/2026:05:06:33 +0300] "GET /wp-includes/js/jquery/jquery.min.js?ver=3.7.1 HTTP/1.1" 200 35451 "https://pr11.ru/wp-login.php" "Mozilla/5.0 (Windows NT 6.1; Win64; x64; rv:87.0) Gecko/20100101 Firefox/87.0"
94.154.190.222 - - [15/Aug/2026:05:06:33 +0300] "GET /wp-includes/js/jquery/jquery-migrate.min.js?ver=3.4.1 HTTP/1.1" 200 5355 "https://pr11.ru/wp-login.php" "Mozilla/5.0 (Windows NT 6.1; Win64; x64; rv:87.0) Gecko/20100101 Firefox/87.0"
94.154.190.222 - - [15/Aug/2026:05:06:33 +0300] "GET /wp-includes/js/zxcvbn-async.min.js?ver=1.0 HTTP/1.1" 200 270 "https://pr11.ru/wp-login.php" "Mozilla/5.0 (Windows NT 6.1; Win64; x64; rv:87.0) Gecko/20100101 Firefox/87.0"
94.154.190.222 - - [15/Aug/2026:05:06:33 +0300] "GET /wp-admin/js/password-strength-meter.min.js?ver=7.0.2 HTTP/1.1" 200 642 "https://pr11.ru/wp-login.php" "Mozilla/5.0 (Windows NT 6.1; Win64; x64; rv:87.0) Gecko/20100101 Firefox/87.0"
94.154.190.222 - - [15/Aug/2026:05:06:33 +0300] "GET /wp-includes/js/dist/i18n.min.js?ver=781d11515ad3d91786ec HTTP/1.1" 200 2600 "https://pr11.ru/wp-login.php" "Mozilla/5.0 (Windows NT 6.1; Win64; x64; rv:87.0) Gecko/20100101 Firefox/87.0"
94.154.190.222 - - [15/Aug/2026:05:06:33 +0300] "GET /wp-includes/js/dist/hooks.min.js?ver=7496969728ca0f95732d HTTP/1.1" 200 1937 "https://pr11.ru/wp-login.php" "Mozilla/5.0 (Windows NT 6.1; Win64; x64; rv:87.0) Gecko/20100101 Firefox/87.0"
94.154.190.222 - - [15/Aug/2026:05:06:33 +0300] "GET /wp-includes/js/underscore.min.js?ver=1.13.8 HTTP/1.1" 200 8154 "https://pr11.ru/wp-login.php" "Mozilla/5.0 (Windows NT 6.1; Win64; x64; rv:87.0) Gecko/20100101 Firefox/87.0"
94.154.190.222 - - [15/Aug/2026:05:06:33 +0300] "GET /wp-includes/js/wp-util.min.js?ver=7.0.2 HTTP/1.1" 200 783 "https://pr11.ru/wp-login.php" "Mozilla/5.0 (Windows NT 6.1; Win64; x64; rv:87.0) Gecko/20100101 Firefox/87.0"
94.154.190.222 - - [15/Aug/2026:05:06:33 +0300] "GET /wp-includes/js/dist/dom-ready.min.js?ver=a06281ae5cf5500e9317 HTTP/1.1" 200 494 "https://pr11.ru/wp-login.php" "Mozilla/5.0 (Windows NT 6.1; Win64; x64; rv:87.0) Gecko/20100101 Firefox/87.0"
94.154.190.222 - - [15/Aug/2026:05:06:33 +0300] "GET /wp-admin/images/wordpress-logo-gray.svg?ver=20260303 HTTP/1.1" 200 846 "https://pr11.ru/wp-login.php" "Mozilla/5.0 (Windows NT 6.1; Win64; x64; rv:87.0) Gecko/20100101 Firefox/87.0"
94.154.190.222 - - [15/Aug/2026:05:06:33 +0300] "GET /wp-admin/js/user-profile.min.js?ver=7.0.2 HTTP/1.1" 200 3424 "https://pr11.ru/wp-login.php" "Mozilla/5.0 (Windows NT 6.1; Win64; x64; rv:87.0) Gecko/20100101 Firefox/87.0"
94.154.190.222 - - [15/Aug/2026:05:06:33 +0300] "GET /wp-includes/js/dist/a11y.min.js?ver=af934e5259bc51b8718e HTTP/1.1" 200 1098 "https://pr11.ru/wp-login.php" "Mozilla/5.0 (Windows NT 6.1; Win64; x64; rv:87.0) Gecko/20100101 Firefox/87.0"
94.154.190.222 - - [15/Aug/2026:05:06:33 +0300] "GET /wp-includes/js/zxcvbn.min.js HTTP/1.1" 200 440458 "https://pr11.ru/wp-login.php" "Mozilla/5.0 (Windows NT 6.1; Win64; x64; rv:87.0) Gecko/20100101 Firefox/87.0"
94.154.190.222 - - [15/Aug/2026:05:06:41 +0300] "POST /wp-login.php HTTP/1.1" 200 3944 "https://pr11.ru/wp-login.php" "Mozilla/5.0 (Windows NT 6.1; Win64; x64; rv:87.0) Gecko/20100101 Firefox/87.0"
95.108.213.125 - - [15/Aug/2026:05:11:30 +0300] "GET /?yclid=7710547526903176844 HTTP/1.1" 200 20295 "-" "Mozilla/5.0 (compatible; YandexMetrika/2.0; +http://yandex.com/bots yabs01)"
213.180.203.89 - - [15/Aug/2026:05:12:59 +0300] "GET /?yclid=7710547526903176844 HTTP/1.1" 200 20317 "-" "Mozilla/5.0 (compatible; YandexMetrika/2.0; +http://yandex.com/bots yabs01)"
159.253.20.91 - - [15/Aug/2026:05:14:24 +0300] "GET / HTTP/1.1" 200 20303 "-" "Mozilla/5.0 (X11; Linux x86_64) AppleWebKit/537.36 (KHTML, like Gecko) Chrome/44.0.2403.157 Safari/537.36"
62.60.130.247 - - [15/Aug/2026:05:16:17 +0300] "POST /wp-json/batch/v1 HTTP/1.1" 207 27 "-" "Mozilla/5.0 (Windows NT 10.0; Win64; x64) AppleWebKit/537.36 (KHTML, like Gecko) Chrome/131.0.0.0 Safari/537.36"
62.60.130.247 - - [15/Aug/2026:05:16:17 +0300] "POST /wp-json/batch/v1 HTTP/1.1" 207 1152 "-" "Mozilla/5.0 (Windows NT 10.0; Win64; x64) AppleWebKit/537.36 (KHTML, like Gecko) Chrome/131.0.0.0 Safari/537.36"
62.60.130.247 - - [15/Aug/2026:05:16:17 +0300] "POST /wp-json/batch/v1 HTTP/1.1" 207 1152 "-" "Mozilla/5.0 (Windows NT 10.0; Win64; x64) AppleWebKit/537.36 (KHTML, like Gecko) Chrome/131.0.0.0 Safari/537.36"
62.60.130.247 - - [15/Aug/2026:05:16:17 +0300] "POST /wp-json/batch/v1 HTTP/1.1" 207 1152 "-" "Mozilla/5.0 (Windows NT 10.0; Win64; x64) AppleWebKit/537.36 (KHTML, like Gecko) Chrome/131.0.0.0 Safari/537.36"
62.60.130.247 - - [15/Aug/2026:05:16:18 +0300] "POST /wp-json/batch/v1 HTTP/1.1" 207 1152 "-" "Mozilla/5.0 (Windows NT 10.0; Win64; x64) AppleWebKit/537.36 (KHTML, like Gecko) Chrome/131.0.0.0 Safari/537.36"
62.60.130.247 - - [15/Aug/2026:05:16:18 +0300] "POST /wp-json/batch/v1 HTTP/1.1" 207 1152 "-" "Mozilla/5.0 (Windows NT 10.0; Win64; x64) AppleWebKit/537.36 (KHTML, like Gecko) Chrome/131.0.0.0 Safari/537.36"
62.60.130.247 - - [15/Aug/2026:05:16:18 +0300] "POST /wp-json/batch/v1 HTTP/1.1" 207 1152 "-" "Mozilla/5.0 (Windows NT 10.0; Win64; x64) AppleWebKit/537.36 (KHTML, like Gecko) Chrome/131.0.0.0 Safari/537.36"
95.108.213.198 - - [15/Aug/2026:05:18:50 +0300] "GET /?yclid=7710547526903176844 HTTP/1.1" 200 20295 "-" "Mozilla/5.0 (compatible; YandexMetrika/2.0; +http://yandex.com/bots yabs01)"
95.108.213.160 - - [15/Aug/2026:05:21:08 +0300] "GET /?yclid=7710547526903176844 HTTP/1.1" 200 20295 "-" "Mozilla/5.0 (compatible; YandexMetrika/2.0; +http://yandex.com/bots yabs01)"
2a03:2880:f814:27:: - - [15/Aug/2026:05:24:27 +0300] "GET /sitemap.xml HTTP/1.1" 301 5 "-" "Mozilla/5.0 (Macintosh; Intel Mac OS X 10_15_7) AppleWebKit/537.36 (KHTML, like Gecko) Chrome/145.0.0.0 Safari/537.36 (compatible; meta-externalagent/1.1 (+https://developers.facebook.com/docs/sharing/webmasters/crawler))"
2a03:2880:f814:33:: - - [15/Aug/2026:05:24:30 +0300] "GET /wp-sitemap.xml HTTP/1.1" 200 509 "-" "Mozilla/5.0 (Macintosh; Intel Mac OS X 10_15_7) AppleWebKit/537.36 (KHTML, like Gecko) Chrome/145.0.0.0 Safari/537.36 (compatible; meta-externalagent/1.1 (+https://developers.facebook.com/docs/sharing/webmasters/crawler))"
94.154.35.236 - - [15/Aug/2026:05:25:28 +0300] "HEAD /clinika.zip HTTP/1.1" 301 0 "-" "Mozilla/5.0 (Windows NT 10.0; Win64; x64) AppleWebKit/537.36 (KHTML, like Gecko) Chrome/101.0.4951.67 Safari/537.36"
94.154.35.236 - - [15/Aug/2026:05:25:28 +0300] "HEAD /clinika.zip HTTP/1.1" 404 0 "-" "Mozilla/5.0 (Windows NT 10.0; Win64; x64) AppleWebKit/537.36 (KHTML, like Gecko) Chrome/101.0.4951.67 Safari/537.36"
95.108.213.127 - - [15/Aug/2026:05:25:34 +0300] "GET /?yclid=7710547526903176844 HTTP/1.1" 200 20295 "-" "Mozilla/5.0 (compatible; YandexMetrika/2.0; +http://yandex.com/bots yabs01)"
159.253.20.91 - - [15/Aug/2026:05:28:27 +0300] "GET / HTTP/1.1" 200 20303 "-" "Mozilla/5.0 (X11; Linux x86_64) AppleWebKit/537.36 (KHTML, like Gecko) Chrome/44.0.2403.157 Safari/537.36"
45.227.253.15 - - [15/Aug/2026:05:31:27 +0300] "GET /index.php/jk HTTP/1.1" 301 5 "-" "Mozilla/5.0 (Macintosh; Intel Mac OS X 10.15; rv:103.0) Gecko/20100101 Firefox/103.0"
45.227.253.15 - - [15/Aug/2026:05:31:28 +0300] "GET /jk HTTP/1.1" 404 12398 "https://pr11.ru/index.php/jk" "Mozilla/5.0 (Macintosh; Intel Mac OS X 10.15; rv:103.0) Gecko/20100101 Firefox/103.0"
87.250.224.128 - - [15/Aug/2026:05:32:02 +0300] "GET /?yclid=7710547526903176844 HTTP/1.1" 200 20304 "-" "Mozilla/5.0 (compatible; YandexMetrika/2.0; +http://yandex.com/bots yabs01)"
87.250.224.128 - - [15/Aug/2026:05:32:02 +0300] "GET /?yclid=7710547526903176844 HTTP/1.1" 200 20304 "-" "Mozilla/5.0 (compatible; YandexMetrika/2.0; +http://yandex.com/bots yabs01)"
87.250.224.231 - - [15/Aug/2026:05:32:55 +0300] "GET /?yclid=7710547526903176844 HTTP/1.1" 200 20300 "-" "Mozilla/5.0 (compatible; YandexMetrika/2.0; +http://yandex.com/bots yabs01)"
95.108.213.98 - - [15/Aug/2026:05:40:21 +0300] "GET /?yclid=7710547526903176844 HTTP/1.1" 200 20295 "-" "Mozilla/5.0 (compatible; YandexMetrika/2.0; +http://yandex.com/bots yabs01)"
107.150.37.82 - - [15/Aug/2026:05:40:22 +0300] "GET /wp-content/js8149d7/index.php HTTP/1.1" 404 47 "https://pr11.ru/wp-content/js8149d7/index.php" "Mozilla/5.0 (Windows NT 10.0; Win64; x64) AppleWebKit/537.36 (KHTML, like Gecko) Chrome/58.0.3029.110 Safari/537.3"
95.108.213.79 - - [15/Aug/2026:05:40:26 +0300] "GET /?yclid=7710547526903176844 HTTP/1.1" 200 20296 "-" "Mozilla/5.0 (compatible; YandexMetrika/2.0; +http://yandex.com/bots yabs01)"
95.108.213.98 - - [15/Aug/2026:05:41:30 +0300] "GET /robots.txt HTTP/1.1" 200 108 "-" "Mozilla/5.0 (compatible; YandexBot/3.0; +http://yandex.com/bots)"
159.253.20.91 - - [15/Aug/2026:05:42:26 +0300] "GET / HTTP/1.1" 200 20303 "-" "Mozilla/5.0 (X11; Linux x86_64) AppleWebKit/537.36 (KHTML, like Gecko) Chrome/44.0.2403.157 Safari/537.36"
66.249.69.174 - - [15/Aug/2026:05:43:20 +0300] "GET /saiga.php?t=22769126911 HTTP/1.1" 404 47 "-" "Mozilla/5.0 (Linux; Android 6.0.1; Nexus 5X Build/MMB29P) AppleWebKit/537.36 (KHTML, like Gecko) Chrome/150.0.7871.186 Mobile Safari/537.36 (compatible; Googlebot/2.1; +http://www.google.com/bot.html)"
2a03:f480:2:7::5c - - [15/Aug/2026:05:47:46 +0300] "POST /wp-cron.php?doing_wp_cron=1786762066.2599830627441406250000 HTTP/1.1" 200 31 "-" "WordPress/7.0.2; https://pr11.ru"
87.250.224.205 - - [15/Aug/2026:05:47:46 +0300] "GET /?yclid=7710547526903176844 HTTP/1.1" 200 20297 "-" "Mozilla/5.0 (compatible; YandexMetrika/2.0; +http://yandex.com/bots yabs01)"
87.250.224.249 - - [15/Aug/2026:05:49:42 +0300] "GET /?yclid=7710547526903176844 HTTP/1.1" 200 20303 "-" "Mozilla/5.0 (compatible; YandexMetrika/2.0; +http://yandex.com/bots yabs01)"
94.154.35.236 - - [15/Aug/2026:05:50:13 +0300] "HEAD /manager.zip HTTP/1.1" 301 0 "-" "Mozilla/5.0 (Windows NT 10.0; Win64; x64) AppleWebKit/537.36 (KHTML, like Gecko) Chrome/101.0.4951.67 Safari/537.36"
94.154.35.236 - - [15/Aug/2026:05:50:13 +0300] "HEAD /manager.zip HTTP/1.1" 404 0 "-" "Mozilla/5.0 (Windows NT 10.0; Win64; x64) AppleWebKit/537.36 (KHTML, like Gecko) Chrome/101.0.4951.67 Safari/537.36"
66.249.69.160 - - [15/Aug/2026:05:53:49 +0300] "GET /saiga.php?sitemap380.xml HTTP/1.1" 404 47 "-" "Mozilla/5.0 (compatible; Googlebot/2.1; +http://www.google.com/bot.html)"
2a03:2880:f814:45:: - - [15/Aug/2026:05:54:12 +0300] "GET /wp-sitemap.xml HTTP/1.1" 200 509 "-" "Mozilla/5.0 (Windows NT 10.0; Win64; x64) AppleWebKit/537.36 (KHTML, like Gecko) Chrome/145.0.0.0 Safari/537.36 (compatible; meta-externalagent/1.1 (+https://developers.facebook.com/docs/sharing/webmasters/crawler))"
5.255.231.128 - - [15/Aug/2026:05:55:19 +0300] "GET /?yclid=7710547526903176844 HTTP/1.1" 200 20295 "-" "Mozilla/5.0 (compatible; YandexMetrika/2.0; +http://yandex.com/bots yabs01)"
159.253.20.91 - - [15/Aug/2026:05:56:27 +0300] "GET / HTTP/1.1" 200 20303 "-" "Mozilla/5.0 (X11; Linux x86_64) AppleWebKit/537.36 (KHTML, like Gecko) Chrome/44.0.2403.157 Safari/537.36"
213.180.203.234 - - [15/Aug/2026:05:58:33 +0300] "GET /?yclid=7710547526903176844 HTTP/1.1" 200 20298 "-" "Mozilla/5.0 (compatible; YandexMetrika/2.0; +http://yandex.com/bots yabs01)"
159.253.20.91 - - [15/Aug/2026:06:00:27 +0300] "GET / HTTP/1.1" 200 20303 "-" "Mozilla/5.0 (X11; Linux x86_64) AppleWebKit/537.36 (KHTML, like Gecko) Chrome/44.0.2403.157 Safari/537.36"
95.108.213.140 - - [15/Aug/2026:06:02:42 +0300] "GET /?yclid=7710547526903176844 HTTP/1.1" 200 20295 "-" "Mozilla/5.0 (compatible; YandexMetrika/2.0; +http://yandex.com/bots yabs01)"
5.255.231.114 - - [15/Aug/2026:06:07:48 +0300] "GET /?yclid=7710547526903176844 HTTP/1.1" 200 20298 "-" "Mozilla/5.0 (compatible; YandexMetrika/2.0; +http://yandex.com/bots yabs01)"
158.101.222.99 - - [15/Aug/2026:06:08:45 +0300] "GET /wp-login.php HTTP/1.1" 200 11700 "-" "Python-urllib/3.10"
158.101.222.99 - - [15/Aug/2026:06:08:45 +0300] "GET /wp-content/plugins/breeze/readme.txt HTTP/1.1" 404 44225 "-" "Python-urllib/3.10"
158.101.222.99 - - [15/Aug/2026:06:08:45 +0300] "GET /wp-content/plugins/breeze/breeze.php HTTP/1.1" 404 27 "-" "Python-urllib/3.10"
100.52.249.240 - - [15/Aug/2026:06:09:40 +0300] "GET / HTTP/1.1" 200 82971 "-" "Mozilla/5.0 (Windows NT 10.0; Win64; x64) AppleWebKit/537.36 (KHTML, like Gecko) Chrome/126.0.0.0 Safari/537.36"
95.108.213.127 - - [15/Aug/2026:06:09:49 +0300] "GET /?yclid=7710547526903176844 HTTP/1.1" 200 20295 "-" "Mozilla/5.0 (compatible; YandexMetrika/2.0; +http://yandex.com/bots yabs01)"
100.52.249.240 - - [15/Aug/2026:06:09:50 +0300] "GET /wp-json/batch/v1 HTTP/1.1" 404 335 "-" "Mozilla/5.0 (Windows NT 10.0; Win64; x64) AppleWebKit/537.36 (KHTML, like Gecko) Chrome/126.0.0.0 Safari/537.36"
100.52.249.240 - - [15/Aug/2026:06:09:52 +0300] "GET /?rest_route=/batch/v1 HTTP/1.1" 404 335 "-" "Mozilla/5.0 (Windows NT 10.0; Win64; x64) AppleWebKit/537.36 (KHTML, like Gecko) Chrome/126.0.0.0 Safari/537.36"
100.52.249.240 - - [15/Aug/2026:06:09:54 +0300] "POST /?rest_route=/batch/v1 HTTP/1.1" 207 870 "-" "Mozilla/5.0 (Windows NT 10.0; Win64; x64) AppleWebKit/537.36 (KHTML, like Gecko) Chrome/126.0.0.0 Safari/537.36"
159.253.20.91 - - [15/Aug/2026:06:14:26 +0300] "GET / HTTP/1.1" 200 20303 "-" "Mozilla/5.0 (X11; Linux x86_64) AppleWebKit/537.36 (KHTML, like Gecko) Chrome/44.0.2403.157 Safari/537.36"
213.180.203.63 - - [15/Aug/2026:06:15:35 +0300] "GET /?yclid=7710547526903176844 HTTP/1.1" 200 20295 "-" "Mozilla/5.0 (compatible; YandexMetrika/2.0; +http://yandex.com/bots yabs01)"
213.180.203.18 - - [15/Aug/2026:06:17:04 +0300] "GET /?yclid=7710547526903176844 HTTP/1.1" 200 20298 "-" "Mozilla/5.0 (compatible; YandexMetrika/2.0; +http://yandex.com/bots yabs01)"
74.7.228.185 - - [15/Aug/2026:06:17:15 +0300] "GET /saiga.php?l=56145200221 HTTP/1.1" 404 47 "-" "Mozilla/5.0 (Macintosh; Intel Mac OS X 10_15_7) AppleWebKit/537.36 (KHTML, like Gecko) Chrome/131.0.0.0 Safari/537.36; compatible; OAI-SearchBot/1.4; +https://openai.com/searchbot"
94.154.35.236 - - [15/Aug/2026:06:19:00 +0300] "HEAD /war.zip HTTP/1.1" 301 0 "-" "Mozilla/5.0 (Windows NT 10.0; Win64; x64) AppleWebKit/537.36 (KHTML, like Gecko) Chrome/101.0.4951.67 Safari/537.36"
94.154.35.236 - - [15/Aug/2026:06:19:01 +0300] "HEAD /war.zip HTTP/1.1" 404 0 "-" "Mozilla/5.0 (Windows NT 10.0; Win64; x64) AppleWebKit/537.36 (KHTML, like Gecko) Chrome/101.0.4951.67 Safari/537.36"
107.150.37.82 - - [15/Aug/2026:06:19:16 +0300] "GET /wp-content/js8149d7/index.php HTTP/1.1" 404 47 "https://pr11.ru/wp-content/js8149d7/index.php" "Mozilla/5.0 (Windows NT 10.0; Win64; x64) AppleWebKit/537.36 (KHTML, like Gecko) Chrome/58.0.3029.110 Safari/537.3"
216.73.216.111 - - [15/Aug/2026:06:20:04 +0300] "GET /robots.txt HTTP/1.1" 200 116 "-" "Mozilla/5.0 AppleWebKit/537.36 (KHTML, like Gecko; compatible; ClaudeBot/1.0; +claudebot@anthropic.com)"
216.73.216.111 - - [15/Aug/2026:06:20:05 +0300] "GET /wp-sitemap.xml HTTP/1.1" 200 509 "-" "Mozilla/5.0 AppleWebKit/537.36 (KHTML, like Gecko; compatible; ClaudeBot/1.0; +claudebot@anthropic.com)"
95.108.213.160 - - [15/Aug/2026:06:24:45 +0300] "GET /?yclid=7710547526903176844 HTTP/1.1" 200 20295 "-" "Mozilla/5.0 (compatible; YandexMetrika/2.0; +http://yandex.com/bots yabs01)"
5.255.231.108 - - [15/Aug/2026:06:25:59 +0300] "GET /?yclid=7710547526903176844 HTTP/1.1" 200 20298 "-" "Mozilla/5.0 (compatible; YandexMetrika/2.0; +http://yandex.com/bots yabs01)"
159.253.20.91 - - [15/Aug/2026:06:28:26 +0300] "GET / HTTP/1.1" 200 20303 "-" "Mozilla/5.0 (X11; Linux x86_64) AppleWebKit/537.36 (KHTML, like Gecko) Chrome/44.0.2403.157 Safari/537.36"
5.255.231.128 - - [15/Aug/2026:06:31:21 +0300] "GET /?yclid=7710547526903176844 HTTP/1.1" 200 20295 "-" "Mozilla/5.0 (compatible; YandexMetrika/2.0; +http://yandex.com/bots yabs01)"
2a03:2880:22ff:4b:: - - [15/Aug/2026:06:34:08 +0300] "GET /robots.txt HTTP/1.1" 200 116 "-" "facebookexternalhit/1.1 (+http://www.facebook.com/externalhit_uatext.php)"
2a03:2880:16ff:59:: - - [15/Aug/2026:06:34:09 +0300] "GET /robots.txt HTTP/1.1" 200 116 "-" "facebookexternalhit/1.1 (+http://www.facebook.com/externalhit_uatext.php)"
95.108.213.140 - - [15/Aug/2026:06:34:58 +0300] "GET /?yclid=7710547526903176844 HTTP/1.1" 200 20295 "-" "Mozilla/5.0 (compatible; YandexMetrika/2.0; +http://yandex.com/bots yabs01)"
5.255.231.82 - - [15/Aug/2026:06:38:43 +0300] "GET /?yclid=7710547526903176844 HTTP/1.1" 200 20319 "-" "Mozilla/5.0 (compatible; YandexMetrika/2.0; +http://yandex.com/bots yabs01)"
2a09:bac5:499:25af::3c1:2c - - [15/Aug/2026:06:39:25 +0300] "GET /wp-login.php HTTP/1.1" 200 3792 "https://pr11.ru" "Mozilla/5.0 (Windows NT 10.0; Win64; x64; rv:74.0) Gecko/20100101 Firefox/74.0"
104.28.240.85 - - [15/Aug/2026:06:39:26 +0300] "POST /wp-login.php HTTP/1.1" 302 5 "https://pr11.ru" "Mozilla/5.0 (Windows NT 10.0; Win64; x64; rv:74.0) Gecko/20100101 Firefox/74.0"
2a09:bac5:499:25af::3c1:2c - - [15/Aug/2026:06:39:32 +0300] "GET /wp-admin/ HTTP/1.1" 200 114361 "https://pr11.ru" "Mozilla/5.0 (Windows NT 10.0; Win64; x64; rv:74.0) Gecko/20100101 Firefox/74.0"
2a09:bac5:499:25af::3c1:2c - - [15/Aug/2026:06:39:38 +0300] "GET /wp-admin/ HTTP/1.1" 200 114361 "https://pr11.ru" "Mozilla/5.0 (Windows NT 10.0; Win64; x64; rv:74.0) Gecko/20100101 Firefox/74.0"
104.28.240.85 - - [15/Aug/2026:06:39:41 +0300] "GET /wp-admin/user-new.php HTTP/1.1" 200 102778 "https://pr11.ru" "Mozilla/5.0 (Windows NT 10.0; Win64; x64; rv:74.0) Gecko/20100101 Firefox/74.0"
2a09:bac5:499:25af::3c1:2c - - [15/Aug/2026:06:39:47 +0300] "POST /wp-admin/user-new.php HTTP/1.1" 200 102947 "https://pr11.ru" "Mozilla/5.0 (Windows NT 10.0; Win64; x64; rv:74.0) Gecko/20100101 Firefox/74.0"
2a09:bac5:499:25af::3c1:2c - - [15/Aug/2026:06:39:49 +0300] "GET /wp-admin/plugin-install.php?tab=upload HTTP/1.1" 200 98138 "https://pr11.ru" "Mozilla/5.0 (Windows NT 10.0; Win64; x64; rv:74.0) Gecko/20100101 Firefox/74.0"
2a09:bac5:499:25af::3c1:2c - - [15/Aug/2026:06:40:06 +0300] "GET /wp-admin/media-new.php HTTP/1.1" 200 97427 "https://pr11.ru" "Mozilla/5.0 (Windows NT 10.0; Win64; x64; rv:74.0) Gecko/20100101 Firefox/74.0"
104.28.240.85 - - [15/Aug/2026:06:40:06 +0300] "POST /wp-admin/update.php?action=upload-plugin HTTP/1.1" 499 0 "https://pr11.ru" "Mozilla/5.0 (Windows NT 10.0; Win64; x64; rv:74.0) Gecko/20100101 Firefox/74.0"
104.28.240.85 - - [15/Aug/2026:06:40:08 +0300] "POST /wp-admin/async-upload.php HTTP/1.1" 200 185 "https://pr11.ru" "Mozilla/5.0 (Windows NT 10.0; Win64; x64; rv:74.0) Gecko/20100101 Firefox/74.0"
2a09:bac5:499:25af::3c1:2c - - [15/Aug/2026:06:40:09 +0300] "GET /wp-content/uploads/2026/08/fprezunw.php HTTP/1.1" 404 47 "https://pr11.ru" "Mozilla/5.0 (Windows NT 10.0; Win64; x64; rv:74.0) Gecko/20100101 Firefox/74.0"
2a09:bac5:499:25af::3c1:2c - - [15/Aug/2026:06:40:10 +0300] "POST /wp-admin/async-upload.php HTTP/1.1" 200 187 "https://pr11.ru" "Mozilla/5.0 (Windows NT 10.0; Win64; x64; rv:74.0) Gecko/20100101 Firefox/74.0"
2a09:bac5:499:25af::3c1:2c - - [15/Aug/2026:06:40:11 +0300] "GET /wp-content/uploads/2026/08/fprezunw.phtml HTTP/1.1" 404 12445 "https://pr11.ru" "Mozilla/5.0 (Windows NT 10.0; Win64; x64; rv:74.0) Gecko/20100101 Firefox/74.0"
104.28.240.85 - - [15/Aug/2026:06:40:13 +0300] "POST /wp-admin/async-upload.php HTTP/1.1" 200 186 "https://pr11.ru" "Mozilla/5.0 (Windows NT 10.0; Win64; x64; rv:74.0) Gecko/20100101 Firefox/74.0"
2a09:bac5:499:25af::3c1:2c - - [15/Aug/2026:06:40:14 +0300] "GET /wp-content/uploads/2026/08/fprezunw.phar HTTP/1.1" 404 12445 "https://pr11.ru" "Mozilla/5.0 (Windows NT 10.0; Win64; x64; rv:74.0) Gecko/20100101 Firefox/74.0"
2a09:bac5:499:25af::3c1:2c - - [15/Aug/2026:06:40:15 +0300] "POST /wp-admin/async-upload.php HTTP/1.1" 200 186 "https://pr11.ru" "Mozilla/5.0 (Windows NT 10.0; Win64; x64; rv:74.0) Gecko/20100101 Firefox/74.0"
2a09:bac5:499:25af::3c1:2c - - [15/Aug/2026:06:40:17 +0300] "GET /wp-content/uploads/2026/08/fprezunw.php5 HTTP/1.1" 404 12445 "https://pr11.ru" "Mozilla/5.0 (Windows NT 10.0; Win64; x64; rv:74.0) Gecko/20100101 Firefox/74.0"
2a09:bac5:499:25af::3c1:2c - - [15/Aug/2026:06:40:18 +0300] "POST /wp-admin/async-upload.php HTTP/1.1" 200 186 "https://pr11.ru" "Mozilla/5.0 (Windows NT 10.0; Win64; x64; rv:74.0) Gecko/20100101 Firefox/74.0"
2a09:bac5:499:25af::3c1:2c - - [15/Aug/2026:06:40:19 +0300] "GET /wp-content/uploads/2026/08/fprezunw.php7 HTTP/1.1" 404 12445 "https://pr11.ru" "Mozilla/5.0 (Windows NT 10.0; Win64; x64; rv:74.0) Gecko/20100101 Firefox/74.0"
104.28.240.85 - - [15/Aug/2026:06:40:33 +0300] "GET /wp-admin/plugin-install.php?s=file-manager-advanced&tab=search&type=term HTTP/1.1" 200 99217 "https://pr11.ru" "Mozilla/5.0 (Windows NT 10.0; Win64; x64; rv:74.0) Gecko/20100101 Firefox/74.0"
2a09:bac5:499:25af::3c1:2c - - [15/Aug/2026:06:40:35 +0300] "GET /wp-admin/plugin-editor.php HTTP/1.1" 200 113997 "https://pr11.ru" "Mozilla/5.0 (Windows NT 10.0; Win64; x64; rv:74.0) Gecko/20100101 Firefox/74.0"
104.28.240.85 - - [15/Aug/2026:06:40:37 +0300] "GET /wp-admin/plugin-editor.php?file=cyr2lat/cyr-to-lat.php&plugin=cyr2lat/cyr-to-lat.php HTTP/1.1" 200 102291 "https://pr11.ru" "Mozilla/5.0 (Windows NT 10.0; Win64; x64; rv:74.0) Gecko/20100101 Firefox/74.0"
2a03:f480:2:7::5c - - [15/Aug/2026:06:40:39 +0300] "GET /wp-admin/plugin-editor.php?plugin=cyr2lat%2Fcyr-to-lat.php&file=cyr2lat%2Fcyr-to-lat.php&wp_scrape_key=6bbf1ae6057073fa17fb25b147526860&wp_scrape_nonce=2009309968 HTTP/1.1" 200 8209 "-" "WordPress/7.0.2; https://pr11.ru"
2a03:f480:2:7::5c - - [15/Aug/2026:06:40:39 +0300] "GET /?wp_scrape_key=6bbf1ae6057073fa17fb25b147526860&wp_scrape_nonce=2009309968 HTTP/1.1" 200 3854 "-" "WordPress/7.0.2; https://pr11.ru"
2a09:bac5:499:25af::3c1:2c - - [15/Aug/2026:06:40:39 +0300] "POST /wp-admin/admin-ajax.php HTTP/1.1" 200 119 "https://pr11.ru" "Mozilla/5.0 (Windows NT 10.0; Win64; x64; rv:74.0) Gecko/20100101 Firefox/74.0"
2a09:bac5:499:25af::3c1:2c - - [15/Aug/2026:06:40:40 +0300] "GET /wp-content/plugins/cyr2lat/cyr-to-lat.php HTTP/1.1" 200 2708 "https://pr11.ru" "Mozilla/5.0 (Windows NT 10.0; Win64; x64; rv:74.0) Gecko/20100101 Firefox/74.0"
159.253.20.91 - - [15/Aug/2026:06:42:22 +0300] "GET / HTTP/1.1" 200 3777 "-" "Mozilla/5.0 (X11; Linux x86_64) AppleWebKit/537.36 (KHTML, like Gecko) Chrome/44.0.2403.157 Safari/537.36"
95.108.213.107 - - [15/Aug/2026:06:43:30 +0300] "GET /?yclid=7710547526903176844 HTTP/1.1" 200 3788 "-" "Mozilla/5.0 (compatible; YandexMetrika/2.0; +http://yandex.com/bots yabs01)"
95.108.213.200 - - [15/Aug/2026:06:46:10 +0300] "GET /?yclid=7710547526903176844 HTTP/1.1" 200 3786 "-" "Mozilla/5.0 (compatible; YandexMetrika/2.0; +http://yandex.com/bots yabs01)"
107.150.37.82 - - [15/Aug/2026:06:47:02 +0300] "GET /wp-content/js8149d7/index.php HTTP/1.1" 404 47 "https://pr11.ru/wp-content/js8149d7/index.php" "Mozilla/5.0 (Windows NT 10.0; Win64; x64) AppleWebKit/537.36 (KHTML, like Gecko) Chrome/58.0.3029.110 Safari/537.3"
87.250.224.251 - - [15/Aug/2026:06:50:34 +0300] "GET /?yclid=7710547526903176844 HTTP/1.1" 200 3788 "-" "Mozilla/5.0 (compatible; YandexMetrika/2.0; +http://yandex.com/bots yabs01)"
188.119.190.70 - - [15/Aug/2026:06:50:40 +0300] "GET / HTTP/1.1" 301 169 "-" "Mozilla/5.0 (Windows NT 10.0; Win64; x64) AppleWebKit/537.36 (KHTML, like Gecko) Chrome/79.0 Safari/537.36"
188.119.190.70 - - [15/Aug/2026:06:50:41 +0300] "GET / HTTP/1.1" 200 40111 "-" "Mozilla/5.0 (Windows NT 10.0; Win64; x64) AppleWebKit/537.36 (KHTML, like Gecko) Chrome/79.0 Safari/537.36"
188.119.190.70 - - [15/Aug/2026:06:50:42 +0300] "GET //wp-includes/wlwmanifest.xml HTTP/1.1" 200 40111 "-" "Mozilla/5.0 (Windows NT 10.0; Win64; x64) AppleWebKit/537.36 (KHTML, like Gecko) Chrome/79.0 Safari/537.36"
188.119.190.70 - - [15/Aug/2026:06:50:42 +0300] "GET //xmlrpc.php?rsd HTTP/1.1" 200 40112 "-" "Mozilla/5.0 (Windows NT 10.0; Win64; x64) AppleWebKit/537.36 (KHTML, like Gecko) Chrome/79.0 Safari/537.36"
188.119.190.70 - - [15/Aug/2026:06:50:43 +0300] "GET / HTTP/1.1" 200 40111 "-" "Mozilla/5.0 (Windows NT 10.0; Win64; x64) AppleWebKit/537.36 (KHTML, like Gecko) Chrome/79.0 Safari/537.36"
188.119.190.70 - - [15/Aug/2026:06:50:44 +0300] "GET //blog/wp-includes/wlwmanifest.xml HTTP/1.1" 200 40111 "-" "Mozilla/5.0 (Windows NT 10.0; Win64; x64) AppleWebKit/537.36 (KHTML, like Gecko) Chrome/79.0 Safari/537.36"
188.119.190.70 - - [15/Aug/2026:06:50:44 +0300] "GET //web/wp-includes/wlwmanifest.xml HTTP/1.1" 200 40111 "-" "Mozilla/5.0 (Windows NT 10.0; Win64; x64) AppleWebKit/537.36 (KHTML, like Gecko) Chrome/79.0 Safari/537.36"
188.119.190.70 - - [15/Aug/2026:06:50:45 +0300] "GET //wordpress/wp-includes/wlwmanifest.xml HTTP/1.1" 200 40111 "-" "Mozilla/5.0 (Windows NT 10.0; Win64; x64) AppleWebKit/537.36 (KHTML, like Gecko) Chrome/79.0 Safari/537.36"
188.119.190.70 - - [15/Aug/2026:06:50:45 +0300] "GET //website/wp-includes/wlwmanifest.xml HTTP/1.1" 200 40111 "-" "Mozilla/5.0 (Windows NT 10.0; Win64; x64) AppleWebKit/537.36 (KHTML, like Gecko) Chrome/79.0 Safari/537.36"
188.119.190.70 - - [15/Aug/2026:06:50:46 +0300] "GET //wp/wp-includes/wlwmanifest.xml HTTP/1.1" 200 40111 "-" "Mozilla/5.0 (Windows NT 10.0; Win64; x64) AppleWebKit/537.36 (KHTML, like Gecko) Chrome/79.0 Safari/537.36"
188.119.190.70 - - [15/Aug/2026:06:50:46 +0300] "GET //news/wp-includes/wlwmanifest.xml HTTP/1.1" 200 40111 "-" "Mozilla/5.0 (Windows NT 10.0; Win64; x64) AppleWebKit/537.36 (KHTML, like Gecko) Chrome/79.0 Safari/537.36"
188.119.190.70 - - [15/Aug/2026:06:50:46 +0300] "GET //wp1/wp-includes/wlwmanifest.xml HTTP/1.1" 200 40111 "-" "Mozilla/5.0 (Windows NT 10.0; Win64; x64) AppleWebKit/537.36 (KHTML, like Gecko) Chrome/79.0 Safari/537.36"
188.119.190.70 - - [15/Aug/2026:06:50:47 +0300] "GET //test/wp-includes/wlwmanifest.xml HTTP/1.1" 200 40111 "-" "Mozilla/5.0 (Windows NT 10.0; Win64; x64) AppleWebKit/537.36 (KHTML, like Gecko) Chrome/79.0 Safari/537.36"
188.119.190.70 - - [15/Aug/2026:06:50:48 +0300] "GET //wp2/wp-includes/wlwmanifest.xml HTTP/1.1" 200 40111 "-" "Mozilla/5.0 (Windows NT 10.0; Win64; x64) AppleWebKit/537.36 (KHTML, like Gecko) Chrome/79.0 Safari/537.36"
188.119.190.70 - - [15/Aug/2026:06:50:48 +0300] "GET //site/wp-includes/wlwmanifest.xml HTTP/1.1" 200 40111 "-" "Mozilla/5.0 (Windows NT 10.0; Win64; x64) AppleWebKit/537.36 (KHTML, like Gecko) Chrome/79.0 Safari/537.36"
188.119.190.70 - - [15/Aug/2026:06:50:49 +0300] "GET //cms/wp-includes/wlwmanifest.xml HTTP/1.1" 200 40111 "-" "Mozilla/5.0 (Windows NT 10.0; Win64; x64) AppleWebKit/537.36 (KHTML, like Gecko) Chrome/79.0 Safari/537.36"
188.119.190.70 - - [15/Aug/2026:06:50:49 +0300] "GET //sito/wp-includes/wlwmanifest.xml HTTP/1.1" 200 40111 "-" "Mozilla/5.0 (Windows NT 10.0; Win64; x64) AppleWebKit/537.36 (KHTML, like Gecko) Chrome/79.0 Safari/537.36"
188.119.190.70 - - [15/Aug/2026:06:50:50 +0300] "" 400 0 "-" "-"
87.250.224.249 - - [15/Aug/2026:06:53:43 +0300] "GET /?yclid=7710547526903176844 HTTP/1.1" 200 3785 "-" "Mozilla/5.0 (compatible; YandexMetrika/2.0; +http://yandex.com/bots yabs01)"
66.249.69.174 - - [15/Aug/2026:06:54:17 +0300] "GET /version/info/fw5weutbutljt72.phtml HTTP/1.1" 200 3787 "-" "Mozilla/5.0 (Linux; Android 6.0.1; Nexus 5X Build/MMB29P) AppleWebKit/537.36 (KHTML, like Gecko) Chrome/150.0.7871.186 Mobile Safari/537.36 (compatible; Googlebot/2.1; +http://www.google.com/bot.html)"
89.113.159.123 - - [15/Aug/2026:06:54:38 +0300] "GET /gruzinskaya-76/coming-soon/?yclid=10221716564459913215 HTTP/1.1" 200 3787 "-" "ru.yandex.traffic/30.2.1/337327(iPhone 17 Pro iOS; iOS 26.6; ru)"
89.113.159.123 - - [15/Aug/2026:06:54:38 +0300] "GET /gruzinskaya-76/coming-soon/?yclid=10221716564459913215 HTTP/1.1" 200 3787 "-" "ru.yandex.traffic/30.2.1/337327(iPhone 17 Pro iOS; iOS 26.6; ru)"
159.253.20.91 - - [15/Aug/2026:06:56:26 +0300] "GET / HTTP/1.1" 200 3777 "-" "Mozilla/5.0 (X11; Linux x86_64) AppleWebKit/537.36 (KHTML, like Gecko) Chrome/44.0.2403.157 Safari/537.36"
87.250.224.207 - - [15/Aug/2026:06:58:24 +0300] "GET /?yclid=7710547526903176844 HTTP/1.1" 200 3789 "-" "Mozilla/5.0 (compatible; YandexMetrika/2.0; +http://yandex.com/bots yabs01)"
94.154.35.236 - - [15/Aug/2026:07:00:17 +0300] "HEAD /svo.zip HTTP/1.1" 301 0 "-" "Mozilla/5.0 (Windows NT 10.0; Win64; x64) AppleWebKit/537.36 (KHTML, like Gecko) Chrome/101.0.4951.67 Safari/537.36"
94.154.35.236 - - [15/Aug/2026:07:00:17 +0300] "HEAD /svo.zip HTTP/1.1" 200 0 "-" "Mozilla/5.0 (Windows NT 10.0; Win64; x64) AppleWebKit/537.36 (KHTML, like Gecko) Chrome/101.0.4951.67 Safari/537.36"
159.253.20.91 - - [15/Aug/2026:07:00:26 +0300] "GET / HTTP/1.1" 200 3777 "-" "Mozilla/5.0 (X11; Linux x86_64) AppleWebKit/537.36 (KHTML, like Gecko) Chrome/44.0.2403.157 Safari/537.36"
5.255.231.31 - - [15/Aug/2026:07:01:10 +0300] "GET /?yclid=7710547526903176844 HTTP/1.1" 200 3784 "-" "Mozilla/5.0 (compatible; YandexMetrika/2.0; +http://yandex.com/bots yabs01)"
95.108.213.107 - - [15/Aug/2026:07:06:55 +0300] "GET /?yclid=7710547526903176844 HTTP/1.1" 200 3788 "-" "Mozilla/5.0 (compatible; YandexMetrika/2.0; +http://yandex.com/bots yabs01)"
213.180.203.36 - - [15/Aug/2026:07:09:25 +0300] "GET /?yclid=7710547526903176844 HTTP/1.1" 200 3786 "-" "Mozilla/5.0 (compatible; YandexMetrika/2.0; +http://yandex.com/bots yabs01)"
159.253.20.91 - - [15/Aug/2026:07:14:25 +0300] "GET / HTTP/1.1" 200 3777 "-" "Mozilla/5.0 (X11; Linux x86_64) AppleWebKit/537.36 (KHTML, like Gecko) Chrome/44.0.2403.157 Safari/537.36"
95.108.213.127 - - [15/Aug/2026:07:15:00 +0300] "GET /?yclid=7710547526903176844 HTTP/1.1" 200 3789 "-" "Mozilla/5.0 (compatible; YandexMetrika/2.0; +http://yandex.com/bots yabs01)"
95.108.213.198 - - [15/Aug/2026:07:17:07 +0300] "GET /?yclid=7710547526903176844 HTTP/1.1" 200 3788 "-" "Mozilla/5.0 (compatible; YandexMetrika/2.0; +http://yandex.com/bots yabs01)"
213.180.203.90 - - [15/Aug/2026:07:23:12 +0300] "GET /?yclid=7710547526903176844 HTTP/1.1" 200 3787 "-" "Mozilla/5.0 (compatible; YandexMetrika/2.0; +http://yandex.com/bots yabs01)"
213.180.203.234 - - [15/Aug/2026:07:24:40 +0300] "GET /?yclid=7710547526903176844 HTTP/1.1" 200 3787 "-" "Mozilla/5.0 (compatible; YandexMetrika/2.0; +http://yandex.com/bots yabs01)"
107.150.37.82 - - [15/Aug/2026:07:26:21 +0300] "GET /wp-content/js8149d7/index.php HTTP/1.1" 404 47 "https://pr11.ru/wp-content/js8149d7/index.php" "Mozilla/5.0 (Windows NT 10.0; Win64; x64) AppleWebKit/537.36 (KHTML, like Gecko) Chrome/58.0.3029.110 Safari/537.3"
188.119.190.70 - - [15/Aug/2026:07:26:36 +0300] "GET / HTTP/1.1" 301 169 "-" "Mozilla/5.0 (Windows NT 10.0; Win64; x64) AppleWebKit/537.36 (KHTML, like Gecko) Chrome/79.0 Safari/537.36"
188.119.190.70 - - [15/Aug/2026:07:26:38 +0300] "GET / HTTP/1.1" 200 40111 "-" "Mozilla/5.0 (Windows NT 10.0; Win64; x64) AppleWebKit/537.36 (KHTML, like Gecko) Chrome/79.0 Safari/537.36"
188.119.190.70 - - [15/Aug/2026:07:26:39 +0300] "GET //wp-includes/wlwmanifest.xml HTTP/1.1" 200 40111 "-" "Mozilla/5.0 (Windows NT 10.0; Win64; x64) AppleWebKit/537.36 (KHTML, like Gecko) Chrome/79.0 Safari/537.36"
188.119.190.70 - - [15/Aug/2026:07:26:40 +0300] "GET //xmlrpc.php?rsd HTTP/1.1" 200 40112 "-" "Mozilla/5.0 (Windows NT 10.0; Win64; x64) AppleWebKit/537.36 (KHTML, like Gecko) Chrome/79.0 Safari/537.36"
188.119.190.70 - - [15/Aug/2026:07:26:40 +0300] "GET / HTTP/1.1" 200 40111 "-" "Mozilla/5.0 (Windows NT 10.0; Win64; x64) AppleWebKit/537.36 (KHTML, like Gecko) Chrome/79.0 Safari/537.36"
188.119.190.70 - - [15/Aug/2026:07:26:43 +0300] "GET //blog/wp-includes/wlwmanifest.xml HTTP/1.1" 200 40111 "-" "Mozilla/5.0 (Windows NT 10.0; Win64; x64) AppleWebKit/537.36 (KHTML, like Gecko) Chrome/79.0 Safari/537.36"
188.119.190.70 - - [15/Aug/2026:07:26:44 +0300] "GET //web/wp-includes/wlwmanifest.xml HTTP/1.1" 200 40111 "-" "Mozilla/5.0 (Windows NT 10.0; Win64; x64) AppleWebKit/537.36 (KHTML, like Gecko) Chrome/79.0 Safari/537.36"
