8.231.196.13 - - [15/Aug/2026:01:33:41 +0300] "GET /secrets.yml HTTP/1.1" 301 5 "-" "Mozilla/5.0 AppleWebKit/537.36 (KHTML, like Gecko); compatible; Claude-User/1.0; +mailto:support@anthropic.com"
8.231.196.13 - - [15/Aug/2026:01:33:41 +0300] "GET /api/.env HTTP/1.1" 404 12398 "https://www.pr11.ru/api/.env" "Mozilla/5.0 AppleWebKit/537.36 (KHTML, like Gecko); compatible; Claude-User/1.0; +mailto:support@anthropic.com"
8.231.196.13 - - [15/Aug/2026:01:33:42 +0300] "GET /gruzinskaya-76/coming-soon/ HTTP/1.1" 200 23580 "https://www.pr11.ru/gruzinskaya-76/coming-soon/" "Mozilla/5.0 (X11; Linux x86_64) AppleWebKit/537.36 (KHTML, like Gecko) Chrome/152.0.0.0 Safari/537.36 OPR/117.0.0.0"
8.231.196.13 - - [15/Aug/2026:01:33:42 +0300] "GET /admin/.env HTTP/1.1" 404 12398 "https://www.pr11.ru/admin/.env" "Mozilla/5.0 AppleWebKit/537.36 (KHTML, like Gecko); compatible; Claude-User/1.0; +mailto:support@anthropic.com"
8.231.196.13 - - [15/Aug/2026:01:33:42 +0300] "GET /backend/.env HTTP/1.1" 404 12398 "https://www.pr11.ru/backend/.env" "Mozilla/5.0 AppleWebKit/537.36 (KHTML, like Gecko); compatible; Claude-User/1.0; +mailto:support@anthropic.com"
8.231.196.13 - - [15/Aug/2026:01:33:42 +0300] "GET /config/.env HTTP/1.1" 404 12398 "https://www.pr11.ru/config/.env" "Mozilla/5.0 AppleWebKit/537.36 (KHTML, like Gecko); compatible; Claude-User/1.0; +mailto:support@anthropic.com"
8.231.196.13 - - [15/Aug/2026:01:33:42 +0300] "GET /secrets.json HTTP/1.1" 404 12398 "https://www.pr11.ru/secrets.json" "Mozilla/5.0 AppleWebKit/537.36 (KHTML, like Gecko); compatible; Claude-User/1.0; +mailto:support@anthropic.com"
8.231.196.13 - - [15/Aug/2026:01:33:42 +0300] "GET /secrets.yml HTTP/1.1" 404 12398 "https://www.pr11.ru/secrets.yml" "Mozilla/5.0 AppleWebKit/537.36 (KHTML, like Gecko); compatible; Claude-User/1.0; +mailto:support@anthropic.com"
8.231.196.13 - - [15/Aug/2026:01:33:42 +0300] "GET /service-account.json HTTP/1.1" 301 5 "-" "Mozilla/5.0 AppleWebKit/537.36 (KHTML, like Gecko); compatible; Claude-User/1.0; +mailto:support@anthropic.com"
8.231.196.13 - - [15/Aug/2026:01:33:42 +0300] "GET /credentials.json HTTP/1.1" 301 5 "-" "Mozilla/5.0 AppleWebKit/537.36 (KHTML, like Gecko); compatible; Claude-User/1.0; +mailto:support@anthropic.com"
8.231.196.13 - - [15/Aug/2026:01:33:42 +0300] "GET /key.json HTTP/1.1" 301 5 "-" "Mozilla/5.0 AppleWebKit/537.36 (KHTML, like Gecko); compatible; Claude-User/1.0; +mailto:support@anthropic.com"
8.231.196.13 - - [15/Aug/2026:01:33:42 +0300] "GET /novoslobodskaya/ HTTP/1.1" 301 5 "-" "Mozilla/5.0 (X11; Linux x86_64) AppleWebKit/537.36 (KHTML, like Gecko) Chrome/152.0.0.0 Safari/537.36 OPR/117.0.0.0"
8.231.196.13 - - [15/Aug/2026:01:33:42 +0300] "GET /serviceAccountKey.json HTTP/1.1" 301 5 "-" "Mozilla/5.0 AppleWebKit/537.36 (KHTML, like Gecko); compatible; Claude-User/1.0; +mailto:support@anthropic.com"
8.231.196.13 - - [15/Aug/2026:01:33:42 +0300] "GET /firebase-adminsdk.json HTTP/1.1" 301 5 "-" "Mozilla/5.0 AppleWebKit/537.36 (KHTML, like Gecko); compatible; Claude-User/1.0; +mailto:support@anthropic.com"
8.231.196.13 - - [15/Aug/2026:01:33:42 +0300] "GET /service_account.json HTTP/1.1" 301 5 "-" "Mozilla/5.0 AppleWebKit/537.36 (KHTML, like Gecko); compatible; Claude-User/1.0; +mailto:support@anthropic.com"
8.231.196.13 - - [15/Aug/2026:01:33:43 +0300] "GET /service-account.json HTTP/1.1" 404 12398 "https://www.pr11.ru/service-account.json" "Mozilla/5.0 AppleWebKit/537.36 (KHTML, like Gecko); compatible; Claude-User/1.0; +mailto:support@anthropic.com"
8.231.196.13 - - [15/Aug/2026:01:33:43 +0300] "GET /credentials.json HTTP/1.1" 404 12398 "https://www.pr11.ru/credentials.json" "Mozilla/5.0 AppleWebKit/537.36 (KHTML, like Gecko); compatible; Claude-User/1.0; +mailto:support@anthropic.com"
8.231.196.13 - - [15/Aug/2026:01:33:43 +0300] "GET /key.json HTTP/1.1" 404 12398 "https://www.pr11.ru/key.json" "Mozilla/5.0 AppleWebKit/537.36 (KHTML, like Gecko); compatible; Claude-User/1.0; +mailto:support@anthropic.com"
8.231.196.13 - - [15/Aug/2026:01:33:43 +0300] "GET /novoslobodskaya/ HTTP/1.1" 404 12398 "https://www.pr11.ru/novoslobodskaya/" "Mozilla/5.0 (X11; Linux x86_64) AppleWebKit/537.36 (KHTML, like Gecko) Chrome/152.0.0.0 Safari/537.36 OPR/117.0.0.0"
8.231.196.13 - - [15/Aug/2026:01:33:43 +0300] "GET /serviceAccountKey.json HTTP/1.1" 404 12398 "https://www.pr11.ru/serviceAccountKey.json" "Mozilla/5.0 AppleWebKit/537.36 (KHTML, like Gecko); compatible; Claude-User/1.0; +mailto:support@anthropic.com"
8.231.196.13 - - [15/Aug/2026:01:33:43 +0300] "GET /firebase-adminsdk.json HTTP/1.1" 404 12398 "https://www.pr11.ru/firebase-adminsdk.json" "Mozilla/5.0 AppleWebKit/537.36 (KHTML, like Gecko); compatible; Claude-User/1.0; +mailto:support@anthropic.com"
8.231.196.13 - - [15/Aug/2026:01:33:43 +0300] "GET /service_account.json HTTP/1.1" 404 12398 "https://www.pr11.ru/service_account.json" "Mozilla/5.0 AppleWebKit/537.36 (KHTML, like Gecko); compatible; Claude-User/1.0; +mailto:support@anthropic.com"
8.231.196.13 - - [15/Aug/2026:01:33:43 +0300] "GET /firebase-service-account.json HTTP/1.1" 301 5 "-" "Mozilla/5.0 AppleWebKit/537.36 (KHTML, like Gecko); compatible; Claude-User/1.0; +mailto:support@anthropic.com"
8.231.196.13 - - [15/Aug/2026:01:33:43 +0300] "GET /Dockerfile HTTP/1.1" 301 5 "-" "Mozilla/5.0 AppleWebKit/537.36 (KHTML, like Gecko); compatible; Claude-User/1.0; +mailto:support@anthropic.com"
8.231.196.13 - - [15/Aug/2026:01:33:43 +0300] "GET /.github/.env HTTP/1.1" 301 5 "-" "Mozilla/5.0 AppleWebKit/537.36 (KHTML, like Gecko); compatible; Claude-User/1.0; +mailto:support@anthropic.com"
8.231.196.13 - - [15/Aug/2026:01:33:43 +0300] "GET /user/login HTTP/1.1" 301 5 "-" "Mozilla/5.0 (X11; Linux x86_64) AppleWebKit/537.36 (KHTML, like Gecko) Chrome/152.0.0.0 Safari/537.36 OPR/117.0.0.0"
8.231.196.13 - - [15/Aug/2026:01:33:43 +0300] "GET /signin HTTP/1.1" 301 5 "-" "Mozilla/5.0 (X11; Linux x86_64) AppleWebKit/537.36 (KHTML, like Gecko) Chrome/152.0.0.0 Safari/537.36 OPR/117.0.0.0"
8.231.196.13 - - [15/Aug/2026:01:33:43 +0300] "GET /auth/login HTTP/1.1" 301 5 "-" "Mozilla/5.0 (X11; Linux x86_64) AppleWebKit/537.36 (KHTML, like Gecko) Chrome/152.0.0.0 Safari/537.36 OPR/117.0.0.0"
8.231.196.13 - - [15/Aug/2026:01:33:43 +0300] "GET /admin/login HTTP/1.1" 301 5 "-" "Mozilla/5.0 (X11; Linux x86_64) AppleWebKit/537.36 (KHTML, like Gecko) Chrome/152.0.0.0 Safari/537.36 OPR/117.0.0.0"
8.231.196.13 - - [15/Aug/2026:01:33:43 +0300] "GET /login HTTP/1.1" 301 5 "-" "Mozilla/5.0 (X11; Linux x86_64) AppleWebKit/537.36 (KHTML, like Gecko) Chrome/152.0.0.0 Safari/537.36 OPR/117.0.0.0"
8.231.196.13 - - [15/Aug/2026:01:33:43 +0300] "GET /dashboard HTTP/1.1" 301 5 "-" "Mozilla/5.0 (X11; Linux x86_64) AppleWebKit/537.36 (KHTML, like Gecko) Chrome/152.0.0.0 Safari/537.36 OPR/117.0.0.0"
8.231.196.13 - - [15/Aug/2026:01:33:43 +0300] "GET /admin HTTP/1.1" 301 5 "-" "Mozilla/5.0 (X11; Linux x86_64) AppleWebKit/537.36 (KHTML, like Gecko) Chrome/152.0.0.0 Safari/537.36 OPR/117.0.0.0"
8.231.196.13 - - [15/Aug/2026:01:33:43 +0300] "GET /manage HTTP/1.1" 301 5 "-" "Mozilla/5.0 (X11; Linux x86_64) AppleWebKit/537.36 (KHTML, like Gecko) Chrome/152.0.0.0 Safari/537.36 OPR/117.0.0.0"
8.231.196.13 - - [15/Aug/2026:01:33:43 +0300] "GET /firebase-service-account.json HTTP/1.1" 404 12398 "https://www.pr11.ru/firebase-service-account.json" "Mozilla/5.0 AppleWebKit/537.36 (KHTML, like Gecko); compatible; Claude-User/1.0; +mailto:support@anthropic.com"
8.231.196.13 - - [15/Aug/2026:01:33:44 +0300] "GET /console HTTP/1.1" 301 5 "-" "Mozilla/5.0 (X11; Linux x86_64) AppleWebKit/537.36 (KHTML, like Gecko) Chrome/152.0.0.0 Safari/537.36 OPR/117.0.0.0"
8.231.196.13 - - [15/Aug/2026:01:33:44 +0300] "GET /Dockerfile HTTP/1.1" 404 12398 "https://www.pr11.ru/Dockerfile" "Mozilla/5.0 AppleWebKit/537.36 (KHTML, like Gecko); compatible; Claude-User/1.0; +mailto:support@anthropic.com"
8.231.196.13 - - [15/Aug/2026:01:33:44 +0300] "GET /.github/.env HTTP/1.1" 404 12398 "https://www.pr11.ru/.github/.env" "Mozilla/5.0 AppleWebKit/537.36 (KHTML, like Gecko); compatible; Claude-User/1.0; +mailto:support@anthropic.com"
8.231.196.13 - - [15/Aug/2026:01:33:44 +0300] "GET /user/login HTTP/1.1" 404 12398 "https://www.pr11.ru/user/login" "Mozilla/5.0 (X11; Linux x86_64) AppleWebKit/537.36 (KHTML, like Gecko) Chrome/152.0.0.0 Safari/537.36 OPR/117.0.0.0"
8.231.196.13 - - [15/Aug/2026:01:33:44 +0300] "GET /signin HTTP/1.1" 404 12398 "https://www.pr11.ru/signin" "Mozilla/5.0 (X11; Linux x86_64) AppleWebKit/537.36 (KHTML, like Gecko) Chrome/152.0.0.0 Safari/537.36 OPR/117.0.0.0"
8.231.196.13 - - [15/Aug/2026:01:33:44 +0300] "GET /auth/login HTTP/1.1" 404 12398 "https://www.pr11.ru/auth/login" "Mozilla/5.0 (X11; Linux x86_64) AppleWebKit/537.36 (KHTML, like Gecko) Chrome/152.0.0.0 Safari/537.36 OPR/117.0.0.0"
8.231.196.13 - - [15/Aug/2026:01:33:44 +0300] "GET /admin/login HTTP/1.1" 404 12398 "https://www.pr11.ru/admin/login" "Mozilla/5.0 (X11; Linux x86_64) AppleWebKit/537.36 (KHTML, like Gecko) Chrome/152.0.0.0 Safari/537.36 OPR/117.0.0.0"
8.231.196.13 - - [15/Aug/2026:01:33:44 +0300] "GET /login HTTP/1.1" 302 5 "https://www.pr11.ru/login" "Mozilla/5.0 (X11; Linux x86_64) AppleWebKit/537.36 (KHTML, like Gecko) Chrome/152.0.0.0 Safari/537.36 OPR/117.0.0.0"
8.231.196.13 - - [15/Aug/2026:01:33:44 +0300] "GET /dashboard HTTP/1.1" 302 5 "https://www.pr11.ru/dashboard" "Mozilla/5.0 (X11; Linux x86_64) AppleWebKit/537.36 (KHTML, like Gecko) Chrome/152.0.0.0 Safari/537.36 OPR/117.0.0.0"
8.231.196.13 - - [15/Aug/2026:01:33:44 +0300] "GET /admin HTTP/1.1" 302 5 "https://www.pr11.ru/admin" "Mozilla/5.0 (X11; Linux x86_64) AppleWebKit/537.36 (KHTML, like Gecko) Chrome/152.0.0.0 Safari/537.36 OPR/117.0.0.0"
8.231.196.13 - - [15/Aug/2026:01:33:44 +0300] "GET /portal HTTP/1.1" 301 5 "-" "Mozilla/5.0 (X11; Linux x86_64) AppleWebKit/537.36 (KHTML, like Gecko) Chrome/152.0.0.0 Safari/537.36 OPR/117.0.0.0"
8.231.196.13 - - [15/Aug/2026:01:33:44 +0300] "GET /manage HTTP/1.1" 404 12398 "https://www.pr11.ru/manage" "Mozilla/5.0 (X11; Linux x86_64) AppleWebKit/537.36 (KHTML, like Gecko) Chrome/152.0.0.0 Safari/537.36 OPR/117.0.0.0"
8.231.196.13 - - [15/Aug/2026:01:33:44 +0300] "GET /app HTTP/1.1" 301 5 "-" "Mozilla/5.0 (X11; Linux x86_64) AppleWebKit/537.36 (KHTML, like Gecko) Chrome/152.0.0.0 Safari/537.36 OPR/117.0.0.0"
8.231.196.13 - - [15/Aug/2026:01:33:44 +0300] "GET /console HTTP/1.1" 404 12398 "https://www.pr11.ru/console" "Mozilla/5.0 (X11; Linux x86_64) AppleWebKit/537.36 (KHTML, like Gecko) Chrome/152.0.0.0 Safari/537.36 OPR/117.0.0.0"
8.231.196.13 - - [15/Aug/2026:01:33:44 +0300] "GET /my HTTP/1.1" 301 5 "-" "Mozilla/5.0 (X11; Linux x86_64) AppleWebKit/537.36 (KHTML, like Gecko) Chrome/152.0.0.0 Safari/537.36 OPR/117.0.0.0"
8.231.196.13 - - [15/Aug/2026:01:33:45 +0300] "GET /account HTTP/1.1" 301 5 "-" "Mozilla/5.0 (X11; Linux x86_64) AppleWebKit/537.36 (KHTML, like Gecko) Chrome/152.0.0.0 Safari/537.36 OPR/117.0.0.0"
8.231.196.13 - - [15/Aug/2026:01:33:45 +0300] "GET /profile HTTP/1.1" 301 5 "-" "Mozilla/5.0 (X11; Linux x86_64) AppleWebKit/537.36 (KHTML, like Gecko) Chrome/152.0.0.0 Safari/537.36 OPR/117.0.0.0"
8.231.196.13 - - [15/Aug/2026:01:33:45 +0300] "GET /workspace HTTP/1.1" 301 5 "-" "Mozilla/5.0 (X11; Linux x86_64) AppleWebKit/537.36 (KHTML, like Gecko) Chrome/152.0.0.0 Safari/537.36 OPR/117.0.0.0"
8.231.196.13 - - [15/Aug/2026:01:33:45 +0300] "GET /settings HTTP/1.1" 301 5 "-" "Mozilla/5.0 (X11; Linux x86_64) AppleWebKit/537.36 (KHTML, like Gecko) Chrome/152.0.0.0 Safari/537.36 OPR/117.0.0.0"
8.231.196.13 - - [15/Aug/2026:01:33:45 +0300] "GET /wp-admin/ HTTP/1.1" 302 5 "https://pr11.ru/dashboard" "Mozilla/5.0 (X11; Linux x86_64) AppleWebKit/537.36 (KHTML, like Gecko) Chrome/152.0.0.0 Safari/537.36 OPR/117.0.0.0"
8.231.196.13 - - [15/Aug/2026:01:33:45 +0300] "GET /wp-admin/ HTTP/1.1" 302 5 "https://pr11.ru/admin" "Mozilla/5.0 (X11; Linux x86_64) AppleWebKit/537.36 (KHTML, like Gecko) Chrome/152.0.0.0 Safari/537.36 OPR/117.0.0.0"
8.231.196.13 - - [15/Aug/2026:01:33:45 +0300] "GET /portal HTTP/1.1" 404 12398 "https://www.pr11.ru/portal" "Mozilla/5.0 (X11; Linux x86_64) AppleWebKit/537.36 (KHTML, like Gecko) Chrome/152.0.0.0 Safari/537.36 OPR/117.0.0.0"
8.231.196.13 - - [15/Aug/2026:01:33:45 +0300] "GET /.docker/config.json HTTP/1.1" 301 5 "-" "Mozilla/5.0 AppleWebKit/537.36 (KHTML, like Gecko); compatible; Claude-User/1.0; +mailto:support@anthropic.com"
8.231.196.13 - - [15/Aug/2026:01:33:45 +0300] "GET /app HTTP/1.1" 404 12398 "https://www.pr11.ru/app" "Mozilla/5.0 (X11; Linux x86_64) AppleWebKit/537.36 (KHTML, like Gecko) Chrome/152.0.0.0 Safari/537.36 OPR/117.0.0.0"
8.231.196.13 - - [15/Aug/2026:01:33:45 +0300] "GET /.npmrc HTTP/1.1" 301 5 "-" "Mozilla/5.0 AppleWebKit/537.36 (KHTML, like Gecko); compatible; Claude-User/1.0; +mailto:support@anthropic.com"
8.231.196.13 - - [15/Aug/2026:01:33:45 +0300] "GET /my HTTP/1.1" 404 12398 "https://www.pr11.ru/my" "Mozilla/5.0 (X11; Linux x86_64) AppleWebKit/537.36 (KHTML, like Gecko) Chrome/152.0.0.0 Safari/537.36 OPR/117.0.0.0"
8.231.196.13 - - [15/Aug/2026:01:33:45 +0300] "GET /account HTTP/1.1" 404 12398 "https://www.pr11.ru/account" "Mozilla/5.0 (X11; Linux x86_64) AppleWebKit/537.36 (KHTML, like Gecko) Chrome/152.0.0.0 Safari/537.36 OPR/117.0.0.0"
8.231.196.13 - - [15/Aug/2026:01:33:46 +0300] "GET /profile HTTP/1.1" 404 12398 "https://www.pr11.ru/profile" "Mozilla/5.0 (X11; Linux x86_64) AppleWebKit/537.36 (KHTML, like Gecko) Chrome/152.0.0.0 Safari/537.36 OPR/117.0.0.0"
8.231.196.13 - - [15/Aug/2026:01:33:46 +0300] "GET /settings HTTP/1.1" 404 12398 "https://www.pr11.ru/settings" "Mozilla/5.0 (X11; Linux x86_64) AppleWebKit/537.36 (KHTML, like Gecko) Chrome/152.0.0.0 Safari/537.36 OPR/117.0.0.0"
8.231.196.13 - - [15/Aug/2026:01:33:46 +0300] "GET /workspace HTTP/1.1" 404 12398 "https://www.pr11.ru/workspace" "Mozilla/5.0 (X11; Linux x86_64) AppleWebKit/537.36 (KHTML, like Gecko) Chrome/152.0.0.0 Safari/537.36 OPR/117.0.0.0"
8.231.196.13 - - [15/Aug/2026:01:33:48 +0300] "GET /wp-login.php HTTP/1.1" 200 3793 "https://pr11.ru/login" "Mozilla/5.0 (X11; Linux x86_64) AppleWebKit/537.36 (KHTML, like Gecko) Chrome/152.0.0.0 Safari/537.36 OPR/117.0.0.0"
8.231.196.13 - - [15/Aug/2026:01:33:48 +0300] "GET /wp-includes/js/dist/i18n.min.js?ver=781d11515ad3d91786ec HTTP/1.1" 200 2600 "-" "Mozilla/5.0 (X11; Linux x86_64) AppleWebKit/537.36 (KHTML, like Gecko) Chrome/152.0.0.0 Safari/537.36 OPR/117.0.0.0"
8.231.196.13 - - [15/Aug/2026:01:33:48 +0300] "GET /wp-includes/js/dist/a11y.min.js?ver=af934e5259bc51b8718e HTTP/1.1" 200 1098 "-" "Mozilla/5.0 (X11; Linux x86_64) AppleWebKit/537.36 (KHTML, like Gecko) Chrome/152.0.0.0 Safari/537.36 OPR/117.0.0.0"
8.231.196.13 - - [15/Aug/2026:01:33:48 +0300] "GET /wp-includes/js/dist/hooks.min.js?ver=7496969728ca0f95732d HTTP/1.1" 200 1937 "-" "Mozilla/5.0 (X11; Linux x86_64) AppleWebKit/537.36 (KHTML, like Gecko) Chrome/152.0.0.0 Safari/537.36 OPR/117.0.0.0"
8.231.196.13 - - [15/Aug/2026:01:33:48 +0300] "GET /wp-includes/js/dist/dom-ready.min.js?ver=a06281ae5cf5500e9317 HTTP/1.1" 200 494 "-" "Mozilla/5.0 (X11; Linux x86_64) AppleWebKit/537.36 (KHTML, like Gecko) Chrome/152.0.0.0 Safari/537.36 OPR/117.0.0.0"
8.231.196.13 - - [15/Aug/2026:01:33:48 +0300] "GET /wp-admin/js/user-profile.min.js?ver=7.0.2 HTTP/1.1" 200 3424 "-" "Mozilla/5.0 (X11; Linux x86_64) AppleWebKit/537.36 (KHTML, like Gecko) Chrome/152.0.0.0 Safari/537.36 OPR/117.0.0.0"
8.231.196.13 - - [15/Aug/2026:01:33:48 +0300] "GET /wp-includes/js/zxcvbn-async.min.js?ver=1.0 HTTP/1.1" 200 270 "-" "Mozilla/5.0 (X11; Linux x86_64) AppleWebKit/537.36 (KHTML, like Gecko) Chrome/152.0.0.0 Safari/537.36 OPR/117.0.0.0"
8.231.196.13 - - [15/Aug/2026:01:33:48 +0300] "GET /wp-admin/js/password-strength-meter.min.js?ver=7.0.2 HTTP/1.1" 200 642 "-" "Mozilla/5.0 (X11; Linux x86_64) AppleWebKit/537.36 (KHTML, like Gecko) Chrome/152.0.0.0 Safari/537.36 OPR/117.0.0.0"
8.231.196.13 - - [15/Aug/2026:01:33:48 +0300] "GET /wp-includes/js/wp-util.min.js?ver=7.0.2 HTTP/1.1" 200 783 "-" "Mozilla/5.0 (X11; Linux x86_64) AppleWebKit/537.36 (KHTML, like Gecko) Chrome/152.0.0.0 Safari/537.36 OPR/117.0.0.0"
8.231.196.13 - - [15/Aug/2026:01:33:49 +0300] "GET /wp-includes/js/clipboard.min.js?ver=2.0.11 HTTP/1.1" 200 3478 "-" "Mozilla/5.0 (X11; Linux x86_64) AppleWebKit/537.36 (KHTML, like Gecko) Chrome/152.0.0.0 Safari/537.36 OPR/117.0.0.0"
8.231.196.13 - - [15/Aug/2026:01:33:49 +0300] "GET /wp-login.php?redirect_to=https%3A%2F%2Fpr11.ru%2Fwp-admin%2F&reauth=1 HTTP/1.1" 200 3800 "https://pr11.ru/wp-admin/" "Mozilla/5.0 (X11; Linux x86_64) AppleWebKit/537.36 (KHTML, like Gecko) Chrome/152.0.0.0 Safari/537.36 OPR/117.0.0.0"
8.231.196.13 - - [15/Aug/2026:01:33:49 +0300] "GET /.s3cfg HTTP/1.1" 301 5 "-" "Mozilla/5.0 AppleWebKit/537.36 (KHTML, like Gecko); compatible; Claude-User/1.0; +mailto:support@anthropic.com"
8.231.196.13 - - [15/Aug/2026:01:33:49 +0300] "GET /.docker/config.json HTTP/1.1" 404 12398 "https://www.pr11.ru/.docker/config.json" "Mozilla/5.0 AppleWebKit/537.36 (KHTML, like Gecko); compatible; Claude-User/1.0; +mailto:support@anthropic.com"
8.231.196.13 - - [15/Aug/2026:01:33:49 +0300] "GET /.boto HTTP/1.1" 301 5 "-" "Mozilla/5.0 AppleWebKit/537.36 (KHTML, like Gecko); compatible; Claude-User/1.0; +mailto:support@anthropic.com"
8.231.196.13 - - [15/Aug/2026:01:33:49 +0300] "GET /.npmrc HTTP/1.1" 404 12398 "https://www.pr11.ru/.npmrc" "Mozilla/5.0 AppleWebKit/537.36 (KHTML, like Gecko); compatible; Claude-User/1.0; +mailto:support@anthropic.com"
8.231.196.13 - - [15/Aug/2026:01:33:49 +0300] "GET /.htpasswd HTTP/1.1" 301 5 "-" "Mozilla/5.0 AppleWebKit/537.36 (KHTML, like Gecko); compatible; Claude-User/1.0; +mailto:support@anthropic.com"
8.231.196.13 - - [15/Aug/2026:01:33:49 +0300] "GET /terraform.tfstate HTTP/1.1" 499 0 "-" "Mozilla/5.0 AppleWebKit/537.36 (KHTML, like Gecko); compatible; Claude-User/1.0; +mailto:support@anthropic.com"
8.231.196.13 - - [15/Aug/2026:01:33:49 +0300] "GET /.boto HTTP/1.1" 499 0 "https://www.pr11.ru/.boto" "Mozilla/5.0 AppleWebKit/537.36 (KHTML, like Gecko); compatible; Claude-User/1.0; +mailto:support@anthropic.com"
8.231.196.13 - - [15/Aug/2026:01:33:49 +0300] "GET /.s3cfg HTTP/1.1" 499 0 "https://www.pr11.ru/.s3cfg" "Mozilla/5.0 AppleWebKit/537.36 (KHTML, like Gecko); compatible; Claude-User/1.0; +mailto:support@anthropic.com"
8.231.196.13 - - [15/Aug/2026:01:33:49 +0300] "GET /.svn/entries HTTP/1.1" 499 0 "-" "Mozilla/5.0 AppleWebKit/537.36 (KHTML, like Gecko); compatible; Claude-User/1.0; +mailto:support@anthropic.com"
8.231.196.13 - - [15/Aug/2026:01:33:52 +0300] "GET /wp-login.php?redirect_to=https%3A%2F%2Fpr11.ru%2Fwp-admin%2F&reauth=1 HTTP/1.1" 200 3800 "https://pr11.ru/wp-admin/" "Mozilla/5.0 (X11; Linux x86_64) AppleWebKit/537.36 (KHTML, like Gecko) Chrome/152.0.0.0 Safari/537.36 OPR/117.0.0.0"
94.154.35.236 - - [15/Aug/2026:01:35:24 +0300] "HEAD /pr11.ru.zip HTTP/1.1" 301 0 "-" "Mozilla/5.0 (Windows NT 10.0; Win64; x64) AppleWebKit/537.36 (KHTML, like Gecko) Chrome/101.0.4951.67 Safari/537.36"
94.154.35.236 - - [15/Aug/2026:01:35:25 +0300] "HEAD /pr11.ru.zip HTTP/1.1" 404 0 "-" "Mozilla/5.0 (Windows NT 10.0; Win64; x64) AppleWebKit/537.36 (KHTML, like Gecko) Chrome/101.0.4951.67 Safari/537.36"
87.250.224.114 - - [15/Aug/2026:01:35:33 +0300] "GET /sretenka-7/sobytiya/ HTTP/1.1" 200 22804 "-" "Mozilla/5.0 (compatible; YandexBot/3.0; +http://yandex.com/bots)"
95.108.213.200 - - [15/Aug/2026:01:37:09 +0300] "GET /?yclid=7710547526903176844 HTTP/1.1" 200 20295 "-" "Mozilla/5.0 (compatible; YandexMetrika/2.0; +http://yandex.com/bots yabs01)"
87.250.224.131 - - [15/Aug/2026:01:39:42 +0300] "GET /?yclid=7710547526903176844 HTTP/1.1" 200 20304 "-" "Mozilla/5.0 (compatible; YandexMetrika/2.0; +http://yandex.com/bots yabs01)"
95.108.213.198 - - [15/Aug/2026:01:41:30 +0300] "GET /robots.txt HTTP/1.1" 200 108 "-" "Mozilla/5.0 (compatible; YandexBot/3.0; +http://yandex.com/bots)"
159.253.20.91 - - [15/Aug/2026:01:42:27 +0300] "GET / HTTP/1.1" 200 20303 "-" "Mozilla/5.0 (X11; Linux x86_64) AppleWebKit/537.36 (KHTML, like Gecko) Chrome/44.0.2403.157 Safari/537.36"
95.108.213.219 - - [15/Aug/2026:01:44:32 +0300] "GET /?yclid=7710547526903176844 HTTP/1.1" 200 20295 "-" "Mozilla/5.0 (compatible; YandexMetrika/2.0; +http://yandex.com/bots yabs01)"
2a03:2880:f814:3c:: - - [15/Aug/2026:01:45:58 +0300] "GET /wp-sitemap-posts-post-1.xml HTTP/1.1" 200 1113 "-" "Mozilla/5.0 (Macintosh; Intel Mac OS X 10_15_7) AppleWebKit/537.36 (KHTML, like Gecko) Chrome/145.0.0.0 Safari/537.36 (compatible; meta-externalagent/1.1 (+https://developers.facebook.com/docs/sharing/webmasters/crawler))"
2a03:f480:2:7::5c - - [15/Aug/2026:01:48:31 +0300] "POST /wp-cron.php?doing_wp_cron=1786747711.2138049602508544921875 HTTP/1.1" 200 31 "-" "WordPress/7.0.2; https://pr11.ru"
45.227.253.15 - - [15/Aug/2026:01:48:31 +0300] "GET /index.php/jk HTTP/1.1" 301 5 "-" "Mozilla/5.0 (Windows NT 10.0; Win64; x64) AppleWebKit/537.36 (KHTML, like Gecko) Chrome/75.0.3780 Safari/537.36 Edg/75.0.139"
45.227.253.15 - - [15/Aug/2026:01:48:31 +0300] "GET /jk HTTP/1.1" 404 12398 "https://pr11.ru/index.php/jk" "Mozilla/5.0 (Windows NT 10.0; Win64; x64) AppleWebKit/537.36 (KHTML, like Gecko) Chrome/75.0.3780 Safari/537.36 Edg/75.0.139"
213.180.203.17 - - [15/Aug/2026:01:48:47 +0300] "GET /?yclid=7710547526903176844 HTTP/1.1" 200 20298 "-" "Mozilla/5.0 (compatible; YandexMetrika/2.0; +http://yandex.com/bots yabs01)"
106.52.216.13 - - [15/Aug/2026:01:49:02 +0300] "GET / HTTP/1.1" 301 169 "-" "Mozilla/5.0 (iPhone; CPU iPhone OS 13_2_3 like Mac OS X) AppleWebKit/605.1.15 (KHTML, like Gecko) Version/13.0.3 Mobile/15E148 Safari/604.1"
95.108.213.127 - - [15/Aug/2026:01:51:46 +0300] "GET /?yclid=7710547526903176844 HTTP/1.1" 200 20295 "-" "Mozilla/5.0 (compatible; YandexMetrika/2.0; +http://yandex.com/bots yabs01)"
95.108.213.219 - - [15/Aug/2026:01:55:58 +0300] "GET /?yclid=7710547526903176844 HTTP/1.1" 200 20295 "-" "Mozilla/5.0 (compatible; YandexMetrika/2.0; +http://yandex.com/bots yabs01)"
159.253.20.91 - - [15/Aug/2026:01:56:23 +0300] "GET / HTTP/1.1" 200 20303 "-" "Mozilla/5.0 (X11; Linux x86_64) AppleWebKit/537.36 (KHTML, like Gecko) Chrome/44.0.2403.157 Safari/537.36"
74.125.208.163 - - [15/Aug/2026:01:56:33 +0300] "GET /.well-known/traffic-advice HTTP/1.1" 404 12398 "-" "Chrome Privacy Preserving Prefetch Proxy"
2001:4860:7:1731::fa - - [15/Aug/2026:01:56:33 +0300] "GET /ammika.php?y=33512194768 HTTP/1.1" 404 47 "https://www.google.com/" "Mozilla/5.0 (Windows NT 10.0; Win64; x64) AppleWebKit/537.36 (KHTML, like Gecko) Chrome/151.0.0.0 Safari/537.36"
2001:4860:7:231::fe - - [15/Aug/2026:01:56:33 +0300] "GET /saiga.php?w=82156172079 HTTP/1.1" 404 47 "https://www.google.com/" "Mozilla/5.0 (Windows NT 10.0; Win64; x64) AppleWebKit/537.36 (KHTML, like Gecko) Chrome/151.0.0.0 Safari/537.36"
74.125.208.163 - - [15/Aug/2026:01:56:33 +0300] "GET /.well-known/traffic-advice HTTP/1.1" 404 12398 "-" "Chrome Privacy Preserving Prefetch Proxy"
2001:4860:7:1531::fd - - [15/Aug/2026:01:56:42 +0300] "GET /saiga.php?l=56145202373 HTTP/1.1" 404 47 "https://www.google.com/" "Mozilla/5.0 (Windows NT 10.0; Win64; x64) AppleWebKit/537.36 (KHTML, like Gecko) Chrome/151.0.0.0 Safari/537.36"
87.250.224.131 - - [15/Aug/2026:01:58:58 +0300] "GET /?yclid=7710547526903176844 HTTP/1.1" 200 20304 "-" "Mozilla/5.0 (compatible; YandexMetrika/2.0; +http://yandex.com/bots yabs01)"
159.253.20.91 - - [15/Aug/2026:02:00:25 +0300] "GET / HTTP/1.1" 200 20303 "-" "Mozilla/5.0 (X11; Linux x86_64) AppleWebKit/537.36 (KHTML, like Gecko) Chrome/44.0.2403.157 Safari/537.36"
94.154.35.236 - - [15/Aug/2026:02:01:04 +0300] "HEAD /pr11ru.zip HTTP/1.1" 301 0 "-" "Mozilla/5.0 (Windows NT 10.0; Win64; x64) AppleWebKit/537.36 (KHTML, like Gecko) Chrome/101.0.4951.67 Safari/537.36"
94.154.35.236 - - [15/Aug/2026:02:01:05 +0300] "HEAD /pr11ru.zip HTTP/1.1" 404 0 "-" "Mozilla/5.0 (Windows NT 10.0; Win64; x64) AppleWebKit/537.36 (KHTML, like Gecko) Chrome/101.0.4951.67 Safari/537.36"
213.180.203.36 - - [15/Aug/2026:02:04:05 +0300] "GET /?yclid=7710547526903176844 HTTP/1.1" 200 20298 "-" "Mozilla/5.0 (compatible; YandexMetrika/2.0; +http://yandex.com/bots yabs01)"
87.250.224.231 - - [15/Aug/2026:02:07:12 +0300] "GET /?yclid=7710547526903176844 HTTP/1.1" 200 20300 "-" "Mozilla/5.0 (compatible; YandexMetrika/2.0; +http://yandex.com/bots yabs01)"
95.108.213.181 - - [15/Aug/2026:02:11:45 +0300] "GET /?yclid=7710547526903176844 HTTP/1.1" 200 20295 "-" "Mozilla/5.0 (compatible; YandexMetrika/2.0; +http://yandex.com/bots yabs01)"
109.252.59.38 - - [15/Aug/2026:02:14:24 +0300] "GET /gruzinskaya-76/coming-soon/?yclid=8335825530565689343 HTTP/1.1" 200 23581 "https://yandex.ru/games/app/filvordy-s-podskazkami-342080" "Mozilla/5.0 (Linux; Android 10; K) AppleWebKit/537.36 (KHTML, like Gecko) Chrome/151.0.0.0 Mobile Safari/537.36"
109.252.59.38 - - [15/Aug/2026:02:14:24 +0300] "GET /wp-content/uploads/useanyfont/uaf.css?ver=1697518490 HTTP/1.1" 200 201 "https://pr11.ru/gruzinskaya-76/coming-soon/?yclid=8335825530565689343" "Mozilla/5.0 (Linux; Android 10; K) AppleWebKit/537.36 (KHTML, like Gecko) Chrome/151.0.0.0 Mobile Safari/537.36"
109.252.59.38 - - [15/Aug/2026:02:14:24 +0300] "GET /wp-content/themes/norebro/assets/css/grid.min.css?ver=7.0.2 HTTP/1.1" 200 2133 "https://pr11.ru/gruzinskaya-76/coming-soon/?yclid=8335825530565689343" "Mozilla/5.0 (Linux; Android 10; K) AppleWebKit/537.36 (KHTML, like Gecko) Chrome/151.0.0.0 Mobile Safari/537.36"
109.252.59.38 - - [15/Aug/2026:02:14:24 +0300] "GET /wp-content/themes/norebro/style.css?ver=1.2.0 HTTP/1.1" 200 105676 "https://pr11.ru/gruzinskaya-76/coming-soon/?yclid=8335825530565689343" "Mozilla/5.0 (Linux; Android 10; K) AppleWebKit/537.36 (KHTML, like Gecko) Chrome/151.0.0.0 Mobile Safari/537.36"
109.252.59.38 - - [15/Aug/2026:02:14:24 +0300] "GET /wp-content/plugins/js_composer/assets/css/js_composer.min.css?ver=7.0 HTTP/1.1" 200 57480 "https://pr11.ru/gruzinskaya-76/coming-soon/?yclid=8335825530565689343" "Mozilla/5.0 (Linux; Android 10; K) AppleWebKit/537.36 (KHTML, like Gecko) Chrome/151.0.0.0 Mobile Safari/537.36"
109.252.59.38 - - [15/Aug/2026:02:14:24 +0300] "GET /wp-content/plugins/revslider-transitionpack-addon/public/assets/css/revolution.addon.transitionpack.css?ver=1.0.6 HTTP/1.1" 200 205 "https://pr11.ru/gruzinskaya-76/coming-soon/?yclid=8335825530565689343" "Mozilla/5.0 (Linux; Android 10; K) AppleWebKit/537.36 (KHTML, like Gecko) Chrome/151.0.0.0 Mobile Safari/537.36"
109.252.59.38 - - [15/Aug/2026:02:14:24 +0300] "GET /wp-content/themes/norebro/assets/css/aos.css?ver=7.0.2 HTTP/1.1" 200 2934 "https://pr11.ru/gruzinskaya-76/coming-soon/?yclid=8335825530565689343" "Mozilla/5.0 (Linux; Android 10; K) AppleWebKit/537.36 (KHTML, like Gecko) Chrome/151.0.0.0 Mobile Safari/537.36"
109.252.59.38 - - [15/Aug/2026:02:14:24 +0300] "GET /wp-content/themes/norebro/assets/css/ionicons.min.css?ver=7.0.2 HTTP/1.1" 200 10164 "https://pr11.ru/gruzinskaya-76/coming-soon/?yclid=8335825530565689343" "Mozilla/5.0 (Linux; Android 10; K) AppleWebKit/537.36 (KHTML, like Gecko) Chrome/151.0.0.0 Mobile Safari/537.36"
109.252.59.38 - - [15/Aug/2026:02:14:24 +0300] "GET /wp-content/themes/norebro/assets/fonts/fa/css/fontawesome.min.css?ver=7.0.2 HTTP/1.1" 200 14512 "https://pr11.ru/gruzinskaya-76/coming-soon/?yclid=8335825530565689343" "Mozilla/5.0 (Linux; Android 10; K) AppleWebKit/537.36 (KHTML, like Gecko) Chrome/151.0.0.0 Mobile Safari/537.36"
109.252.59.38 - - [15/Aug/2026:02:14:24 +0300] "GET /wp-content/plugins/revslider/public/assets/css/rs6.css?ver=6.6.14 HTTP/1.1" 200 15360 "https://pr11.ru/gruzinskaya-76/coming-soon/?yclid=8335825530565689343" "Mozilla/5.0 (Linux; Android 10; K) AppleWebKit/537.36 (KHTML, like Gecko) Chrome/151.0.0.0 Mobile Safari/537.36"
109.252.59.38 - - [15/Aug/2026:02:14:24 +0300] "GET /wp-content/plugins/wp-yandex-metrika/assets/YmEc.min.js?ver=1.2.4 HTTP/1.1" 200 1311 "https://pr11.ru/gruzinskaya-76/coming-soon/?yclid=8335825530565689343" "Mozilla/5.0 (Linux; Android 10; K) AppleWebKit/537.36 (KHTML, like Gecko) Chrome/151.0.0.0 Mobile Safari/537.36"
109.252.59.38 - - [15/Aug/2026:02:14:24 +0300] "GET /wp-includes/js/jquery/jquery.min.js?ver=3.7.1 HTTP/1.1" 200 35451 "https://pr11.ru/gruzinskaya-76/coming-soon/?yclid=8335825530565689343" "Mozilla/5.0 (Linux; Android 10; K) AppleWebKit/537.36 (KHTML, like Gecko) Chrome/151.0.0.0 Mobile Safari/537.36"
109.252.59.38 - - [15/Aug/2026:02:14:24 +0300] "GET /wp-includes/js/jquery/jquery-migrate.min.js?ver=3.4.1 HTTP/1.1" 200 5355 "https://pr11.ru/gruzinskaya-76/coming-soon/?yclid=8335825530565689343" "Mozilla/5.0 (Linux; Android 10; K) AppleWebKit/537.36 (KHTML, like Gecko) Chrome/151.0.0.0 Mobile Safari/537.36"
109.252.59.38 - - [15/Aug/2026:02:14:24 +0300] "GET /wp-content/plugins/wp-yandex-metrika/assets/frontend.min.js?ver=1.2.4 HTTP/1.1" 200 240 "https://pr11.ru/gruzinskaya-76/coming-soon/?yclid=8335825530565689343" "Mozilla/5.0 (Linux; Android 10; K) AppleWebKit/537.36 (KHTML, like Gecko) Chrome/151.0.0.0 Mobile Safari/537.36"
109.252.59.38 - - [15/Aug/2026:02:14:24 +0300] "GET /wp-content/plugins/revslider/public/assets/fonts/font-awesome/fonts/fontawesome-webfont.woff2?v=4.7.0 HTTP/1.1" 200 77160 "https://pr11.ru/gruzinskaya-76/coming-soon/?yclid=8335825530565689343" "Mozilla/5.0 (Linux; Android 10; K) AppleWebKit/537.36 (KHTML, like Gecko) Chrome/151.0.0.0 Mobile Safari/537.36"
109.252.59.38 - - [15/Aug/2026:02:14:24 +0300] "GET /wp-content/plugins/revslider/public/assets/assets/dummy.png HTTP/1.1" 200 68 "https://pr11.ru/gruzinskaya-76/coming-soon/?yclid=8335825530565689343" "Mozilla/5.0 (Linux; Android 10; K) AppleWebKit/537.36 (KHTML, like Gecko) Chrome/151.0.0.0 Mobile Safari/537.36"
109.252.59.38 - - [15/Aug/2026:02:14:24 +0300] "GET /wp-content/plugins/revslider/public/assets/fonts/font-awesome/css/font-awesome.css HTTP/1.1" 200 8273 "https://pr11.ru/gruzinskaya-76/coming-soon/?yclid=8335825530565689343" "Mozilla/5.0 (Linux; Android 10; K) AppleWebKit/537.36 (KHTML, like Gecko) Chrome/151.0.0.0 Mobile Safari/537.36"
109.252.59.38 - - [15/Aug/2026:02:14:24 +0300] "GET /wp-content/themes/norebro/assets/js/woocommerce-hack.js?ver=7.0.2 HTTP/1.1" 200 2891 "https://pr11.ru/gruzinskaya-76/coming-soon/?yclid=8335825530565689343" "Mozilla/5.0 (Linux; Android 10; K) AppleWebKit/537.36 (KHTML, like Gecko) Chrome/151.0.0.0 Mobile Safari/537.36"
109.252.59.38 - - [15/Aug/2026:02:14:24 +0300] "GET /wp-content/plugins/js_composer/assets/js/dist/js_composer_front.min.js?ver=7.0 HTTP/1.1" 200 6617 "https://pr11.ru/gruzinskaya-76/coming-soon/?yclid=8335825530565689343" "Mozilla/5.0 (Linux; Android 10; K) AppleWebKit/537.36 (KHTML, like Gecko) Chrome/151.0.0.0 Mobile Safari/537.36"
109.252.59.38 - - [15/Aug/2026:02:14:24 +0300] "GET /wp-includes/js/imagesloaded.min.js?ver=5.0.0 HTTP/1.1" 200 1987 "https://pr11.ru/gruzinskaya-76/coming-soon/?yclid=8335825530565689343" "Mozilla/5.0 (Linux; Android 10; K) AppleWebKit/537.36 (KHTML, like Gecko) Chrome/151.0.0.0 Mobile Safari/537.36"
109.252.59.38 - - [15/Aug/2026:02:14:24 +0300] "GET /wp-includes/js/masonry.min.js?ver=4.2.2 HTTP/1.1" 200 8558 "https://pr11.ru/gruzinskaya-76/coming-soon/?yclid=8335825530565689343" "Mozilla/5.0 (Linux; Android 10; K) AppleWebKit/537.36 (KHTML, like Gecko) Chrome/151.0.0.0 Mobile Safari/537.36"
109.252.59.38 - - [15/Aug/2026:02:14:24 +0300] "GET /wp-includes/js/jquery/jquery.masonry.min.js?ver=3.1.2b HTTP/1.1" 200 759 "https://pr11.ru/gruzinskaya-76/coming-soon/?yclid=8335825530565689343" "Mozilla/5.0 (Linux; Android 10; K) AppleWebKit/537.36 (KHTML, like Gecko) Chrome/151.0.0.0 Mobile Safari/537.36"
109.252.59.38 - - [15/Aug/2026:02:14:24 +0300] "GET /wp-content/uploads/useanyfont/8496pr11.woff2 HTTP/1.1" 200 142328 "https://pr11.ru/wp-content/uploads/useanyfont/uaf.css?ver=1697518490" "Mozilla/5.0 (Linux; Android 10; K) AppleWebKit/537.36 (KHTML, like Gecko) Chrome/151.0.0.0 Mobile Safari/537.36"
109.252.59.38 - - [15/Aug/2026:02:14:24 +0300] "GET /wp-content/uploads/2023/08/champagne-3.png HTTP/1.1" 200 2824 "https://pr11.ru/gruzinskaya-76/coming-soon/?yclid=8335825530565689343" "Mozilla/5.0 (Linux; Android 10; K) AppleWebKit/537.36 (KHTML, like Gecko) Chrome/151.0.0.0 Mobile Safari/537.36"
109.252.59.38 - - [15/Aug/2026:02:14:24 +0300] "GET /wp-content/themes/norebro/assets/fonts/ionicons/ionicons.ttf?v=2.0.0 HTTP/1.1" 200 188508 "https://pr11.ru/wp-content/themes/norebro/assets/css/ionicons.min.css?ver=7.0.2" "Mozilla/5.0 (Linux; Android 10; K) AppleWebKit/537.36 (KHTML, like Gecko) Chrome/151.0.0.0 Mobile Safari/537.36"
109.252.59.38 - - [15/Aug/2026:02:14:24 +0300] "GET /wp-content/themes/norebro/assets/js/libs/aos.js?ver=7.0.2 HTTP/1.1" 200 4611 "https://pr11.ru/gruzinskaya-76/coming-soon/?yclid=8335825530565689343" "Mozilla/5.0 (Linux; Android 10; K) AppleWebKit/537.36 (KHTML, like Gecko) Chrome/151.0.0.0 Mobile Safari/537.36"
109.252.59.38 - - [15/Aug/2026:02:14:24 +0300] "GET /wp-includes/js/underscore.min.js?ver=1.13.8 HTTP/1.1" 200 8154 "https://pr11.ru/gruzinskaya-76/coming-soon/?yclid=8335825530565689343" "Mozilla/5.0 (Linux; Android 10; K) AppleWebKit/537.36 (KHTML, like Gecko) Chrome/151.0.0.0 Mobile Safari/537.36"
109.252.59.38 - - [15/Aug/2026:02:14:24 +0300] "GET /wp-content/plugins/js_composer/assets/lib/bower/isotope/dist/isotope.pkgd.min.js?ver=7.0 HTTP/1.1" 200 11991 "https://pr11.ru/gruzinskaya-76/coming-soon/?yclid=8335825530565689343" "Mozilla/5.0 (Linux; Android 10; K) AppleWebKit/537.36 (KHTML, like Gecko) Chrome/151.0.0.0 Mobile Safari/537.36"
109.252.59.38 - - [15/Aug/2026:02:14:24 +0300] "GET /wp-content/themes/norebro/assets/js/libs/jquery.mega-menu.min.js?ver=7.0.2 HTTP/1.1" 200 4518 "https://pr11.ru/gruzinskaya-76/coming-soon/?yclid=8335825530565689343" "Mozilla/5.0 (Linux; Android 10; K) AppleWebKit/537.36 (KHTML, like Gecko) Chrome/151.0.0.0 Mobile Safari/537.36"
109.252.59.38 - - [15/Aug/2026:02:14:24 +0300] "GET /wp-content/themes/norebro/assets/js/navigation.js?ver=1.0.0 HTTP/1.1" 200 1269 "https://pr11.ru/gruzinskaya-76/coming-soon/?yclid=8335825530565689343" "Mozilla/5.0 (Linux; Android 10; K) AppleWebKit/537.36 (KHTML, like Gecko) Chrome/151.0.0.0 Mobile Safari/537.36"
109.252.59.38 - - [15/Aug/2026:02:14:24 +0300] "GET /wp-content/themes/norebro/assets/js/skip-link-focus-fix.js?ver=1.0.0 HTTP/1.1" 200 510 "https://pr11.ru/gruzinskaya-76/coming-soon/?yclid=8335825530565689343" "Mozilla/5.0 (Linux; Android 10; K) AppleWebKit/537.36 (KHTML, like Gecko) Chrome/151.0.0.0 Mobile Safari/537.36"
109.252.59.38 - - [15/Aug/2026:02:14:24 +0300] "GET /wp-content/themes/norebro/assets/js/libs/owl.carousel.min.js?ver=7.0.2 HTTP/1.1" 200 13188 "https://pr11.ru/gruzinskaya-76/coming-soon/?yclid=8335825530565689343" "Mozilla/5.0 (Linux; Android 10; K) AppleWebKit/537.36 (KHTML, like Gecko) Chrome/151.0.0.0 Mobile Safari/537.36"
109.252.59.38 - - [15/Aug/2026:02:14:24 +0300] "GET /wp-content/themes/norebro/assets/js/main.js?ver=7.0.2 HTTP/1.1" 200 25302 "https://pr11.ru/gruzinskaya-76/coming-soon/?yclid=8335825530565689343" "Mozilla/5.0 (Linux; Android 10; K) AppleWebKit/537.36 (KHTML, like Gecko) Chrome/151.0.0.0 Mobile Safari/537.36"
109.252.59.38 - - [15/Aug/2026:02:14:24 +0300] "GET /wp-content/plugins/revslider/public/assets/js/rbtools.min.js?ver=6.6.14 HTTP/1.1" 200 70599 "https://pr11.ru/gruzinskaya-76/coming-soon/?yclid=8335825530565689343" "Mozilla/5.0 (Linux; Android 10; K) AppleWebKit/537.36 (KHTML, like Gecko) Chrome/151.0.0.0 Mobile Safari/537.36"
109.252.59.38 - - [15/Aug/2026:02:14:24 +0300] "GET /wp-content/plugins/revslider/public/assets/js/rs6.min.js?ver=6.6.14 HTTP/1.1" 200 130741 "https://pr11.ru/gruzinskaya-76/coming-soon/?yclid=8335825530565689343" "Mozilla/5.0 (Linux; Android 10; K) AppleWebKit/537.36 (KHTML, like Gecko) Chrome/151.0.0.0 Mobile Safari/537.36"
109.252.59.38 - - [15/Aug/2026:02:14:24 +0300] "GET /wp-content/plugins/revslider-transitionpack-addon/public/assets/js/revolution.addon.transitionpack.min.js?ver=1.0.6 HTTP/1.1" 200 10714 "https://pr11.ru/gruzinskaya-76/coming-soon/?yclid=8335825530565689343" "Mozilla/5.0 (Linux; Android 10; K) AppleWebKit/537.36 (KHTML, like Gecko) Chrome/151.0.0.0 Mobile Safari/537.36"
109.252.59.38 - - [15/Aug/2026:02:14:24 +0300] "GET /wp-content/plugins/revslider/public/assets/js/libs/three.min.js?ver=6.6.14 HTTP/1.1" 200 192092 "https://pr11.ru/gruzinskaya-76/coming-soon/?yclid=8335825530565689343" "Mozilla/5.0 (Linux; Android 10; K) AppleWebKit/537.36 (KHTML, like Gecko) Chrome/151.0.0.0 Mobile Safari/537.36"
159.253.20.91 - - [15/Aug/2026:02:14:25 +0300] "GET / HTTP/1.1" 200 20303 "-" "Mozilla/5.0 (X11; Linux x86_64) AppleWebKit/537.36 (KHTML, like Gecko) Chrome/44.0.2403.157 Safari/537.36"
109.252.59.38 - - [15/Aug/2026:02:14:25 +0300] "GET /wp-includes/js/wp-emoji-release.min.js?ver=7.0.2 HTTP/1.1" 200 6320 "https://pr11.ru/gruzinskaya-76/coming-soon/?yclid=8335825530565689343" "Mozilla/5.0 (Linux; Android 10; K) AppleWebKit/537.36 (KHTML, like Gecko) Chrome/151.0.0.0 Mobile Safari/537.36"
109.252.59.38 - - [15/Aug/2026:02:14:25 +0300] "GET /wp-content/plugins/revslider/public/assets/assets/transparent.png HTTP/1.1" 200 122 "https://pr11.ru/gruzinskaya-76/coming-soon/?yclid=8335825530565689343" "Mozilla/5.0 (Linux; Android 10; K) AppleWebKit/537.36 (KHTML, like Gecko) Chrome/151.0.0.0 Mobile Safari/537.36"
109.252.59.38 - - [15/Aug/2026:02:14:25 +0300] "GET /wp-content/uploads/revslider/glavnaya-1/logo-22.35.49.png HTTP/1.1" 200 489662 "https://pr11.ru/gruzinskaya-76/coming-soon/?yclid=8335825530565689343" "Mozilla/5.0 (Linux; Android 10; K) AppleWebKit/537.36 (KHTML, like Gecko) Chrome/151.0.0.0 Mobile Safari/537.36"
109.252.59.38 - - [15/Aug/2026:02:14:25 +0300] "GET /wp-content/uploads/2023/08/kopiya-img_2024-scaled.jpg HTTP/1.1" 200 311290 "https://pr11.ru/gruzinskaya-76/coming-soon/?yclid=8335825530565689343" "Mozilla/5.0 (Linux; Android 10; K) AppleWebKit/537.36 (KHTML, like Gecko) Chrome/151.0.0.0 Mobile Safari/537.36"
87.250.224.131 - - [15/Aug/2026:02:14:26 +0300] "GET /?yclid=7710547526903176844 HTTP/1.1" 200 20304 "-" "Mozilla/5.0 (compatible; YandexMetrika/2.0; +http://yandex.com/bots yabs01)"
95.108.213.98 - - [15/Aug/2026:02:20:53 +0300] "GET /?yclid=7710547526903176844 HTTP/1.1" 200 20295 "-" "Mozilla/5.0 (compatible; YandexMetrika/2.0; +http://yandex.com/bots yabs01)"
87.250.224.93 - - [15/Aug/2026:02:21:44 +0300] "GET /?yclid=7710547526903176844 HTTP/1.1" 200 20304 "-" "Mozilla/5.0 (compatible; YandexMetrika/2.0; +http://yandex.com/bots yabs01)"
178.73.241.130 - - [15/Aug/2026:02:22:24 +0300] "GET / HTTP/1.1" 301 169 "-" "Mozilla/5.0 (Linux; Android 14; SM-S901B) AppleWebKit/537.36 (KHTML, like Gecko) Chrome/120.0.6099.280 Mobile Safari/537.36 OPR/80.4.4244.7786"
176.74.194.211 - - [15/Aug/2026:02:22:24 +0300] "GET / HTTP/1.1" 200 20298 "http://pr11.ru/" "Mozilla/5.0 (Linux; Android 14; SM-S901B) AppleWebKit/537.36 (KHTML, like Gecko) Chrome/120.0.6099.280 Mobile Safari/537.36 OPR/80.4.4244.7786"
93.158.91.43 - - [15/Aug/2026:02:22:24 +0300] "GET /gruzinskaya-76/kontakty/ HTTP/1.1" 200 21560 "-" "Mozilla/5.0 (Linux; Android 14; SM-S901B) AppleWebKit/537.36 (KHTML, like Gecko) Chrome/120.0.6099.280 Mobile Safari/537.36 OPR/80.4.4244.7786"
194.68.96.92 - - [15/Aug/2026:02:22:24 +0300] "GET /wp-admin/nav-menus.php HTTP/1.1" 302 5 "-" "Mozilla/5.0 (Linux; Android 14; SM-S901B) AppleWebKit/537.36 (KHTML, like Gecko) Chrome/120.0.6099.280 Mobile Safari/537.36 OPR/80.4.4244.7786"
194.71.102.182 - - [15/Aug/2026:02:22:30 +0300] "GET /wp-login.php?redirect_to=https%3A%2F%2Fpr11.ru%2Fwp-admin%2Fnav-menus.php&reauth=1 HTTP/1.1" 200 3811 "https://pr11.ru/wp-admin/nav-menus.php" "Mozilla/5.0 (Linux; Android 14; SM-S901B) AppleWebKit/537.36 (KHTML, like Gecko) Chrome/120.0.6099.280 Mobile Safari/537.36 OPR/80.4.4244.7786"
5.133.212.34 - - [15/Aug/2026:02:22:33 +0300] "GET /wp-login.php?action=lostpassword HTTP/1.1" 200 1724 "-" "Mozilla/5.0 (Linux; Android 14; SM-S901B) AppleWebKit/537.36 (KHTML, like Gecko) Chrome/120.0.6099.280 Mobile Safari/537.36 OPR/80.4.4244.7786"
109.252.43.34 - - [15/Aug/2026:02:22:35 +0300] "GET /gruzinskaya-76/coming-soon/?yclid=15790585153021280255 HTTP/1.1" 200 23582 "-" "ru.yandex.traffic/30.2.1/337327(iPhone 15 iOS; iOS 18.6.2; ru)"
109.252.43.34 - - [15/Aug/2026:02:22:35 +0300] "GET /gruzinskaya-76/coming-soon/?yclid=15790585153021280255 HTTP/1.1" 200 23582 "-" "ru.yandex.traffic/30.2.1/337327(iPhone 15 iOS; iOS 18.6.2; ru)"
107.150.61.58 - - [15/Aug/2026:02:25:18 +0300] "GET /wp-content/js8149d7/index.php HTTP/1.1" 404 47 "https://pr11.ru/wp-content/js8149d7/index.php" "Mozilla/5.0 (Windows NT 10.0; Win64; x64) AppleWebKit/537.36 (KHTML, like Gecko) Chrome/58.0.3029.110 Safari/537.3"
94.154.35.236 - - [15/Aug/2026:02:27:08 +0300] "HEAD /z.zip HTTP/1.1" 301 0 "-" "Mozilla/5.0 (Windows NT 10.0; Win64; x64) AppleWebKit/537.36 (KHTML, like Gecko) Chrome/101.0.4951.67 Safari/537.36"
94.154.35.236 - - [15/Aug/2026:02:27:09 +0300] "HEAD /z.zip HTTP/1.1" 404 0 "-" "Mozilla/5.0 (Windows NT 10.0; Win64; x64) AppleWebKit/537.36 (KHTML, like Gecko) Chrome/101.0.4951.67 Safari/537.36"
159.253.20.91 - - [15/Aug/2026:02:28:24 +0300] "GET / HTTP/1.1" 200 20303 "-" "Mozilla/5.0 (X11; Linux x86_64) AppleWebKit/537.36 (KHTML, like Gecko) Chrome/44.0.2403.157 Safari/537.36"
87.250.224.229 - - [15/Aug/2026:02:29:07 +0300] "GET /?yclid=7710547526903176844 HTTP/1.1" 200 20303 "-" "Mozilla/5.0 (compatible; YandexMetrika/2.0; +http://yandex.com/bots yabs01)"
213.180.203.63 - - [15/Aug/2026:02:29:22 +0300] "GET /?yclid=7710547526903176844 HTTP/1.1" 200 20295 "-" "Mozilla/5.0 (compatible; YandexMetrika/2.0; +http://yandex.com/bots yabs01)"
20.113.225.114 - - [15/Aug/2026:02:30:36 +0300] "GET / HTTP/1.1" 200 20299 "-" "Mozilla/5.0 AppleWebKit/537.36 (KHTML, like Gecko); compatible; ChatGPT-User/1.0; +https://openai.com/bot"
216.73.216.111 - - [15/Aug/2026:02:32:43 +0300] "GET /robots.txt HTTP/1.1" 200 116 "-" "Mozilla/5.0 AppleWebKit/537.36 (KHTML, like Gecko; compatible; ClaudeBot/1.0; +claudebot@anthropic.com)"
216.73.216.111 - - [15/Aug/2026:02:32:43 +0300] "GET /wp-sitemap.xml HTTP/1.1" 200 509 "-" "Mozilla/5.0 AppleWebKit/537.36 (KHTML, like Gecko; compatible; ClaudeBot/1.0; +claudebot@anthropic.com)"
107.150.61.58 - - [15/Aug/2026:02:33:56 +0300] "GET /wp-content/js8149d7/index.php HTTP/1.1" 404 47 "https://pr11.ru/wp-content/js8149d7/index.php" "Mozilla/5.0 (Windows NT 10.0; Win64; x64) AppleWebKit/537.36 (KHTML, like Gecko) Chrome/58.0.3029.110 Safari/537.3"
95.108.213.189 - - [15/Aug/2026:02:36:13 +0300] "GET /?yclid=7710547526903176844 HTTP/1.1" 200 20295 "-" "Mozilla/5.0 (compatible; YandexMetrika/2.0; +http://yandex.com/bots yabs01)"
66.249.72.8 - - [15/Aug/2026:02:36:28 +0300] "GET /style/instrument/fjc0xp0bdugqzqx.phtml HTTP/1.1" 301 5 "-" "Mozilla/5.0 (Linux; Android 6.0.1; Nexus 5X Build/MMB29P) AppleWebKit/537.36 (KHTML, like Gecko) Chrome/150.0.7871.186 Mobile Safari/537.36 (compatible; Googlebot/2.1; +http://www.google.com/bot.html)"
66.249.69.173 - - [15/Aug/2026:02:36:29 +0300] "GET /robots.txt HTTP/1.1" 200 116 "-" "Mozilla/5.0 (compatible; Googlebot/2.1; +http://www.google.com/bot.html)"
66.249.69.173 - - [15/Aug/2026:02:36:29 +0300] "GET /style/instrument/fjc0xp0bdugqzqx.phtml HTTP/1.1" 404 12444 "-" "Mozilla/5.0 (Linux; Android 6.0.1; Nexus 5X Build/MMB29P) AppleWebKit/537.36 (KHTML, like Gecko) Chrome/150.0.7871.186 Mobile Safari/537.36 (compatible; Googlebot/2.1; +http://www.google.com/bot.html)"
87.250.224.231 - - [15/Aug/2026:02:37:46 +0300] "GET /?yclid=7710547526903176844 HTTP/1.1" 200 20300 "-" "Mozilla/5.0 (compatible; YandexMetrika/2.0; +http://yandex.com/bots yabs01)"
159.253.20.91 - - [15/Aug/2026:02:42:38 +0300] "GET / HTTP/1.1" 200 20303 "-" "Mozilla/5.0 (X11; Linux x86_64) AppleWebKit/537.36 (KHTML, like Gecko) Chrome/44.0.2403.157 Safari/537.36"
95.108.213.198 - - [15/Aug/2026:02:43:31 +0300] "GET /?yclid=7710547526903176844 HTTP/1.1" 200 20295 "-" "Mozilla/5.0 (compatible; YandexMetrika/2.0; +http://yandex.com/bots yabs01)"
2a03:f480:2:7::5c - - [15/Aug/2026:02:47:27 +0300] "POST /wp-cron.php?doing_wp_cron=1786751247.0680410861968994140625 HTTP/1.1" 200 31 "-" "WordPress/7.0.2; https://pr11.ru"
95.108.213.80 - - [15/Aug/2026:02:47:27 +0300] "GET /?yclid=7710547526903176844 HTTP/1.1" 200 20295 "-" "Mozilla/5.0 (compatible; YandexMetrika/2.0; +http://yandex.com/bots yabs01)"
66.249.69.173 - - [15/Aug/2026:02:47:33 +0300] "GET /robots.txt HTTP/1.1" 200 116 "-" "Mozilla/5.0 (compatible; Googlebot/2.1; +http://www.google.com/bot.html)"
66.249.69.174 - - [15/Aug/2026:02:47:34 +0300] "GET /ammika.php?u=24330101976 HTTP/1.1" 404 47 "-" "Mozilla/5.0 (Linux; Android 6.0.1; Nexus 5X Build/MMB29P) AppleWebKit/537.36 (KHTML, like Gecko) Chrome/150.0.7871.186 Mobile Safari/537.36 (compatible; Googlebot/2.1; +http://www.google.com/bot.html)"
66.249.69.174 - - [15/Aug/2026:02:48:36 +0300] "GET /saiga.php?m=90128132396 HTTP/1.1" 404 47 "-" "Mozilla/5.0 (Linux; Android 6.0.1; Nexus 5X Build/MMB29P) AppleWebKit/537.36 (KHTML, like Gecko) Chrome/150.0.7871.186 Mobile Safari/537.36 (compatible; Googlebot/2.1; +http://www.google.com/bot.html)"
66.249.69.173 - - [15/Aug/2026:02:48:57 +0300] "GET /saiga.php?u=5638893428 HTTP/1.1" 404 47 "-" "Mozilla/5.0 (Linux; Android 6.0.1; Nexus 5X Build/MMB29P) AppleWebKit/537.36 (KHTML, like Gecko) Chrome/150.0.7871.186 Mobile Safari/537.36 (compatible; Googlebot/2.1; +http://www.google.com/bot.html)"
95.108.213.200 - - [15/Aug/2026:02:50:52 +0300] "GET /?yclid=7710547526903176844 HTTP/1.1" 200 20295 "-" "Mozilla/5.0 (compatible; YandexMetrika/2.0; +http://yandex.com/bots yabs01)"
94.154.35.236 - - [15/Aug/2026:02:53:12 +0300] "HEAD /zz.zip HTTP/1.1" 301 0 "-" "Mozilla/5.0 (Windows NT 10.0; Win64; x64) AppleWebKit/537.36 (KHTML, like Gecko) Chrome/101.0.4951.67 Safari/537.36"
94.154.35.236 - - [15/Aug/2026:02:53:12 +0300] "HEAD /zz.zip HTTP/1.1" 404 0 "-" "Mozilla/5.0 (Windows NT 10.0; Win64; x64) AppleWebKit/537.36 (KHTML, like Gecko) Chrome/101.0.4951.67 Safari/537.36"
159.253.20.91 - - [15/Aug/2026:02:56:26 +0300] "GET / HTTP/1.1" 200 20303 "-" "Mozilla/5.0 (X11; Linux x86_64) AppleWebKit/537.36 (KHTML, like Gecko) Chrome/44.0.2403.157 Safari/537.36"
213.180.203.36 - - [15/Aug/2026:02:57:10 +0300] "GET /?yclid=7710547526903176844 HTTP/1.1" 200 20298 "-" "Mozilla/5.0 (compatible; YandexMetrika/2.0; +http://yandex.com/bots yabs01)"
213.180.203.251 - - [15/Aug/2026:02:58:07 +0300] "GET /?yclid=7710547526903176844 HTTP/1.1" 200 20298 "-" "Mozilla/5.0 (compatible; YandexMetrika/2.0; +http://yandex.com/bots yabs01)"
159.253.20.91 - - [15/Aug/2026:03:00:25 +0300] "GET / HTTP/1.1" 200 20303 "-" "Mozilla/5.0 (X11; Linux x86_64) AppleWebKit/537.36 (KHTML, like Gecko) Chrome/44.0.2403.157 Safari/537.36"
66.249.72.3 - - [15/Aug/2026:03:05:08 +0300] "GET /sector/example/frwt5lkblmca3yt.phtml HTTP/1.1" 301 5 "-" "Mozilla/5.0 (Linux; Android 6.0.1; Nexus 5X Build/MMB29P) AppleWebKit/537.36 (KHTML, like Gecko) Chrome/150.0.7871.186 Mobile Safari/537.36 (compatible; Googlebot/2.1; +http://www.google.com/bot.html)"
66.249.69.173 - - [15/Aug/2026:03:05:09 +0300] "GET /sector/example/frwt5lkblmca3yt.phtml HTTP/1.1" 404 12444 "-" "Mozilla/5.0 (Linux; Android 6.0.1; Nexus 5X Build/MMB29P) AppleWebKit/537.36 (KHTML, like Gecko) Chrome/150.0.7871.186 Mobile Safari/537.36 (compatible; Googlebot/2.1; +http://www.google.com/bot.html)"
66.249.69.173 - - [15/Aug/2026:03:05:10 +0300] "GET /saiga.php?m=9012833116 HTTP/1.1" 404 47 "-" "Mozilla/5.0 (Linux; Android 6.0.1; Nexus 5X Build/MMB29P) AppleWebKit/537.36 (KHTML, like Gecko) Chrome/150.0.7871.186 Mobile Safari/537.36 (compatible; Googlebot/2.1; +http://www.google.com/bot.html)"
95.108.213.200 - - [15/Aug/2026:03:05:38 +0300] "GET /?yclid=7710547526903176844 HTTP/1.1" 200 20295 "-" "Mozilla/5.0 (compatible; YandexMetrika/2.0; +http://yandex.com/bots yabs01)"
213.180.203.89 - - [15/Aug/2026:03:05:39 +0300] "GET /?yclid=7710547526903176844 HTTP/1.1" 200 20317 "-" "Mozilla/5.0 (compatible; YandexMetrika/2.0; +http://yandex.com/bots yabs01)"
95.108.213.139 - - [15/Aug/2026:03:07:06 +0300] "GET /?yclid=7710547526903176844 HTTP/1.1" 200 20297 "-" "Mozilla/5.0 (compatible; YandexMetrika/2.0; +http://yandex.com/bots yabs01)"
95.108.213.107 - - [15/Aug/2026:03:13:59 +0300] "GET /?yclid=7710547526903176844 HTTP/1.1" 200 20295 "-" "Mozilla/5.0 (compatible; YandexMetrika/2.0; +http://yandex.com/bots yabs01)"
159.253.20.91 - - [15/Aug/2026:03:14:24 +0300] "GET / HTTP/1.1" 200 20303 "-" "Mozilla/5.0 (X11; Linux x86_64) AppleWebKit/537.36 (KHTML, like Gecko) Chrome/44.0.2403.157 Safari/537.36"
5.255.231.125 - - [15/Aug/2026:03:14:25 +0300] "GET /?yclid=7710547526903176844 HTTP/1.1" 200 20298 "-" "Mozilla/5.0 (compatible; YandexMetrika/2.0; +http://yandex.com/bots yabs01)"
94.154.35.236 - - [15/Aug/2026:03:19:06 +0300] "HEAD /zzz.zip HTTP/1.1" 301 0 "-" "Mozilla/5.0 (Windows NT 10.0; Win64; x64) AppleWebKit/537.36 (KHTML, like Gecko) Chrome/101.0.4951.67 Safari/537.36"
94.154.35.236 - - [15/Aug/2026:03:19:07 +0300] "HEAD /zzz.zip HTTP/1.1" 404 0 "-" "Mozilla/5.0 (Windows NT 10.0; Win64; x64) AppleWebKit/537.36 (KHTML, like Gecko) Chrome/101.0.4951.67 Safari/537.36"
66.249.72.1 - - [15/Aug/2026:03:19:36 +0300] "GET /caste/supply/ftxsialby81b6bi.phtml HTTP/1.1" 301 5 "-" "Mozilla/5.0 (Linux; Android 6.0.1; Nexus 5X Build/MMB29P) AppleWebKit/537.36 (KHTML, like Gecko) Chrome/150.0.7871.186 Mobile Safari/537.36 (compatible; Googlebot/2.1; +http://www.google.com/bot.html)"
66.249.69.160 - - [15/Aug/2026:03:19:37 +0300] "GET /caste/supply/ftxsialby81b6bi.phtml HTTP/1.1" 404 12443 "-" "Mozilla/5.0 (Linux; Android 6.0.1; Nexus 5X Build/MMB29P) AppleWebKit/537.36 (KHTML, like Gecko) Chrome/150.0.7871.186 Mobile Safari/537.36 (compatible; Googlebot/2.1; +http://www.google.com/bot.html)"
